000
CXUS53 KDDC 021623
CF6GCK
PRELIMINARY LOCAL CLIMATOLOGICAL DATA (WS FORM: F-6)
STATION: GARDEN CITY REGIONAL ARPT KS
MONTH: JULY
YEAR: 2021
LATITUDE: 37 55 N
LONGITUDE: 100 43 W
TEMPERATURE IN F: :PCPN: SNOW: WIND :SUNSHINE: SKY :PK WND
================================================================================
1 2 3 4 5 6A 6B 7 8 9 10 11 12 13 14 15 16 17 18
12Z AVG MX 2MIN
DY MAX MIN AVG DEP HDD CDD WTR SNW DPTH SPD SPD DIR MIN PSBL S-S WX SPD DR
================================================================================
1 79 64 72 -5 0 7 T M M 10.5 21 70 M M 7 1 28 90
2 81 60 71 -6 0 6 T M M 6.9 23 120 M M 5 1 30 130
3 86 62 74 -4 0 9 0.00 M M 12.5 21 150 M M 3 1 28 150
4 89 67 78 0 0 13 0.00 M M 13.1 36 110 M M 5 138 49 90
5 89 67 78 0 0 13 0.00 M M 9.3 17 150 M M 3 1 29 150
6 89 64 77 -1 0 12 T M M 10.1 29 30 M M 3 1 40 20
7 83 60 72 -6 0 7 0.00 M M 6.7 14 20 M M 4 1 18 30
8 92 59 76 -2 0 11 0.00 M M 11.2 23 180 M M 0 34 190
9 99 68 84 6 0 19 T M M 15.0 35 320 M M 0 3 51 310
10 89 65 77 -1 0 12 T M M 14.3 35 10 M M 1 3 44 80
11 83 57 70 -8 0 5 0.00 M M 11.9 23 20 M M 0 31 20
12 89 55 72 -6 0 7 0.00 M M 6.7 16 150 M M 0 32 170
13 97 64 81 3 0 16 0.00 M M 13.5 25 180 M M 0 42 150
14 95 68 82 3 0 17 0.46 M M 18.7 39 230 M M 2 138 59 230
15 84 64 74 -5 0 9 T M M 5.7 21 140 M M 4 1 28 150
16 91 66 79 0 0 14 0.00 M M 8.0 14 130 M M 2 12 20 130
17 89 67 78 -1 0 13 T M M 8.0 22 340 M M 3 3 29 310
18 90 67 79 0 0 14 0.00 M M 9.2 41 60 M M 1 55 50
19 88 60 74 -5 0 9 0.00 M M 6.0 15 100 M M 3 12 21 100
20 85 61 73 -6 0 8 0.00 M M 6.9 15 120 M M 2 24 150
21 86 60 73 -6 0 8 0.00 M M 12.8 22 140 M M 1 1 33 200
22 92 62 77 -2 0 12 0.00 M M 14.7 25 200 M M 0 1 37 180
23 95 64 80 1 0 15 0.00 M M 12.6 25 190 M M 0 33 180
24 97 66 82 3 0 17 0.00 M M 5.8 15 180 M M 0 20 180
25 90 67 79 0 0 14 0.06 M M 12.1 32 270 M M 2 3 45 260
26 91 66 79 0 0 14 T M M 6.7 18 130 M M 4 25 120
27 95 66 81 2 0 16 0.00 M M 10.4 20 130 M M 0 28 220
28 98 71 85 6 0 20 0.00 M M 12.2 22 180 M M 0 31 160
29 97 68 83 5 0 18 0.00 M M 8.7 20 180 M M 1 26 200
30 98 67 83 5 0 18 0.00 M M 9.8 21 180 M M 0 29 220
31 96 67 82 4 0 17 0.00 M M 13.6 28 50 M M 2 8 39 20
================================================================================
SM 2802 1989 0 390 0.52 M 323.6 M 58
================================================================================
AV 90.4 64.2 10.4 FASTST M M 2 MAX(MPH)
MISC ----> 41 60 59 230
================================================================================
NOTES:
# LAST OF SEVERAL OCCURRENCES
COLUMN 17 PEAK WIND IN M.P.H.
PRELIMINARY LOCAL CLIMATOLOGICAL DATA (WS FORM: F-6) , PAGE 2
STATION: GARDEN CITY REGIONAL ARPT KS
MONTH: JULY
YEAR: 2021
LATITUDE: 37 55 N
LONGITUDE: 100 43 W
[TEMPERATURE DATA] [PRECIPITATION DATA] SYMBOLS USED IN COLUMN 16
AVERAGE MONTHLY: 77.3 TOTAL FOR MONTH: 0.52 1 = FOG OR MIST
DPTR FM NORMAL: -1.1 DPTR FM NORMAL: -2.91 2 = FOG REDUCING VISIBILITY
HIGHEST: 99 ON 9 GRTST 24HR 0.46 ON 14-14 TO 1/4 MILE OR LESS
LOWEST: 55 ON 12 3 = THUNDER
4 = ICE PELLETS
5 = HAIL
6 = FREEZING RAIN OR DRIZZLE
7 = DUSTSTORM OR SANDSTORM:
VSBY 1/2 MILE OR LESS
8 = SMOKE OR HAZE
[NO. OF DAYS WITH] [WEATHER - DAYS WITH] 9 = BLOWING SNOW
X = TORNADO
MAX 32 OR BELOW: 0 0.01 INCH OR MORE: 2
MAX 90 OR ABOVE: 16 0.10 INCH OR MORE: 1
MIN 32 OR BELOW: 0 0.50 INCH OR MORE: 0
MIN 0 OR BELOW: 0 1.00 INCH OR MORE: 0
[HDD (BASE 65) ]
TOTAL THIS MO. 0 CLEAR (SCALE 0-3) 25
DPTR FM NORMAL -1 PTCLDY (SCALE 4-7) 6
TOTAL FM JUL 1 0 CLOUDY (SCALE 8-10) 0
DPTR FM NORMAL -1
[CDD (BASE 65) ]
TOTAL THIS MO. 390
DPTR FM NORMAL -25 [PRESSURE DATA]
TOTAL FM JAN 1 751 HIGHEST SLP 30.17 ON 19
DPTR FM NORMAL -36 LOWEST SLP 29.71 ON 10
[REMARKS]
#FINAL-07-21#