000
CXUS53 KDDC 011558
CF6GCK
PRELIMINARY LOCAL CLIMATOLOGICAL DATA (WS FORM: F-6)
STATION: GARDEN CITY REGIONAL ARPT KS
MONTH: SEPTEMBER
YEAR: 2020
LATITUDE: 37 55 N
LONGITUDE: 100 43 W
TEMPERATURE IN F: :PCPN: SNOW: WIND :SUNSHINE: SKY :PK WND
================================================================================
1 2 3 4 5 6A 6B 7 8 9 10 11 12 13 14 15 16 17 18
12Z AVG MX 2MIN
DY MAX MIN AVG DEP HDD CDD WTR SNW DPTH SPD SPD DIR MIN PSBL S-S WX SPD DR
================================================================================
1 78 61 70 -4 0 5 T M M 9.2 16 70 M M 5 1 20 80
2 87 59 73 -1 0 8 0.00 M M 5.6 13 180 M M 0 1 18 170
3 80 58 69 -4 0 4 0.00 M M 13.8 38 20 M M 0 51 20
4 89 52 71 -2 0 6 0.00 M M 6.6 13 180 M M 0 18 150
5 93 61 77 5 0 12 0.00 M M 11.1 22 190 M M 0 32 190
6 96 67 82 10 0 17 0.00 M M 12.5 22 230 M M 0 30 230
7 93 60 77 5 0 12 0.00 M M 12.8 35 50 M M 0 47 50
8 61 37 49 -22 16 0 0.24 M M 26.8 38 30 M M 8 13 48 30
9 42 36 39 -32 26 0 0.61 M M 19.2 31 20 M M 10 1 40 30
10 54 41 48 -23 17 0 0.15 M M 8.7 18 30 M M 10 1 23 40
11 70 49 60 -10 5 0 0.00 M M 6.9 15 200 M M 5 1 22 180
12 82 49 66 -4 0 1 0.00 M M 8.4 18 330 M M 0 1 23 320
13 83 45 64 -5 1 0 0.00 M M 4.1 10 110 M M 0 18 14 150
14 80 51 66 -3 0 1 0.00 M M 5.2 13 140 M M 0 18 25 120
15 81 51 66 -2 0 1 0.00 M M 7.9 15 190 M M 0 1 19 180
16 83 51 67 -1 0 2 0.00 M M 8.0 17 50 M M 0 18 24 360
17 80 49 65 -3 0 0 0.00 M M 5.4 14 50 M M 0 18 20 40
18 80 51 66 -1 0 1 0.00 M M 10.5 20 180 M M 0 1 29 190
19 82 49 66 -1 0 1 0.00 M M 14.5 29 180 M M 0 8 40 180
20 86 55 71 5 0 6 0.00 M M 17.6 29 190 M M 0 18 39 180
21 82 50 66 0 0 1 0.00 M M 12.3 22 180 M M 0 29 180
22 82 49 66 1 0 1 0.00 M M 10.0 17 140 M M 0 1 28 150
23 82 57 70 5 0 5 0.00 M M 8.1 17 200 M M 4 1 24 170
24 93 50 72 8 0 7 0.00 M M 7.0 15 280 M M 0 22 300
25 98 53 76 12 0 11 0.00 M M 9.2 20 210 M M 0 27 210
26 93 53 73 9 0 8 0.00 M M 5.8 15 10 M M 0 18 20
27 71 55 63 0 2 0 0.00 M M 21.2 35 40 M M 5 45 10
28 67 38 53 -10 12 0 0.00 M M 15.6 29 360 M M 0 8 40 330
29 82 33 58 -4 7 0 0.00 M M 9.3 18 300 M M 0 24 290
30 80 46 63 1 2 0 0.00 M M 12.2 24 30 M M 0 34 40
================================================================================
SM 2410 1516 88 110 1.00 M 325.5 M 47
================================================================================
AV 80.3 50.5 10.9 FASTST M M 2 MAX(MPH)
MISC ----> # 38 20 51 20
================================================================================
NOTES:
# LAST OF SEVERAL OCCURRENCES
COLUMN 17 PEAK WIND IN M.P.H.
PRELIMINARY LOCAL CLIMATOLOGICAL DATA (WS FORM: F-6) , PAGE 2
STATION: GARDEN CITY REGIONAL ARPT KS
MONTH: SEPTEMBER
YEAR: 2020
LATITUDE: 37 55 N
LONGITUDE: 100 43 W
[TEMPERATURE DATA] [PRECIPITATION DATA] SYMBOLS USED IN COLUMN 16
AVERAGE MONTHLY: 65.4 TOTAL FOR MONTH: 1.00 1 = FOG OR MIST
DPTR FM NORMAL: -2.8 DPTR FM NORMAL: -0.47 2 = FOG REDUCING VISIBILITY
HIGHEST: 98 ON 25 GRTST 24HR 0.84 ON 8- 9 TO 1/4 MILE OR LESS
LOWEST: 33 ON 29 3 = THUNDER
4 = ICE PELLETS
5 = HAIL
6 = FREEZING RAIN OR DRIZZLE
7 = DUSTSTORM OR SANDSTORM:
VSBY 1/2 MILE OR LESS
8 = SMOKE OR HAZE
[NO. OF DAYS WITH] [WEATHER - DAYS WITH] 9 = BLOWING SNOW
X = TORNADO
MAX 32 OR BELOW: 0 0.01 INCH OR MORE: 3
MAX 90 OR ABOVE: 6 0.10 INCH OR MORE: 3
MIN 32 OR BELOW: 0 0.50 INCH OR MORE: 1
MIN 0 OR BELOW: 0 1.00 INCH OR MORE: 0
[HDD (BASE 65) ]
TOTAL THIS MO. 88 CLEAR (SCALE 0-3) 23
DPTR FM NORMAL 20 PTCLDY (SCALE 4-7) 5
TOTAL FM JUL 1 88 CLOUDY (SCALE 8-10) 2
DPTR FM NORMAL 16
[CDD (BASE 65) ]
TOTAL THIS MO. 110
DPTR FM NORMAL -52 [PRESSURE DATA]
TOTAL FM JAN 1 1321 HIGHEST SLP 30.44 ON 10
DPTR FM NORMAL 43 LOWEST SLP 29.53 ON 7
[REMARKS]
#FINAL-09-20#