000
CXUS56 KFGZ 010900
CF6GCN
PRELIMINARY LOCAL CLIMATOLOGICAL DATA (WS FORM: F-6)
STATION: GRAND CANYON AZ AIRPORT
MONTH: SEPTEMBER
YEAR: 2020
LATITUDE: 35 57 N
LONGITUDE: 112 9 W
TEMPERATURE IN F: :PCPN: SNOW: WIND :SUNSHINE: SKY :PK WND
================================================================================
1 2 3 4 5 6A 6B 7 8 9 10 11 12 13 14 15 16 17 18
12Z AVG MX 2MIN
DY MAX MIN AVG DEP HDD CDD WTR SNW DPTH SPD SPD DIR MIN PSBL S-S WX SPD DR
================================================================================
1 82 41 62 0 3 0 0.00 M M 5.9 17 290 M M 1 25 310
2 86 36 61 0 4 0 0.00 M M 2.6 16 220 M M 0 24 210
3 92 35 64 3 1 0 0.00 M M 3.9 16 50 M M 0 21 40
4 94 39 67 6 0 2 0.00 M M 4.2 15 40 M M 0 20 30
5 94 43 69 8 0 4 0.00 M M 4.4 16 230 M M 0 23 260
6 95 41 68 8 0 3 0.00 M M 3.6 14 30 M M 0 23 30
7 93 47 70 10 0 5 0.00 M M 3.6 16 240 M M 1 8 23 240
8 63 36 50 -10 15 0 0.00 M M 9.9 22 270 M M 2 8 34 280
9 57 30 44 -16 21 0 0.00 M M 8.1 20 50 M M 2 25 50
10 68 26 47 -12 18 0 0.00 M M 4.3 16 70 M M 0 8 21 40
11 72 29 51 -8 14 0 0.00 M M 3.7 12 360 M M 0 16 330
12 79 31 55 -4 10 0 0.00 M M 5.1 17 40 M M 0 8 23 40
13 81 33 57 -1 8 0 0.00 M M 7.2 20 40 M M 0 28 70
14 81 37 59 1 6 0 0.00 M M 5.8 21 50 M M 0 26 110
15 83 36 60 2 5 0 0.00 M M 2.4 14 10 M M 0 18 30
16 84 36 60 3 5 0 0.00 M M 3.9 18 40 M M 0 26 20
17 86 36 61 4 4 0 0.00 M M 4.6 17 220 M M 0 26 220
18 84 37 61 4 4 0 0.00 M M 4.5 22 210 M M 0 8 28 180
19 82 42 62 6 3 0 0.00 M M 7.9 25 210 M M 3 8 37 200
20 82 39 61 5 4 0 0.00 M M 4.3 20 220 M M 2 28 210
21 82 39 61 5 4 0 T M M 3.5 28 210 M M 3 36 210
22 78 45 62 7 3 0 T M M 5.1 23 220 M M 4 34 230
23 81 38 60 5 5 0 0.00 M M 2.9 15 250 M M 0 23 240
24 86 37 62 7 3 0 0.00 M M 4.6 16 220 M M 0 25 240
25 83 34 59 5 6 0 0.00 M M 7.9 25 220 M M 0 33 220
26 84 33 59 5 6 0 0.00 M M 8.0 23 220 M M 0 31 220
27 81 33 57 3 8 0 0.00 M M 3.7 9 310 M M 0 20 290
28 73 34 54 1 11 0 0.00 M M 10.7 23 40 M M 0 30 50
29 80 37 59 6 6 0 0.00 M M 6.9 15 70 M M 0 22 50
30 82 31 57 4 8 0 0.00 M M 5.5 17 50 M M 0 24 60
================================================================================
SM 2448 1091 185 14 T M 158.7 M 18
================================================================================
AV 81.6 36.4 5.3 FASTST M M 1 MAX(MPH)
MISC ----> # 28 210 # 37 200
================================================================================
NOTES:
# LAST OF SEVERAL OCCURRENCES
COLUMN 17 PEAK WIND IN M.P.H.
PRELIMINARY LOCAL CLIMATOLOGICAL DATA (WS FORM: F-6) , PAGE 2
STATION: GRAND CANYON AZ AIRPORT
MONTH: SEPTEMBER
YEAR: 2020
LATITUDE: 35 57 N
LONGITUDE: 112 9 W
[TEMPERATURE DATA] [PRECIPITATION DATA] SYMBOLS USED IN COLUMN 16
AVERAGE MONTHLY: 59.0 TOTAL FOR MONTH: T 1 = FOG OR MIST
DPTR FM NORMAL: 1.6 DPTR FM NORMAL: -1.58 2 = FOG REDUCING VISIBILITY
HIGHEST: 95 ON 6 GRTST 24HR T ON 22-22 TO 1/4 MILE OR LESS
LOWEST: 26 ON 10 3 = THUNDER
SNOW, ICE PELLETS, HAIL 4 = ICE PELLETS
TOTAL MONTH: M 5 = HAIL
GRTST 24HR M ON M 6 = FREEZING RAIN OR DRIZZLE
GRTST DEPTH: M ON M 7 = DUSTSTORM OR SANDSTORM:
VSBY 1/2 MILE OR LESS
8 = SMOKE OR HAZE
[NO. OF DAYS WITH] [WEATHER - DAYS WITH] 9 = BLOWING SNOW
X = TORNADO
MAX 32 OR BELOW: 0 0.01 INCH OR MORE: 0
MAX 90 OR ABOVE: 5 0.10 INCH OR MORE: 0
MIN 32 OR BELOW: 5 0.50 INCH OR MORE: 0
MIN 0 OR BELOW: 0 1.00 INCH OR MORE: 0
[HDD (BASE 65) ]
TOTAL THIS MO. 185 CLEAR (SCALE 0-3) 29
DPTR FM NORMAL -47 PTCLDY (SCALE 4-7) 1
TOTAL FM JUL 1 214 CLOUDY (SCALE 8-10) 0
DPTR FM NORMAL -105
[CDD (BASE 65) ]
TOTAL THIS MO. 14
DPTR FM NORMAL 14 [PRESSURE DATA]
TOTAL FM JAN 1 227 HIGHEST SLP M ON M
DPTR FM NORMAL 139 LOWEST SLP 29.50 ON 8
[REMARKS]
#FINAL-09-20#