000
CXUS56 KFGZ 010900
CF6GCN
PRELIMINARY LOCAL CLIMATOLOGICAL DATA (WS FORM: F-6)
STATION: GRAND CANYON AZ AIRPORT
MONTH: AUGUST
YEAR: 2020
LATITUDE: 35 57 N
LONGITUDE: 112 9 W
TEMPERATURE IN F: :PCPN: SNOW: WIND :SUNSHINE: SKY :PK WND
================================================================================
1 2 3 4 5 6A 6B 7 8 9 10 11 12 13 14 15 16 17 18
12Z AVG MX 2MIN
DY MAX MIN AVG DEP HDD CDD WTR SNW DPTH SPD SPD DIR MIN PSBL S-S WX SPD DR
================================================================================
1 95 50 73 7 0 8 0.00 M M 6.5 25 210 M M 0 35 220
2 92 48 70 4 0 5 0.00 M M 7.3 22 220 M M 0 8 30 220
3 91 46 69 3 0 4 0.00 M M 6.8 26 210 M M 0 38 220
4 89 41 65 -1 0 0 0.00 M M 7.2 21 210 M M 0 8 30 220
5 87 45 66 0 0 1 0.00 M M 8.5 26 220 M M 0 8 35 210
6 86 38 62 -4 3 0 0.00 M M 9.2 31 210 M M 0 43 200
7 86 36 61 -5 4 0 0.00 M M 7.9 32 210 M M 0 38 210
8 88 39 64 -2 1 0 0.00 M M 6.1 22 220 M M 1 30 200
9 88 39 64 -2 1 0 0.00 M M 6.2 24 220 M M 0 35 230
10 88 39 64 -2 1 0 0.00 M M 7.3 25 200 M M 0 35 210
11 88 41 65 0 0 0 0.02 M 0 6.1 24 240 M M 2 35 260
12 89 41 65 0 0 0 0.00 0.0 0 6.2 21 220 M M 0 8 33 210
13 90 46 68 3 0 3 0.00 0.0 0 2.2 17 220 M M 0 27 280
14 92 47 70 5 0 5 0.00 M M 3.8 16 250 M M 0 23 290
15 96 47 72 7 0 7 0.00 M M 4.6 18 40 M M 0 24 40
16 96 46 71 6 0 6 0.00 M M 5.8 20 30 M M 0 27 50
17 95 44 70 5 0 5 0.00 M M 5.7 18 50 M M 0 23 50
18 95 48 72 8 0 7 0.00 M M 3.8 18 60 M M 0 24 50
19 96 48 72 8 0 7 0.00 M M 3.7 22 220 M M 0 8 27 220
20 94 49 72 8 0 7 0.00 M M 5.1 17 240 M M 1 25 240
21 93 49 71 7 0 6 0.00 M M 5.1 22 210 M M 0 3 28 220
22 91 56 74 10 0 9 0.10 M M 6.0 25 230 M M 1 3 34 160
23 88 59 74 11 0 9 0.00 M M 4.8 21 230 M M 2 3 25 220
24 90 51 71 8 0 6 T M M 4.4 25 210 M M 2 3 32 160
25 90 51 71 8 0 6 T M M 5.4 23 210 M M 2 3 31 200
26 92 50 71 8 0 6 0.00 M M 3.6 24 230 M M 1 3 29 230
27 91 48 70 7 0 5 T M M 4.7 22 210 M M 2 3 31 220
28 84 51 68 6 0 3 T M M 2.2 23 200 M M 4 36 210
29 84 48 66 4 0 1 0.14 M M 5.2 33 220 M M 4 3 40 220
30 83 47 65 3 0 0 0.00 M M 7.3 18 220 M M 2 1 30 220
31 82 46 64 2 1 0 0.00 M M 6.7 22 230 M M 0 30 220
================================================================================
SM 2789 1434 11 116 0.26 0.0 175.4 M 24
================================================================================
AV 90.0 46.3 5.7 FASTST M M 1 MAX(MPH)
MISC ----> # 33 220 # 43 200
================================================================================
NOTES:
# LAST OF SEVERAL OCCURRENCES
COLUMN 17 PEAK WIND IN M.P.H.
PRELIMINARY LOCAL CLIMATOLOGICAL DATA (WS FORM: F-6) , PAGE 2
STATION: GRAND CANYON AZ AIRPORT
MONTH: AUGUST
YEAR: 2020
LATITUDE: 35 57 N
LONGITUDE: 112 9 W
[TEMPERATURE DATA] [PRECIPITATION DATA] SYMBOLS USED IN COLUMN 16
AVERAGE MONTHLY: 68.1 TOTAL FOR MONTH: 0.26 1 = FOG OR MIST
DPTR FM NORMAL: 3.6 DPTR FM NORMAL: -2.11 2 = FOG REDUCING VISIBILITY
HIGHEST: 96 ON 19,16 GRTST 24HR 0.14 ON 29-29 TO 1/4 MILE OR LESS
LOWEST: 36 ON 7 3 = THUNDER
SNOW, ICE PELLETS, HAIL 4 = ICE PELLETS
TOTAL MONTH: 0.0 INCH 5 = HAIL
GRTST 24HR 0.0 6 = FREEZING RAIN OR DRIZZLE
GRTST DEPTH: 0 7 = DUSTSTORM OR SANDSTORM:
VSBY 1/2 MILE OR LESS
8 = SMOKE OR HAZE
[NO. OF DAYS WITH] [WEATHER - DAYS WITH] 9 = BLOWING SNOW
X = TORNADO
MAX 32 OR BELOW: 0 0.01 INCH OR MORE: 3
MAX 90 OR ABOVE: 17 0.10 INCH OR MORE: 2
MIN 32 OR BELOW: 0 0.50 INCH OR MORE: 0
MIN 0 OR BELOW: 0 1.00 INCH OR MORE: 0
[HDD (BASE 65) ]
TOTAL THIS MO. 11 CLEAR (SCALE 0-3) 29
DPTR FM NORMAL -40 PTCLDY (SCALE 4-7) 2
TOTAL FM JUL 1 29 CLOUDY (SCALE 8-10) 0
DPTR FM NORMAL -58
[CDD (BASE 65) ]
TOTAL THIS MO. 116
DPTR FM NORMAL 82 [PRESSURE DATA]
TOTAL FM JAN 1 213 HIGHEST SLP M ON M
DPTR FM NORMAL 125 LOWEST SLP 29.77 ON 31
[REMARKS]
#FINAL-08-20#