000
CXUS54 KMAF 011457
CF6GDP
PRELIMINARY LOCAL CLIMATOLOGICAL DATA (WS FORM: F-6)
STATION: GUADALUPE PASS
MONTH: AUGUST
YEAR: 2021
LATITUDE: 31 49 N
LONGITUDE: 104 48 W
TEMPERATURE IN F: :PCPN: SNOW: WIND :SUNSHINE: SKY :PK WND
================================================================================
1 2 3 4 5 6A 6B 7 8 9 10 11 12 13 14 15 16 17 18
12Z AVG MX 2MIN
DY MAX MIN AVG DEP HDD CDD WTR SNW DPTH SPD SPD DIR MIN PSBL S-S WX SPD DR
================================================================================
1 78 60 69 -8 0 4 1.00 M M 14.8 36 80 M M 8 12 39 80
2 73 60 67 -10 0 2 0.05 M M 17.5 30 70 M M 7 128 33 60
3 76 61 69 -8 0 4 0.00 M M 12.2 21 40 M M 1 18 23 40
4 79 60 70 -7 0 5 0.00 M M 16.6 26 40 M M 1 8 29 70
5 80 66 73 -4 0 8 0.00 M M 13.6 26 40 M M 0 8 28 40
6 86 66 76 -1 0 11 0.00 M M 8.8 20 70 M M 0 26 70
7 93 68 81 4 0 16 0.00 M M 12.2 25 40 M M 0 28 40
8 93 70 82 5 0 17 0.00 M M 12.5 23 250 M M 0 26 250
9 94 69 82 5 0 17 T M M 16.0 30 40 M M 2 36 200
10 90 64 77 0 0 12 T M M 16.0 40 260 M M 1 46 260
11 84 61 73 -4 0 8 0.70 M M 19.8 36 230 M M 6 128 42 240
12 79 62 71 -6 0 6 0.52 M M 15.3 28 230 M M 7 12 33 240
13 74 61 68 -9 0 3 2.58 0.0 0 11.7 28 60 M M 9 12 31 50
14 68 59 64 -13 1 0 2.01 M M 18.7 32 50 M M 8 12 34 40
15 70 59 65 -12 0 0 1.53 M M 8.7 30 40 M M 7 12 33 40
16 74 62 68 -9 0 3 0.02 M M 10.6 21 240 M M 5 12 26 260
17 78 62 70 -7 0 5 0.57 M M 11.5 21 240 M M 7 12 24 240
18 81 64 73 -4 0 8 0.00 M M 14.6 28 230 M M 3 32 230
19 83 64 74 -3 0 9 0.00 M M 12.7 23 240 M M 1 30 250
20 84 65 75 -1 0 10 0.00 M M 11.9 21 240 M M 0 26 230
21 81 67 74 -2 0 9 T M M 11.0 36 50 M M 2 44 60
22 84 67 76 0 0 11 0.00 M M 11.5 21 40 M M 1 23 40
23 88 68 78 2 0 13 0.00 M M 11.3 20 50 M M 0 24 60
24 88 68 78 2 0 13 0.00 M M 11.5 21 40 M M 0 23 40
25 83 68 76 0 0 11 0.00 M M 13.0 25 70 M M 0 8 30 70
26 80 64 72 -4 0 7 0.00 M M 17.7 25 50 M M 0 28 40
27 82 66 74 -1 0 9 0.00 M M 12.0 20 50 M M 0 24 80
28 82 65 74 -1 0 9 0.00 M M 11.3 21 40 M M 0 28 50
29 79 63 71 -4 0 6 0.00 M M 19.2 30 70 M M 0 8 35 70
30 79 63 71 -4 0 6 0.00 M M 14.4 26 50 M M 1 1 28 50
31 87 66 77 3 0 12 0.00 M M 8.5 22 240 M M 0 29 260
================================================================================
SM 2530 1988 1 254 8.98 0.0 417.1 M 77
================================================================================
AV 81.6 64.1 13.5 FASTST M M 2 MAX(MPH)
MISC ----> 40 260 46 260
================================================================================
NOTES:
# LAST OF SEVERAL OCCURRENCES
COLUMN 17 PEAK WIND IN M.P.H.
PRELIMINARY LOCAL CLIMATOLOGICAL DATA (WS FORM: F-6) , PAGE 2
STATION: GUADALUPE PASS
MONTH: AUGUST
YEAR: 2021
LATITUDE: 31 49 N
LONGITUDE: 104 48 W
[TEMPERATURE DATA] [PRECIPITATION DATA] SYMBOLS USED IN COLUMN 16
AVERAGE MONTHLY: 72.9 TOTAL FOR MONTH: 8.98 1 = FOG OR MIST
DPTR FM NORMAL: -3.7 DPTR FM NORMAL: 7.38 2 = FOG REDUCING VISIBILITY
HIGHEST: 94 ON 9 GRTST 24HR 3.20 ON 13-14 TO 1/4 MILE OR LESS
LOWEST: 59 ON 15,14 3 = THUNDER
SNOW, ICE PELLETS, HAIL 4 = ICE PELLETS
TOTAL MONTH: 0.0 INCH 5 = HAIL
GRTST 24HR 0.0 6 = FREEZING RAIN OR DRIZZLE
GRTST DEPTH: 0 7 = DUSTSTORM OR SANDSTORM:
VSBY 1/2 MILE OR LESS
8 = SMOKE OR HAZE
[NO. OF DAYS WITH] [WEATHER - DAYS WITH] 9 = BLOWING SNOW
X = TORNADO
MAX 32 OR BELOW: 0 0.01 INCH OR MORE: 9
MAX 90 OR ABOVE: 4 0.10 INCH OR MORE: 7
MIN 32 OR BELOW: 0 0.50 INCH OR MORE: 7
MIN 0 OR BELOW: 0 1.00 INCH OR MORE: 4
[HDD (BASE 65) ]
TOTAL THIS MO. 1 CLEAR (SCALE 0-3) 22
DPTR FM NORMAL 0 PTCLDY (SCALE 4-7) 7
TOTAL FM JUL 1 1 CLOUDY (SCALE 8-10) 2
DPTR FM NORMAL -1
[CDD (BASE 65) ]
TOTAL THIS MO. 254
DPTR FM NORMAL -105 [PRESSURE DATA]
TOTAL FM JAN 1 1141 HIGHEST SLP 30.24 ON 14
DPTR FM NORMAL -262 LOWEST SLP 29.69 ON 31
[REMARKS]
#FINAL-08-21#