000
CXUS56 KOTX 011025
CLMGEG


CLIMATE REPORT
NATIONAL WEATHER SERVICE SPOKANE, WA
323 AM PDT TUE JUL 1 2014

...................................

...THE SPOKANE WA AIRPORT CLIMATE SUMMARY FOR THE MONTH OF JUNE 2014...

CLIMATE NORMAL PERIOD 1981 TO 2010
CLIMATE RECORD PERIOD 1881 TO 2014

WEATHER         OBSERVED          NORMAL  DEPART  LAST YEAR`S
                 VALUE   DATE(S)  VALUE   FROM    VALUE  DATE(S)
                                          NORMAL
................................................................
TEMPERATURE (F)
RECORD
 HIGH             101   06/23/1992
 LOW               33   06/01/1984
HIGHEST            85   06/23        MM      MM       91  06/30
LOWEST             44   06/17        MM      MM       44  06/13
                                                          06/12
AVG. MAXIMUM     72.8              73.8    -1.0     72.7
AVG. MINIMUM     50.5              50.4     0.1     50.7
MEAN             61.7              62.1    -0.4     61.7
DAYS MAX >= 90      0               1.0    -1.0        1
DAYS MAX <= 32      0               0.0     0.0        0
DAYS MIN <= 32      0               0.0     0.0        0
DAYS MIN <= 0       0               0.0     0.0        0

PRECIPITATION (INCHES)
RECORD
 MAXIMUM         5.12   1888
 MINIMUM         0.01   1919
TOTALS           1.84              1.25    0.59     1.86
DAILY AVG.       0.06              0.04    0.02     0.06
DAYS >= .01         8               7.9     0.1       11
DAYS >= .10         5               3.9     1.1        5
DAYS >= .50         1               0.5     0.5        1
DAYS >= 1.00        0               0.0     0.0        1
GREATEST
 24 HR. TOTAL    1.01   06/17 TO 06/18           06/20 TO 06/20
                                                          06/30 TO 06/30
                                                          06/30 TO 06/30

SNOWFALL (INCHES)
RECORDS
 TOTAL              T   2008
TOTALS            0.0               0.0     0.0      0.0
SINCE 7/1        37.6              44.9    -7.3     43.5
SNOWDEPTH AVG.      0                MM      MM        0
DAYS >= 1.0         0               0.0     0.0        0
GREATEST
 SNOW DEPTH         0   MM                             0  MM
 24 HR TOTAL      0.0   06/30 TO 06/30           06/30 TO 06/30
                                                          06/30 TO 06/30
                                                          06/30 TO 06/30

DEGREE_DAYS
HEATING TOTAL     106               136     -30      140
 SINCE 7/1       6693              6593     100     6240
COOLING TOTAL      14                49     -35       48
 SINCE 1/1         20                63     -43       78
.................................................

WIND (MPH)
AVERAGE WIND SPEED              8.3
HIGHEST WIND SPEED/DIRECTION    30/010    DATE  06/02
HIGHEST GUST SPEED/DIRECTION    37/210    DATE  06/13

SKY COVER
POSSIBLE SUNSHINE (PERCENT)   MM
AVERAGE SKY COVER           0.60
NUMBER OF DAYS FAIR            4
NUMBER OF DAYS PC             19
NUMBER OF DAYS CLOUDY          7

AVERAGE RH (PERCENT)     51

WEATHER CONDITIONS. NUMBER OF DAYS WITH
THUNDERSTORM              0     MIXED PRECIP               0
HEAVY RAIN                0     RAIN                       3
LIGHT RAIN               10     FREEZING RAIN              0
LT FREEZING RAIN          0     HAIL                       0
HEAVY SNOW                0     SNOW                       0
LIGHT SNOW                0     SLEET                      0
FOG                       7     FOG W/VIS <= 1/4 MILE      0
HAZE                      0

-  INDICATES NEGATIVE NUMBERS.
R  INDICATES RECORD WAS SET OR TIED.
MM INDICATES DATA IS MISSING.
T  INDICATES TRACE AMOUNT.

$$
