000
CXUS56 KOTX 011459
CLMGEG


CLIMATE REPORT
NATIONAL WEATHER SERVICE SPOKANE, WA
659 AM PST SUN NOV 1 2015

...................................

...THE SPOKANE WA AIRPORT CLIMATE SUMMARY FOR THE MONTH OF OCTOBER 2015...

CLIMATE NORMAL PERIOD 1981 TO 2010
CLIMATE RECORD PERIOD 1881 TO 2015

WEATHER         OBSERVED          NORMAL  DEPART  LAST YEAR`S
                 VALUE   DATE(S)  VALUE   FROM    VALUE  DATE(S)
                                          NORMAL
................................................................
TEMPERATURE (F)
RECORD
 HIGH              87   10/04/1943
 LOW                7   10/31/2002
HIGHEST            75   10/17        MM      MM       80  10/07
                        10/01
LOWEST             36   10/28        MM      MM       35  10/27
                        10/23
AVG. MAXIMUM     64.5              58.0     6.5     62.9
AVG. MINIMUM     44.2              37.2     7.0     43.7
MEAN             54.3              47.6     6.7     53.3
DAYS MAX >= 90      0               0.0     0.0        0
DAYS MAX <= 32      0               0.1    -0.1        0
DAYS MIN <= 32      0               7.2    -7.2        0
DAYS MIN <= 0       0               0.0     0.0        0

PRECIPITATION (INCHES)
RECORD
 MAXIMUM         5.41   1947
 MINIMUM            T   1895
TOTALS           1.14              1.18   -0.04     1.42
DAILY AVG.       0.04              0.04    0.00     0.05
DAYS >= .01        11               7.8     3.2        8
DAYS >= .10         3               3.5    -0.5        5
DAYS >= .50         0               0.5    -0.5        1
DAYS >= 1.00        0               0.0     0.0        0
GREATEST
 24 HR. TOTAL    0.53   10/30 TO 10/31           10/28 TO 10/28
                                                          10/28 TO 10/29
                                                          10/29 TO 10/29

SNOWFALL (INCHES)
RECORDS
 TOTAL            6.1   MM
TOTALS            0.0               0.1    -0.1      0.0
SINCE 7/1         0.0               0.1    -0.1      0.0
SNOWDEPTH AVG.      0                MM      MM        0
DAYS >= 1.0         0               0.0     0.0        0
GREATEST
 SNOW DEPTH         0   MM                             0  MM
 24 HR TOTAL      0.0   10/31 TO 10/31           10/31 TO 10/31
                                                          10/29 TO 10/29
                                                          10/29 TO 10/29

DEGREE_DAYS
HEATING TOTAL     322               540    -218      357
 SINCE 7/1        535               788    -253      463
COOLING TOTAL       0                 1      -1        1
 SINCE 1/1        828               450     378      654
..........................................................

WIND (MPH)
AVERAGE WIND SPEED              7.5
HIGHEST WIND SPEED/DIRECTION    32/240    DATE  10/10
HIGHEST GUST SPEED/DIRECTION    43/250    DATE  10/10

SKY COVER
POSSIBLE SUNSHINE (PERCENT)   MM
AVERAGE SKY COVER           0.60
NUMBER OF DAYS FAIR            3
NUMBER OF DAYS PC             16
NUMBER OF DAYS CLOUDY         11

AVERAGE RH (PERCENT)     64

WEATHER CONDITIONS. NUMBER OF DAYS WITH
THUNDERSTORM              0     MIXED PRECIP               0
HEAVY RAIN                0     RAIN                       3
LIGHT RAIN               12     FREEZING RAIN              0
LT FREEZING RAIN          0     HAIL                       0
HEAVY SNOW                0     SNOW                       0
LIGHT SNOW                0     SLEET                      0
FOG                      13     FOG W/VIS <= 1/4 MILE      4
HAZE                      0

-  INDICATES NEGATIVE NUMBERS.
R  INDICATES RECORD WAS SET OR TIED.
MM INDICATES DATA IS MISSING.
T  INDICATES TRACE AMOUNT.

$$
