000
CXUS56 KOTX 011328
CLMGEG


CLIMATE REPORT
NATIONAL WEATHER SERVICE SPOKANE, WA
627 AM PDT THU AUG 1 2013

...................................

...THE SPOKANE WA AIRPORT CLIMATE SUMMARY FOR THE MONTH OF JULY 2013...

CLIMATE NORMAL PERIOD 1981 TO 2010
CLIMATE RECORD PERIOD 1881 TO 2013

WEATHER         OBSERVED          NORMAL  DEPART  LAST YEAR`S
                 VALUE   DATE(S)  VALUE   FROM    VALUE  DATE(S)
                                          NORMAL
................................................................
TEMPERATURE (F)
RECORD
 HIGH             108   07/26/1928
 LOW               37   07/08/1981
HIGHEST            99   07/01        MM      MM       98  07/08
LOWEST             51   07/14        MM      MM       43  07/04
AVG. MAXIMUM     88.2              83.3     4.9     85.3
AVG. MINIMUM     59.7              56.3     3.4     58.9
MEAN             73.9              69.8     4.1     72.1
DAYS MAX >= 90     14               7.2     6.8        9
DAYS MAX <= 32      0               0.0     0.0        0
DAYS MIN <= 32      0               0.0     0.0        0
DAYS MIN <= 0       0               0.0     0.0        0

PRECIPITATION (INCHES)
RECORD
 MAXIMUM         2.37   1909
 MINIMUM         0.00   1883
TOTALS              T              0.64   -0.64     0.84
DAILY AVG.          T              0.02   -0.02     0.03
DAYS >= .01         0               5.0    -5.0        3
DAYS >= .10         0               2.1    -2.1        2
DAYS >= .50         0               0.2    -0.2        1
DAYS >= 1.00        0               0.0     0.0        0
GREATEST
 24 HR. TOTAL       T   07/31 TO 07/31           07/17 TO 07/17
                                                          07/16 TO 07/17
                                                          07/17 TO 07/17

SNOWFALL (INCHES)
RECORDS
 TOTAL              T   MM
TOTALS            0.0               0.0     0.0      0.0
SINCE 7/1         0.0               0.0     0.0      0.0
SNOWDEPTH AVG.      0                MM      MM        0
DAYS >= 1.0         0               0.0     0.0        0
GREATEST
 SNOW DEPTH         0   MM                             0  MM
 24 HR TOTAL      0.0   07/31 TO 07/31           07/31 TO 07/31
                                                          07/17 TO 07/17
                                                          07/17 TO 07/17

DEGREE_DAYS
HEATING TOTAL       0                32     -32       20
 SINCE 7/1          0                32     -32       20
COOLING TOTAL     284               180     104      251
 SINCE 1/1        362               243     119      281
........................................................

WIND (MPH)
AVERAGE WIND SPEED              7.0
HIGHEST WIND SPEED/DIRECTION    24/240    DATE  07/11
HIGHEST GUST SPEED/DIRECTION    32/240    DATE  07/10

SKY COVER
POSSIBLE SUNSHINE (PERCENT)   MM
AVERAGE SKY COVER           0.30
NUMBER OF DAYS FAIR           23
NUMBER OF DAYS PC              8
NUMBER OF DAYS CLOUDY          0

AVERAGE RH (PERCENT)     36

WEATHER CONDITIONS. NUMBER OF DAYS WITH
THUNDERSTORM              0     MIXED PRECIP               0
HEAVY RAIN                0     RAIN                       0
LIGHT RAIN                1     FREEZING RAIN              0
LT FREEZING RAIN          0     HAIL                       0
HEAVY SNOW                0     SNOW                       0
LIGHT SNOW                0     SLEET                      0
FOG                       0     FOG W/VIS <= 1/4 MILE      0
HAZE                      0

-  INDICATES NEGATIVE NUMBERS.
R  INDICATES RECORD WAS SET OR TIED.
MM INDICATES DATA IS MISSING.
T  INDICATES TRACE AMOUNT.

$$
