000
CXUS55 KRIW 040140
CF6GEY
PRELIMINARY LOCAL CLIMATOLOGICAL DATA (WS FORM: F-6)
STATION: GREYBULL WY
MONTH: AUGUST
YEAR: 2020
LATITUDE: 44 30 N
LONGITUDE: 108 4 W
TEMPERATURE IN F: :PCPN: SNOW: WIND :SUNSHINE: SKY :PK WND
================================================================================
1 2 3 4 5 6A 6B 7 8 9 10 11 12 13 14 15 16 17 18
12Z AVG MX 2MIN
DY MAX MIN AVG DEP HDD CDD WTR SNW DPTH SPD SPD DIR MIN PSBL S-S WX SPD DR
================================================================================
1 97 60 79 4 0 14 0.00 M M 4.9 15 100 M M 1 20 100
2 99 61 80 5 0 15 0.00 M M 2.9 13 330 M M 0 18 330
3 99 62 81 6 0 16 0.01 M M 5.9 41 10 M M 0 8 58 10
4 92 60 76 1 0 11 T M M 6.6 18 340 M M 0 23 340
5 93 63 78 4 0 13 0.00 M M 4.2 10 250 M M 1 14 10
6 96 61 79 5 0 14 0.00 M M 6.3 29 330 M M 1 38 310
7 97 60 79 5 0 14 0.02 M M 5.9 21 10 M M 0 3 35 210
8 95 57 76 2 0 11 T M M 4.0 17 200 M M 0 3 24 190
9 89 55 72 -2 0 7 0.00 M M 8.2 23 320 M M 0 29 350
10 91 56 74 0 0 9 0.00 M M 7.0 16 320 M M 0 3 23 310
11 96 57 77 3 0 12 0.00 M M 2.3 13 280 M M 0 15 300
12 95 55 75 2 0 10 0.00 M M 4.7 31 290 M M 0 46 280
13 94 62 78 5 0 13 0.00 M M 10.0 29 310 M M 0 38 320
14 85 58 72 -1 0 7 0.00 M M 6.7 26 330 M M 0 36 320
15 92 51 72 -1 0 7 0.00 M M 3.4 10 360 M M 0 16 310
16 96 54 75 3 0 10 0.00 M M 4.7 13 320 M M 0 18 320
17 102 55 79 7 0 14 0.00 M M 5.2 22 250 M M 0 30 250
18 98 62 80 8 0 15 T M M 5.8 23 300 M M 0 32 290
19 91 63 77 5 0 12 T M M 5.4 31 310 M M 2 49 260
20 92 63 78 7 0 13 0.04 M M 5.6 17 310 M M 1 23 310
21 91 57 74 3 0 9 0.00 M M 3.2 10 300 M M 0 12 300
22 98 55 77 6 0 12 0.00 M M 3.1 10 240 M M 0 16 100
23 91 56 74 4 0 9 0.00 M M 6.3 16 310 M M 0 22 310
24 98 54 76 6 0 11 0.00 M M 6.0 31 300 M M 0 42 280
25 96 61 79 9 0 14 0.03 M M 5.8 31 300 M M 0 3 41 290
26 92 57 75 6 0 10 0.00 M M 6.1 21 300 M M 0 29 310
27 88 60 74 5 0 9 0.03 M M 12.2 53 330 M M 0 3 73 330
28 83 54 69 1 0 4 T M M 3.4 10 190 M M 1 14 190
29 92 50 71 3 0 6 0.00 M M 4.1 15 170 M M 0 19 170
30 72 48 60 -8 5 0 0.00 M M 15.5 38 330 M M 0 49 330
31 65 44 55 -12 10 0 0.00 M M 6.3 13 320 M M 5 M M
================================================================================
SM 2855 1771 15 321 0.13 M 181.7 M 12
================================================================================
AV 92.1 57.1 5.9 FASTST M M 0 MAX(MPH)
MISC ----> # 53 330 # 73 330
================================================================================
NOTES:
# LAST OF SEVERAL OCCURRENCES
COLUMN 17 PEAK WIND IN M.P.H.
PRELIMINARY LOCAL CLIMATOLOGICAL DATA (WS FORM: F-6) , PAGE 2
STATION: GREYBULL WY
MONTH: AUGUST
YEAR: 2020
LATITUDE: 44 30 N
LONGITUDE: 108 4 W
[TEMPERATURE DATA] [PRECIPITATION DATA] SYMBOLS USED IN COLUMN 16
AVERAGE MONTHLY: 74.6 TOTAL FOR MONTH: 0.13 1 = FOG OR MIST
DPTR FM NORMAL: 2.6 DPTR FM NORMAL: -0.29 2 = FOG REDUCING VISIBILITY
HIGHEST: 102 ON 17 GRTST 24HR 0.04 ON 20-20 TO 1/4 MILE OR LESS
LOWEST: 44 ON 31 3 = THUNDER
SNOW, ICE PELLETS, HAIL 4 = ICE PELLETS
TOTAL MONTH: M 5 = HAIL
GRTST 24HR M ON M 6 = FREEZING RAIN OR DRIZZLE
GRTST DEPTH: M ON M 7 = DUSTSTORM OR SANDSTORM:
VSBY 1/2 MILE OR LESS
8 = SMOKE OR HAZE
[NO. OF DAYS WITH] [WEATHER - DAYS WITH] 9 = BLOWING SNOW
X = TORNADO
MAX 32 OR BELOW: 0 0.01 INCH OR MORE: 5
MAX 90 OR ABOVE: 25 0.10 INCH OR MORE: 0
MIN 32 OR BELOW: 0 0.50 INCH OR MORE: 0
MIN 0 OR BELOW: 0 1.00 INCH OR MORE: 0
[HDD (BASE 65) ]
TOTAL THIS MO. 15 CLEAR (SCALE 0-3) 30
DPTR FM NORMAL 0 PTCLDY (SCALE 4-7) 1
TOTAL FM JUL 1 15 CLOUDY (SCALE 8-10) 0
DPTR FM NORMAL -6
[CDD (BASE 65) ]
TOTAL THIS MO. 321
DPTR FM NORMAL 91 [PRESSURE DATA]
TOTAL FM JAN 1 817 HIGHEST SLP 30.16 ON 17
DPTR FM NORMAL 184 LOWEST SLP 29.56 ON 30
[REMARKS]
#FINAL-08-20#