000
CDUS43 KIND 310541
CLIGEZ


CLIMATE REPORT
NATIONAL WEATHER SERVICE INDIANAPOLIS IN
141 AM EDT MON JUL 31 2017


...................................

...THE SHELBYVILLE IN CLIMATE SUMMARY FOR JULY 30 2017...

CLIMATE NORMAL PERIOD 1981 TO 2010
CLIMATE RECORD PERIOD 9999 TO 9999


WEATHER ITEM   OBSERVED TIME   NORMAL DEPARTURE LAST
                VALUE   (LST)  VALUE  FROM      YEAR
                                      NORMAL
......................................................
TEMPERATURE (F)
 YESTERDAY
  MAXIMUM         85    447 PM  84      1       86
  MINIMUM         56    545 AM  63     -7       66
  AVERAGE         71            74     -3       76

PRECIPITATION (IN)
  YESTERDAY        0.00          0.14  -0.14     0.00
  MONTH TO DATE    6.29          4.58   1.71     5.29
  SINCE JUN 1     12.38          8.98   3.40     9.44
  SINCE JAN 1     31.00         26.76   4.24    25.98

DEGREE DAYS
 HEATING
  YESTERDAY        0             0      0        0
  MONTH TO DATE    0             0      0        2
  SINCE JUN 1      1            15    -14        2
  SINCE JUL 1      0             0      0        2

 COOLING
  YESTERDAY        6             9     -3       11
  MONTH TO DATE  327           270     57      342
  SINCE JUN 1    573           479     94      656
  SINCE JAN 1    735           560    175      779
......................................................


WIND (MPH)
  HIGHEST WIND SPEED    10   HIGHEST WIND DIRECTION     E (80)
  HIGHEST GUST SPEED    18   HIGHEST GUST DIRECTION    NE (50)
  AVERAGE WIND SPEED     4.5


SKY COVER
  AVERAGE SKY COVER 0.1


WEATHER CONDITIONS
 THE FOLLOWING WEATHER WAS RECORDED YESTERDAY.
  NO SIGNIFICANT WEATHER WAS OBSERVED.


RELATIVE HUMIDITY (PERCENT)
 HIGHEST    86           500 AM
 LOWEST     44           500 PM
 AVERAGE    65

..........................................................


THE SHELBYVILLE IN CLIMATE NORMALS FOR TODAY
                         NORMAL
 MAXIMUM TEMPERATURE (F)   84
 MINIMUM TEMPERATURE (F)   63


SUNRISE AND SUNSET
JULY 31 2017..........SUNRISE   642 AM EDT   SUNSET   857 PM EDT
AUGUST  1 2017........SUNRISE   643 AM EDT   SUNSET   856 PM EDT


-  INDICATES NEGATIVE NUMBERS.
R  INDICATES RECORD WAS SET OR TIED.
MM INDICATES DATA IS MISSING.
T  INDICATES TRACE AMOUNT.




$$
