000
CDUS43 KIND 250539
CLIGEZ


CLIMATE REPORT
NATIONAL WEATHER SERVICE INDIANAPOLIS IN
138 AM EDT THU JUN 25 2015


...................................

...THE SHELBYVILLE IN CLIMATE SUMMARY FOR JUNE 24 2015...

CLIMATE NORMAL PERIOD 1981 TO 2010
CLIMATE RECORD PERIOD 9999 TO 9999


WEATHER ITEM   OBSERVED TIME   NORMAL DEPARTURE LAST
                VALUE   (LST)  VALUE  FROM      YEAR
                                      NORMAL
......................................................
TEMPERATURE (F)
 YESTERDAY
  MAXIMUM         82   1137 AM  84     -2       86
  MINIMUM         62    603 AM  63     -1       72
  AVERAGE         72            73     -1       79

PRECIPITATION (IN)
  YESTERDAY        0.00          0.15  -0.15     0.64
  MONTH TO DATE    4.59          3.60   0.99     5.05
  SINCE JUN 1      4.59          3.60   0.99     5.05
  SINCE JAN 1     18.63         21.38  -2.75    20.54

DEGREE DAYS
 HEATING
  YESTERDAY        0             0      0        0
  MONTH TO DATE   21            11     10        1
  SINCE JUN 1     21            11     10        1
  SINCE JUL 1   5577          5406    171     5703

 COOLING
  YESTERDAY        7             8     -1       14
  MONTH TO DATE  253           156     97      234
  SINCE JUN 1    253           156     97      234
  SINCE JAN 1    441           237    204      397
......................................................


WIND (MPH)
  HIGHEST WIND SPEED    12   HIGHEST WIND DIRECTION     S (160)
  HIGHEST GUST SPEED    13   HIGHEST GUST DIRECTION     S (160)
  AVERAGE WIND SPEED     3.8


SKY COVER
  AVERAGE SKY COVER 0.0


WEATHER CONDITIONS
 THE FOLLOWING WEATHER WAS RECORDED YESTERDAY.
  NO SIGNIFICANT WEATHER WAS OBSERVED.


RELATIVE HUMIDITY (PERCENT)
 HIGHEST    90           400 AM
 LOWEST     42          1100 AM
 AVERAGE    66

..........................................................


THE SHELBYVILLE IN CLIMATE NORMALS FOR TODAY
                         NORMAL
 MAXIMUM TEMPERATURE (F)   84
 MINIMUM TEMPERATURE (F)   63


SUNRISE AND SUNSET
JUNE 25 2015..........SUNRISE   617 AM EDT   SUNSET   915 PM EDT
JUNE 26 2015..........SUNRISE   617 AM EDT   SUNSET   915 PM EDT


-  INDICATES NEGATIVE NUMBERS.
R  INDICATES RECORD WAS SET OR TIED.
MM INDICATES DATA IS MISSING.
T  INDICATES TRACE AMOUNT.




$$
