262
CDUS43 KIND 210538
CLIGEZ


CLIMATE REPORT
NATIONAL WEATHER SERVICE INDIANAPOLIS IN
137 AM EDT THU APR 21 2016


...................................

...THE SHELBYVILLE IN CLIMATE SUMMARY FOR APRIL 20 2016...

CLIMATE NORMAL PERIOD 1981 TO 2010
CLIMATE RECORD PERIOD 9999 TO 9999


WEATHER ITEM   OBSERVED TIME   NORMAL DEPARTURE LAST
                VALUE   (LST)  VALUE  FROM      YEAR
                                      NORMAL
......................................................
TEMPERATURE (F)
 YESTERDAY
  MAXIMUM         83    417 PM  65     18       62
  MINIMUM         53    611 AM  44      9       48
  AVERAGE         68            54     14       55

PRECIPITATION (IN)
  YESTERDAY        T             0.14  -0.14     0.20
  MONTH TO DATE    2.21          2.60  -0.39     3.76
  SINCE MAR 1      6.96          6.03   0.93     7.62
  SINCE JAN 1     11.60         10.78   0.82    10.64

DEGREE DAYS
 HEATING
  YESTERDAY        0            11    -11       10
  MONTH TO DATE  281           283     -2      137
  SINCE MAR 1    728          1003   -275      907
  SINCE JUL 1   3897          5166  -1269     5348

 COOLING
  YESTERDAY        3             0      3        0
  MONTH TO DATE    8             0      8        8
  SINCE MAR 1      8             1      7        8
  SINCE JAN 1      8             1      7        8
......................................................


WIND (MPH)
  HIGHEST WIND SPEED    18   HIGHEST WIND DIRECTION     S (160)
  HIGHEST GUST SPEED    25   HIGHEST GUST DIRECTION    SE (150)
  AVERAGE WIND SPEED     8.3


SKY COVER
  AVERAGE SKY COVER 0.5


WEATHER CONDITIONS
 THE FOLLOWING WEATHER WAS RECORDED YESTERDAY.
  LIGHT RAIN


RELATIVE HUMIDITY (PERCENT)
 HIGHEST    77           400 AM
 LOWEST     30           300 PM
 AVERAGE    54

..........................................................


THE SHELBYVILLE IN CLIMATE NORMALS FOR TODAY
                         NORMAL
 MAXIMUM TEMPERATURE (F)   65
 MINIMUM TEMPERATURE (F)   44


SUNRISE AND SUNSET
APRIL 21 2016.........SUNRISE   657 AM EDT   SUNSET   828 PM EDT
APRIL 22 2016.........SUNRISE   655 AM EDT   SUNSET   829 PM EDT


-  INDICATES NEGATIVE NUMBERS.
R  INDICATES RECORD WAS SET OR TIED.
MM INDICATES DATA IS MISSING.
T  INDICATES TRACE AMOUNT.




$$
