000
CDUS43 KIND 070539
CLIGEZ


CLIMATE REPORT
NATIONAL WEATHER SERVICE INDIANAPOLIS IN
1239 AM EST SUN DEC 7 2014


...................................

...THE SHELBYVILLE IN CLIMATE SUMMARY FOR DECEMBER 6 2014...

CLIMATE NORMAL PERIOD 1981 TO 2010
CLIMATE RECORD PERIOD 9999 TO 9999


WEATHER ITEM   OBSERVED TIME   NORMAL DEPARTURE LAST
                VALUE   (LST)  VALUE  FROM      YEAR
                                      NORMAL
......................................................
TEMPERATURE (F)
 YESTERDAY
  MAXIMUM         44    213 AM  42      2       28
  MINIMUM         34   1159 PM  27      7       25
  AVERAGE         39            35      4       27

PRECIPITATION (IN)
  YESTERDAY        0.26          0.11   0.15     0.18
  MONTH TO DATE    1.87          0.66   1.21     0.49
  SINCE DEC 1      1.87          0.66   1.21     0.49
  SINCE JAN 1     38.83         40.95  -2.12    29.73

DEGREE DAYS
 HEATING
  YESTERDAY       26            30     -4       38
  MONTH TO DATE  176           176      0      134
  SINCE DEC 1    176           176      0      134
  SINCE JUL 1   1360          1251    109     1200

 COOLING
  YESTERDAY        0             0      0        0
  MONTH TO DATE    0             0      0        0
  SINCE DEC 1      0             0      0        0
  SINCE JAN 1   1080           913    167     1179
......................................................


WIND (MPH)
  HIGHEST WIND SPEED    23   HIGHEST WIND DIRECTION     N (350)
  HIGHEST GUST SPEED    29   HIGHEST GUST DIRECTION     N (360)
  AVERAGE WIND SPEED    12.6


SKY COVER
  AVERAGE SKY COVER 1.0


WEATHER CONDITIONS
 THE FOLLOWING WEATHER WAS RECORDED YESTERDAY.
  LIGHT RAIN
  FOG
  HAZE


RELATIVE HUMIDITY (PERCENT)
 HIGHEST    92          1200 AM
 LOWEST     64           800 PM
 AVERAGE    78

..........................................................


THE SHELBYVILLE IN CLIMATE NORMALS FOR TODAY
                         NORMAL
 MAXIMUM TEMPERATURE (F)   42
 MINIMUM TEMPERATURE (F)   27


SUNRISE AND SUNSET
DECEMBER  7 2014......SUNRISE   750 AM EST   SUNSET   519 PM EST
DECEMBER  8 2014......SUNRISE   751 AM EST   SUNSET   519 PM EST


-  INDICATES NEGATIVE NUMBERS.
R  INDICATES RECORD WAS SET OR TIED.
MM INDICATES DATA IS MISSING.
T  INDICATES TRACE AMOUNT.




$$
