000
CDUS43 KIND 042134
CLIGEZ


CLIMATE REPORT
NATIONAL WEATHER SERVICE INDIANAPOLIS IN
434 PM EST SUN FEB 4 2018


...................................

...THE SHELBYVILLE IN CLIMATE SUMMARY FOR FEBRUARY 4 2018...
VALID TODAY AS OF 0400 PM LOCAL TIME.

CLIMATE NORMAL PERIOD 1981 TO 2010
CLIMATE RECORD PERIOD 9999 TO 9999


WEATHER ITEM   OBSERVED TIME   NORMAL DEPARTURE LAST
                VALUE   (LST)  VALUE  FROM      YEAR
                                      NORMAL
......................................................
TEMPERATURE (F)
 TODAY
  MAXIMUM         40    234 PM  37      3       35
  MINIMUM         34   1011 AM  22     12       12
  AVERAGE         37            30      7       24

PRECIPITATION (IN)
  TODAY            0.04          0.07  -0.03     0.00
  MONTH TO DATE    0.04          0.31  -0.27      T
  SINCE DEC 1      3.87          5.97  -2.10     6.25
  SINCE JAN 1      2.75          2.70   0.05     4.06

......................................................


WIND (MPH)
  HIGHEST WIND SPEED    21   HIGHEST WIND DIRECTION    SW (210)
  HIGHEST GUST SPEED    26   HIGHEST GUST DIRECTION     S (200)
  AVERAGE WIND SPEED    11.2


SKY COVER
  AVERAGE SKY COVER 1.0


WEATHER CONDITIONS
 THE FOLLOWING WEATHER WAS RECORDED TODAY.
  LIGHT RAIN
  LIGHT SNOW
  FOG


RELATIVE HUMIDITY (PERCENT)
 HIGHEST    89           600 AM
 LOWEST     47          1200 AM

..........................................................


THE SHELBYVILLE IN CLIMATE NORMALS FOR TOMORROW
                         NORMAL
 MAXIMUM TEMPERATURE (F)   37
 MINIMUM TEMPERATURE (F)   22


SUNRISE AND SUNSET
FEBRUARY  4 2018......SUNRISE   748 AM EST   SUNSET   607 PM EST
FEBRUARY  5 2018......SUNRISE   747 AM EST   SUNSET   608 PM EST


-  INDICATES NEGATIVE NUMBERS.
R  INDICATES RECORD WAS SET OR TIED.
MM INDICATES DATA IS MISSING.
T  INDICATES TRACE AMOUNT.




$$
