000
CDUS43 KIND 170531
CLIGEZ


CLIMATE REPORT
NATIONAL WEATHER SERVICE INDIANAPOLIS IN
131 AM EDT SUN AUG 17 2014


...................................

...THE SHELBYVILLE IN CLIMATE SUMMARY FOR AUGUST 16 2014...

CLIMATE NORMAL PERIOD 1981 TO 2010
CLIMATE RECORD PERIOD 9999 TO 9999


WEATHER ITEM   OBSERVED TIME   NORMAL DEPARTURE LAST
                VALUE   (LST)  VALUE  FROM      YEAR
                                      NORMAL
......................................................
TEMPERATURE (F)
 YESTERDAY
  MAXIMUM         75    619 PM  83     -8       77
  MINIMUM         55    614 AM  62     -7       53
  AVERAGE         65            72     -7       65

PRECIPITATION (IN)
  YESTERDAY        0.06          0.11  -0.05     0.00
  MONTH TO DATE    0.45          1.47  -1.02     1.95
  SINCE JUN 1      9.38         10.58  -1.20     7.78
  SINCE JAN 1     24.87         28.36  -3.49    20.09

DEGREE DAYS
 HEATING
  YESTERDAY        0             0      0        0
  MONTH TO DATE    3             0      3        6
  SINCE JUN 1      6            16    -10       13
  SINCE JUL 1      5             1      4        8

 COOLING
  YESTERDAY        0             8     -8        0
  MONTH TO DATE   99           128    -29       89
  SINCE JUN 1    615           620     -5      647
  SINCE JAN 1    778           701     77      815
......................................................


WIND (MPH)
  HIGHEST WIND SPEED    13   HIGHEST WIND DIRECTION    SW (210)
  HIGHEST GUST SPEED    18   HIGHEST GUST DIRECTION    SW (210)
  AVERAGE WIND SPEED     4.2


SKY COVER
  AVERAGE SKY COVER 0.6


WEATHER CONDITIONS
 THE FOLLOWING WEATHER WAS RECORDED YESTERDAY.
  LIGHT RAIN
  FOG
  HAZE


RELATIVE HUMIDITY (PERCENT)
 HIGHEST    93           100 AM
 LOWEST     61          1100 AM
 AVERAGE    77

..........................................................


THE SHELBYVILLE IN CLIMATE NORMALS FOR TODAY
                         NORMAL
 MAXIMUM TEMPERATURE (F)   83
 MINIMUM TEMPERATURE (F)   62


SUNRISE AND SUNSET
AUGUST 17 2014........SUNRISE   657 AM EDT   SUNSET   836 PM EDT
AUGUST 18 2014........SUNRISE   658 AM EDT   SUNSET   835 PM EDT


-  INDICATES NEGATIVE NUMBERS.
R  INDICATES RECORD WAS SET OR TIED.
MM INDICATES DATA IS MISSING.
T  INDICATES TRACE AMOUNT.




$$
