000
CDUS43 KIND 120530
CLIGEZ


CLIMATE REPORT
NATIONAL WEATHER SERVICE INDIANAPOLIS IN
130 AM EDT SUN OCT 12 2014


...................................

...THE SHELBYVILLE IN CLIMATE SUMMARY FOR OCTOBER 11 2014...

CLIMATE NORMAL PERIOD 1981 TO 2010
CLIMATE RECORD PERIOD 9999 TO 9999


WEATHER ITEM   OBSERVED TIME   NORMAL DEPARTURE LAST
                VALUE   (LST)  VALUE  FROM      YEAR
                                      NORMAL
......................................................
TEMPERATURE (F)
 YESTERDAY
  MAXIMUM         62    252 PM  68     -6       80
  MINIMUM         40   1147 PM  44     -4       46
  AVERAGE         51            56     -5       63

PRECIPITATION (IN)
  YESTERDAY        0.00          0.11  -0.11     0.00
  MONTH TO DATE    1.27          1.18   0.09     2.21
  SINCE SEP 1      3.99          4.35  -0.36     4.24
  SINCE JAN 1     30.90         34.63  -3.73    25.65

DEGREE DAYS
 HEATING
  YESTERDAY       14            10      4        2
  MONTH TO DATE  104            94     10       33
  SINCE SEP 1    169           173     -4       64
  SINCE JUL 1    174           179     -5       72

 COOLING
  YESTERDAY        0             1     -1        0
  MONTH TO DATE    7            11     -4       35
  SINCE SEP 1    104           104      0      194
  SINCE JAN 1   1074           910    164     1179
......................................................


WIND (MPH)
  HIGHEST WIND SPEED    15   HIGHEST WIND DIRECTION    NE (60)
  HIGHEST GUST SPEED    19   HIGHEST GUST DIRECTION    NE (60)
  AVERAGE WIND SPEED     8.1


SKY COVER
  AVERAGE SKY COVER 0.1


WEATHER CONDITIONS
 THE FOLLOWING WEATHER WAS RECORDED YESTERDAY.
  NO SIGNIFICANT WEATHER WAS OBSERVED.


RELATIVE HUMIDITY (PERCENT)
 HIGHEST    83           600 AM
 LOWEST     46           200 PM
 AVERAGE    65

..........................................................


THE SHELBYVILLE IN CLIMATE NORMALS FOR TODAY
                         NORMAL
 MAXIMUM TEMPERATURE (F)   67
 MINIMUM TEMPERATURE (F)   43


SUNRISE AND SUNSET
OCTOBER 12 2014.......SUNRISE   750 AM EDT   SUNSET   709 PM EDT
OCTOBER 13 2014.......SUNRISE   751 AM EDT   SUNSET   707 PM EDT


-  INDICATES NEGATIVE NUMBERS.
R  INDICATES RECORD WAS SET OR TIED.
MM INDICATES DATA IS MISSING.
T  INDICATES TRACE AMOUNT.




$$
