575
CDUS43 KIND 190542
CLIGEZ


CLIMATE REPORT
NATIONAL WEATHER SERVICE INDIANAPOLIS IN
140 AM EDT MON JUN 19 2017


...................................

...THE SHELBYVILLE IN CLIMATE SUMMARY FOR JUNE 18 2017...

CLIMATE NORMAL PERIOD 1981 TO 2010
CLIMATE RECORD PERIOD 9999 TO 9999


WEATHER ITEM   OBSERVED TIME   NORMAL DEPARTURE LAST
                VALUE   (LST)  VALUE  FROM      YEAR
                                      NORMAL
......................................................
TEMPERATURE (F)
 YESTERDAY
  MAXIMUM         82    156 PM  83     -1       89
  MINIMUM         70    403 AM  62      8       62
  AVERAGE         76            72      4       76

PRECIPITATION (IN)
  YESTERDAY        0.39          0.13   0.26     0.00
  MONTH TO DATE    3.67          2.74   0.93     2.82
  SINCE JUN 1      3.67          2.74   0.93     2.82
  SINCE JAN 1     22.29         20.52   1.77    19.36

DEGREE DAYS
 HEATING
  YESTERDAY        0             0      0        0
  MONTH TO DATE    1            11    -10        0
  SINCE JUN 1      1            11    -10        0
  SINCE JUL 1   4106          5406  -1300     4071

 COOLING
  YESTERDAY       11             8      3       11
  MONTH TO DATE  165           108     57      175
  SINCE JUN 1    165           108     57      175
  SINCE JAN 1    327           189    138      298
......................................................


WIND (MPH)
  HIGHEST WIND SPEED    20   HIGHEST WIND DIRECTION     W (250)
  HIGHEST GUST SPEED    35   HIGHEST GUST DIRECTION     W (250)
  AVERAGE WIND SPEED    10.0


SKY COVER
  AVERAGE SKY COVER 0.6


WEATHER CONDITIONS
 THE FOLLOWING WEATHER WAS RECORDED YESTERDAY.
  THUNDERSTORM
  HEAVY RAIN
  RAIN
  LIGHT RAIN
  FOG
  HAZE


RELATIVE HUMIDITY (PERCENT)
 HIGHEST    84           800 PM
 LOWEST     57           900 PM
 AVERAGE    71

..........................................................


THE SHELBYVILLE IN CLIMATE NORMALS FOR TODAY
                         NORMAL
 MAXIMUM TEMPERATURE (F)   83
 MINIMUM TEMPERATURE (F)   62


SUNRISE AND SUNSET
JUNE 19 2017..........SUNRISE   616 AM EDT   SUNSET   914 PM EDT
JUNE 20 2017..........SUNRISE   616 AM EDT   SUNSET   914 PM EDT


-  INDICATES NEGATIVE NUMBERS.
R  INDICATES RECORD WAS SET OR TIED.
MM INDICATES DATA IS MISSING.
T  INDICATES TRACE AMOUNT.




$$
