000
CDUS43 KIND 200535
CLIGEZ


CLIMATE REPORT
NATIONAL WEATHER SERVICE INDIANAPOLIS IN
1234 AM EST SUN NOV 20 2016


...................................

...THE SHELBYVILLE IN CLIMATE SUMMARY FOR NOVEMBER 19 2016...

CLIMATE NORMAL PERIOD 1981 TO 2010
CLIMATE RECORD PERIOD 9999 TO 9999


WEATHER ITEM   OBSERVED TIME   NORMAL DEPARTURE LAST
                VALUE   (LST)  VALUE  FROM      YEAR
                                      NORMAL
......................................................
TEMPERATURE (F)
 YESTERDAY
  MAXIMUM         46   1202 AM  52     -6       56
  MINIMUM         34   1159 PM  33      1       34
  AVERAGE         40            42     -2       45

PRECIPITATION (IN)
  YESTERDAY        T             0.13  -0.13     0.00
  MONTH TO DATE    0.74          2.36  -1.62     1.94
  SINCE SEP 1      6.61          8.64  -2.03     7.03
  SINCE JAN 1     39.80         38.92   0.88    38.00

DEGREE DAYS
 HEATING
  YESTERDAY       25            23      2       20
  MONTH TO DATE  260           360   -100      239
  SINCE SEP 1    430           789   -359      491
  SINCE JUL 1    432           795   -363      493

 COOLING
  YESTERDAY        0             0      0        0
  MONTH TO DATE    7             0      7        1
  SINCE SEP 1    291           107    184      211
  SINCE JAN 1   1470           913    557     1229
......................................................


WIND (MPH)
  HIGHEST WIND SPEED    28   HIGHEST WIND DIRECTION     W (270)
  HIGHEST GUST SPEED    38   HIGHEST GUST DIRECTION     W (270)
  AVERAGE WIND SPEED    19.0


SKY COVER
  AVERAGE SKY COVER 1.0


WEATHER CONDITIONS
 THE FOLLOWING WEATHER WAS RECORDED YESTERDAY.
  LIGHT RAIN
  LIGHT SNOW


RELATIVE HUMIDITY (PERCENT)
 HIGHEST    70           100 AM
 LOWEST     52           900 PM
 AVERAGE    61

..........................................................


THE SHELBYVILLE IN CLIMATE NORMALS FOR TODAY
                         NORMAL
 MAXIMUM TEMPERATURE (F)   51
 MINIMUM TEMPERATURE (F)   33


SUNRISE AND SUNSET
NOVEMBER 20 2016......SUNRISE   734 AM EST   SUNSET   524 PM EST
NOVEMBER 21 2016......SUNRISE   735 AM EST   SUNSET   523 PM EST


-  INDICATES NEGATIVE NUMBERS.
R  INDICATES RECORD WAS SET OR TIED.
MM INDICATES DATA IS MISSING.
T  INDICATES TRACE AMOUNT.




$$
