000
CXUS53 KIND 011527
CLMGEZ
CLIMATE REPORT
NATIONAL WEATHER SERVICE INDIANAPOLIS IN
1127 AM EDT WED NOV 01 2023
...................................
...THE SHELBYVILLE IN CLIMATE SUMMARY FOR THE MONTH OF OCTOBER 2023...
CLIMATE NORMAL PERIOD 1991 TO 2020
CLIMATE RECORD PERIOD 9999 TO 9999
WEATHER OBSERVED NORMAL DEPART LAST YEAR`S
VALUE DATE(S) VALUE FROM VALUE DATE(S)
NORMAL
................................................................
TEMPERATURE (F)
HIGHEST 90 10/03 80 10/23
LOWEST 26R 10/31 30 10/20
AVG. MAXIMUM 69.6 67.4 2.2 68.7
AVG. MINIMUM 47.8 44.7 3.1 42.8
MEAN 58.7 56.1 2.6 55.7
DAYS MAX >= 90 1 0.2 0.8 0
DAYS MAX <= 32 0 0.0 0.0 0
DAYS MIN <= 32 1 3.4 -2.4 2
DAYS MIN <= 0 0 0.0 0.0 0
PRECIPITATION (INCHES)
TOTALS 2.58 3.20 -0.62 MM
DAILY AVG. 0.08 0.10 -0.02 MM
DAYS >= .01 13 10.0 3.0 MM
DAYS >= .10 7 5.8 1.2 MM
DAYS >= .50 2 2.3 -0.3 MM
DAYS >= 1.00 0 1.1 -1.1 MM
GREATEST
24 HR. TOTAL 0.78 10/28 TO 10/29
DEGREE DAYS
HEATING TOTAL 241 304 -63 290
SINCE 7/1 249 364 -115 MM
COOLING TOTAL 54 26 28 10
SINCE 1/1 1264 1148 116 MM
................................................................
WIND (MPH)
AVERAGE WIND SPEED 7.6
HIGHEST WIND SPEED/DIRECTION 25/310 DATE 10/21
HIGHEST GUST SPEED/DIRECTION 35/320 DATE 10/06
35/310 10/21
SKY COVER
AVERAGE SKY COVER 0.42
AVERAGE RH (PERCENT) 65
WEATHER CONDITIONS. NUMBER OF DAYS WITH
THUNDERSTORM 1 MIXED PRECIP 0
HEAVY RAIN 4 RAIN 14
LIGHT RAIN 15 FREEZING RAIN 0
LT FREEZING RAIN 0 HAIL 0
HEAVY SNOW 0 SNOW 1
LIGHT SNOW 0 SLEET 0
FOG 12 FOG W/VIS <= 1/4 MILE 0
HAZE 7
- INDICATES NEGATIVE NUMBERS.
R INDICATES RECORD WAS SET OR TIED.
MM INDICATES DATA IS MISSING.
T INDICATES TRACE AMOUNT.
$$