000
CXUS55 KALY 010710
CF6GFL
PRELIMINARY LOCAL CLIMATOLOGICAL DATA (WS FORM: F-6)
STATION: GLENS FALLS NY
MONTH: JULY
YEAR: 2021
LATITUDE: 43 20 N
LONGITUDE: 73 37 W
TEMPERATURE IN F: :PCPN: SNOW: WIND :SUNSHINE: SKY :PK WND
================================================================================
1 2 3 4 5 6A 6B 7 8 9 10 11 12 13 14 15 16 17 18
12Z AVG MX 2MIN
DY MAX MIN AVG DEP HDD CDD WTR SNW DPTH SPD SPD DIR MIN PSBL S-S WX SPD DR
================================================================================
1 74 64 69 0 0 4 0.17 M M 5.0 13 210 M M 7 1 16 200
2 66 60 63 -6 2 0 0.26 M M 7.2 13 20 M M 10 1 16 10
3 65 58 62 -7 3 0 0.17 M M 3.1 9 60 M M 10 1 12 50
4 71 55 63 -6 2 0 0.01 M M 3.4 12 60 M M 8 12 14 60
5 80 50 65 -4 0 0 T M M 4.3 14 160 M M 4 12 17 180
6 87 68 78 9 0 13 0.45 M M 7.7 17 240 M M 4 13 24 210
7 76 60 68 -1 0 3 T M M 5.8 15 60 M M 3 12 19 60
8 72 58 65 -5 0 0 0.36 M M 5.0 14 200 M M 9 1 18 200
9 81 65 73 3 0 8 0.31 M M 4.8 15 30 M M 9 13 18 40
10 78 55 67 -3 0 2 0.00 M M 5.9 12 70 M M 3 15 60
11 73 52 63 -7 2 0 0.14 M M 3.4 10 210 M M 4 1 14 200
12 74 63 69 -1 0 4 0.85 M M 4.8 12 70 M M 10 1 15 360
13 74 66 70 0 0 5 0.09 M M 2.9 9 190 M M 10 1 13 200
14 80 68 74 4 0 9 1.52 M M 5.9 20 360 M M 8 13 27 350
15 83 67 75 5 0 10 0.00 M M 4.5 14 180 M M 5 1 19 190
16 86 70 78 8 0 13 0.00 M M 7.6 14 250 M M 2 21 220
17 73 64 69 -1 0 4 0.41 M M 7.2 14 360 M M 9 1 18 320
18 69 63 66 -4 0 1 0.59 M M 7.9 14 350 M M 10 1 17 10
19 80 64 72 2 0 7 0.06 M M 4.6 14 360 M M 6 1 18 310
20 80 61 71 1 0 6 0.30 M M 3.0 28 350 M M 6 1238 36 330
21 74 56 65 -5 0 0 0.02 M M 5.6 18 60 M M 7 1 23 50
22 80 54 67 -3 0 2 0.00 M M 3.7 17 340 M M 4 12 22 330
23 77 56 67 -3 0 2 0.05 M M 3.1 14 200 M M 3 13 15 10
24 80 52 66 -4 0 1 0.00 M M 2.8 10 190 M M 1 12 15 200
25 82 62 72 2 0 7 0.22 M M 7.2 17 160 M M 5 1 21 150
26 85 59 72 2 0 7 T M M 4.0 15 340 M M 3 128 23 320
27 81 55 68 -2 0 3 0.07 M M 4.0 21 350 M M 4 13 26 360
28 75 56 66 -4 0 1 0.00 M M 4.4 13 80 M M 7 12 16 60
29 70 50 60 -10 5 0 1.84 M M 4.0 16 120 M M 5 13 20 340
30 74 50 62 -8 3 0 0.16 M M 6.9 23 310 M M 4 12 29 320
31 71 46 59 -11 6 0 0.00 M M 3.1 12 170 M M 4 1 15 190
================================================================================
SM 2371 1827 23 112 8.05 M 152.8 M 184
================================================================================
AV 76.5 58.9 4.9 FASTST M M 6 MAX(MPH)
MISC ----> 28 350 36 330
================================================================================
NOTES:
# LAST OF SEVERAL OCCURRENCES
COLUMN 17 PEAK WIND IN M.P.H.
PRELIMINARY LOCAL CLIMATOLOGICAL DATA (WS FORM: F-6) , PAGE 2
STATION: GLENS FALLS NY
MONTH: JULY
YEAR: 2021
LATITUDE: 43 20 N
LONGITUDE: 73 37 W
[TEMPERATURE DATA] [PRECIPITATION DATA] SYMBOLS USED IN COLUMN 16
AVERAGE MONTHLY: 67.7 TOTAL FOR MONTH: 8.05 1 = FOG OR MIST
DPTR FM NORMAL: -2.0 DPTR FM NORMAL: 3.79 2 = FOG REDUCING VISIBILITY
HIGHEST: 87 ON 6 GRTST 24HR 2.00 ON 29-30 TO 1/4 MILE OR LESS
LOWEST: 46 ON 31 3 = THUNDER
SNOW, ICE PELLETS, HAIL 4 = ICE PELLETS
TOTAL MONTH: M 5 = HAIL
GRTST 24HR M ON M 6 = FREEZING RAIN OR DRIZZLE
GRTST DEPTH: M ON M 7 = DUSTSTORM OR SANDSTORM:
VSBY 1/2 MILE OR LESS
8 = SMOKE OR HAZE
[NO. OF DAYS WITH] [WEATHER - DAYS WITH] 9 = BLOWING SNOW
X = TORNADO
MAX 32 OR BELOW: 0 0.01 INCH OR MORE: 21
MAX 90 OR ABOVE: 0 0.10 INCH OR MORE: 15
MIN 32 OR BELOW: 0 0.50 INCH OR MORE: 4
MIN 0 OR BELOW: 0 1.00 INCH OR MORE: 2
[HDD (BASE 65) ]
TOTAL THIS MO. 23 CLEAR (SCALE 0-3) 4
DPTR FM NORMAL 9 PTCLDY (SCALE 4-7) 19
TOTAL FM JUL 1 23 CLOUDY (SCALE 8-10) 8
DPTR FM NORMAL 17
[CDD (BASE 65) ]
TOTAL THIS MO. 112
DPTR FM NORMAL -46 [PRESSURE DATA]
TOTAL FM JAN 1 296 HIGHEST SLP M ON M
DPTR FM NORMAL 42 LOWEST SLP 29.64 ON 29
[REMARKS]
#FINAL-07-21#