000
CXUS55 KGJT 011204
CLMGJT


CLIMATE REPORT
NATIONAL WEATHER SERVICE GRAND JUNCTION CO
456 AM MST SAT MAR 1 2014

...................................

...THE GRAND JUNCTION CO CLIMATE SUMMARY FOR THE MONTH OF FEBRUARY 2014...

CLIMATE NORMAL PERIOD 1981 TO 2010
CLIMATE RECORD PERIOD 1893 TO 2014

WEATHER         OBSERVED          NORMAL  DEPART  LAST YEAR`S
                 VALUE   DATE(S)  VALUE   FROM    VALUE  DATE(S)
                                          NORMAL
................................................................
TEMPERATURE (F)
RECORD
 HIGH              70   02/24/1904
 LOW              -21   02/08/1933
HIGHEST            63   02/16        50      13       55  02/08
LOWEST              1   02/02        19     -18       13  02/12
AVG. MAXIMUM     46.0              45.4     0.6     41.5
AVG. MINIMUM     24.1              23.7     0.4     22.2
MEAN             35.1              34.5     0.6     31.8
DAYS MAX >= 90      0               0.0     0.0        0
DAYS MAX <= 32      5               1.6     3.4        1
DAYS MIN <= 32     26              24.3     1.7       28
DAYS MIN <= 0       0               0.3    -0.3        0

PRECIPITATION (INCHES)
RECORD
 MAXIMUM         1.77   1893
 MINIMUM            T   1898
                        1972
TOTALS           0.71              0.54    0.17     0.39
DAILY AVG.       0.03              0.02    0.01     0.01
DAYS >= .01         6               6.2    -0.2        6
DAYS >= .10         3               1.9     1.1        2
DAYS >= .50         0               0.0     0.0        0
DAYS >= 1.00        0               0.0     0.0        0
GREATEST
 24 HR. TOTAL    0.41   02/09 TO 02/10              0.17

SNOWFALL (INCHES)
RECORDS
 TOTAL           18.7   1893
TOTALS            2.6               3.2    -0.6      5.6
SINCE 7/1        25.7              15.5    10.2     20.0
SNOWDEPTH AVG.      2                MM      MM        0
DAYS >= 1.0         1               1.1    -0.1        3
GREATEST
 SNOW DEPTH         5   02/06                          2  02/11
                        02/05
                        02/02
 24 HR TOTAL      2.4   02/04 TO 02/04               1.8

DEGREE_DAYS
HEATING TOTAL     829               853     -24      920
 SINCE 7/1       4938              4379     559     4763
COOLING TOTAL       0                 0       0        0
 SINCE 1/1          0                 0       0        0
.................................................................

WIND (MPH)
AVERAGE WIND SPEED              5.4
HIGHEST WIND SPEED/DIRECTION    33/260    DATE  02/19
HIGHEST GUST SPEED/DIRECTION    41/260    DATE  02/19

SKY COVER
POSSIBLE SUNSHINE (PERCENT)   MM
AVERAGE SKY COVER           0.40
NUMBER OF DAYS FAIR           14
NUMBER OF DAYS PC              9
NUMBER OF DAYS CLOUDY          5

AVERAGE RH (PERCENT)     67

WEATHER CONDITIONS. NUMBER OF DAYS WITH
THUNDERSTORM              1     MIXED PRECIP               0
HEAVY RAIN                1     RAIN                       2
LIGHT RAIN                6     FREEZING RAIN              0
LT FREEZING RAIN          0     HAIL                       1
HEAVY SNOW                1     SNOW                       2
LIGHT SNOW                7     SLEET                      0
FOG                      10     FOG W/VIS <= 1/4 MILE      2
HAZE                      3

-  INDICATES NEGATIVE NUMBERS.
R  INDICATES RECORD WAS SET OR TIED.
MM INDICATES DATA IS MISSING.
T  INDICATES TRACE AMOUNT.

$$
