000
CXUS55 KGJT 011326 CCA
CLMGJT

CLIMATE REPORT...COR TO LOWEST TEMPERATURE
NATIONAL WEATHER SERVICE GRAND JUNCTION CO
458 AM MST TUE MAR 1 2016

...................................

...THE GRAND JUNCTION CO CLIMATE SUMMARY FOR THE MONTH OF FEBRUARY 2016...

CLIMATE NORMAL PERIOD 1981 TO 2010
CLIMATE RECORD PERIOD 1893 TO 2016

WEATHER         OBSERVED          NORMAL  DEPART  LAST YEAR`S
                 VALUE   DATE(S)  VALUE   FROM    VALUE  DATE(S)
                                          NORMAL
................................................................
TEMPERATURE (F)
RECORD
 HIGH              70   02/24/1904
 LOW              -21   02/08/1933
HIGHEST            62   02/18        50      12       63  02/13
                                                          02/09
LOWEST             -1   02/03        19     -20       15  02/17
AVG. MAXIMUM     44.6              45.4    -0.8     52.6
AVG. MINIMUM     20.1              23.7    -3.6     25.8
MEAN             32.4              34.5    -2.1     39.2
DAYS MAX >= 90      0               0.0     0.0        0
DAYS MAX <= 32      5               1.6     3.4        0
DAYS MIN <= 32     27              24.3     2.7       26
DAYS MIN <= 0       3               0.3     2.7        0

PRECIPITATION (INCHES)
RECORD
 MAXIMUM         1.77   1893
 MINIMUM            T   1898
                        1972
TOTALS           0.45              0.54   -0.09     0.13
DAILY AVG.       0.02                MM      MM     0.00
DAYS >= .01         4               6.2    -2.2        3
DAYS >= .10         1               1.9    -0.9        0
DAYS >= .50         0               0.0     0.0        0
DAYS >= 1.00        0               0.0     0.0        0
GREATEST
 24 HR. TOTAL    0.39   02/01 TO 02/01              0.10

SNOWFALL (INCHES)
RECORDS
 TOTAL           18.7   1893
TOTALS            4.7               3.2     1.5      1.7
SINCE 7/1        27.4              15.5    11.9      8.6
SNOWDEPTH AVG.      2                MM      MM        0
DAYS >= 1.0         1               1.1    -0.1        0
GREATEST
 SNOW DEPTH         5   02/05                          1  02/23
                        02/02
 24 HR TOTAL      4.0   02/01 TO 02/01               1.3

DEGREE_DAYS
HEATING TOTAL     941               853      88      715
 SINCE 7/1       4478              4404      74     3985
COOLING TOTAL       0                 0       0        0
 SINCE 1/1          0                 0       0        0
.................................................................

WIND (MPH)
AVERAGE WIND SPEED              4.8
HIGHEST WIND SPEED/DIRECTION    38/200    DATE  02/18
HIGHEST GUST SPEED/DIRECTION    50/190    DATE  02/18

SKY COVER
POSSIBLE SUNSHINE (PERCENT)   MM
AVERAGE SKY COVER           0.20
NUMBER OF DAYS FAIR           21
NUMBER OF DAYS PC              6
NUMBER OF DAYS CLOUDY          2

AVERAGE RH (PERCENT)     70

WEATHER CONDITIONS. NUMBER OF DAYS WITH
THUNDERSTORM              0     MIXED PRECIP               0
HEAVY RAIN                0     RAIN                       0
LIGHT RAIN                2     FREEZING RAIN              0
LT FREEZING RAIN          0     HAIL                       0
HEAVY SNOW                1     SNOW                       1
LIGHT SNOW                3     SLEET                      0
FOG                       7     FOG W/VIS <= 1/4 MILE      1
HAZE                      2

-  INDICATES NEGATIVE NUMBERS.
R  INDICATES RECORD WAS SET OR TIED.
MM INDICATES DATA IS MISSING.
T  INDICATES TRACE AMOUNT.

$$
