000
CXUS55 KGJT 020257 CCA
CLMGJT

CLIMATE REPORT...CORRECTED FOR TYPOS IN SNOWFALL SECTION
NATIONAL WEATHER SERVICE GRAND JUNCTION CO
448 AM MST SAT FEB 1 2014

...................................

...THE GRAND JUNCTION CO CLIMATE SUMMARY FOR THE MONTH OF JANUARY 2014...

CLIMATE NORMAL PERIOD 1981 TO 2010
CLIMATE RECORD PERIOD 1893 TO 2014

WEATHER         OBSERVED          NORMAL  DEPART  LAST YEAR`S
                 VALUE   DATE(S)  VALUE   FROM    VALUE  DATE(S)
                                          NORMAL
................................................................
TEMPERATURE (F)
RECORD
 HIGH              62   01/31/1911
 LOW              -23   01/13/1963
HIGHEST            44   01/18        40       4       42  01/27
                                                          01/10
LOWEST              1   01/05        15     -14      -12  01/15
                                                          01/14
AVG. MAXIMUM     35.1              37.7    -2.6     25.6
AVG. MINIMUM     13.4              17.0    -3.6      3.0
MEAN             24.3              27.4    -3.1     14.3
DAYS MAX >= 90      0               0.0     0.0        0
DAYS MAX <= 32      7               7.9    -0.9       25
DAYS MIN <= 32     31              30.2     0.8       31
DAYS MIN <= 0       0               1.6    -1.6       19

PRECIPITATION (INCHES)
RECORD
 MAXIMUM         2.46   1957
 MINIMUM            T   1961
TOTALS           0.67              0.58    0.09     0.61
DAILY AVG.       0.02              0.02    0.00     0.02
DAYS >= .01         4               5.9    -1.9        7
DAYS >= .10         2               2.1    -0.1        2
DAYS >= .50         0               0.0     0.0        0
DAYS >= 1.00        0               0.0     0.0        0
GREATEST
 24 HR. TOTAL    0.52   01/30 TO 01/31              0.40

SNOWFALL (INCHES)
RECORDS
 TOTAL           33.7   1957
TOTALS            7.6               4.9     2.7      1.4
SINCE 7/1        23.1              12.3    10.8     14.4
SNOWDEPTH AVG.      3                 3       0        3
DAYS >= 1.0         2               1.5     0.5        0
GREATEST
 SNOW DEPTH         5   01/31                          4  01/25
                                                          01/24
                                                          01/23
 24 HR TOTAL      5.0   01/30 TO 01/30               0.7

DEGREE_DAYS
HEATING TOTAL    1254              1167      87     1563
 SINCE 7/1       4109              3526     583     3843
COOLING TOTAL       0                 0       0        0
 SINCE 1/1          0                 0       0        0
.................................................................

WIND (MPH)
AVERAGE WIND SPEED              4.3
HIGHEST WIND SPEED/DIRECTION    29/330    DATE  01/04
HIGHEST GUST SPEED/DIRECTION    35/270    DATE  01/12

SKY COVER
POSSIBLE SUNSHINE (PERCENT)   MM
AVERAGE SKY COVER           0.20
NUMBER OF DAYS FAIR           23
NUMBER OF DAYS PC              4
NUMBER OF DAYS CLOUDY          4

AVERAGE RH (PERCENT)     71

WEATHER CONDITIONS. NUMBER OF DAYS WITH
THUNDERSTORM              0     MIXED PRECIP               0
HEAVY RAIN                0     RAIN                       0
LIGHT RAIN                1     FREEZING RAIN              0
LT FREEZING RAIN          0     HAIL                       0
HEAVY SNOW                0     SNOW                       3
LIGHT SNOW                5     SLEET                      0
FOG                       7     FOG W/VIS <= 1/4 MILE      2
HAZE                      1

-  INDICATES NEGATIVE NUMBERS.
R  INDICATES RECORD WAS SET OR TIED.
MM INDICATES DATA IS MISSING.
T  INDICATES TRACE AMOUNT.

$$
