000
CXUS55 KGJT 012007
CLMGJT
CLIMATE REPORT
NATIONAL WEATHER SERVICE GRAND JUNCTION CO
107 PM MST FRI DEC 01 2023
...................................
...THE GRAND JUNCTION CO CLIMATE SUMMARY FOR THE MONTH OF NOVEMBER 2023...
CLIMATE NORMAL PERIOD 1991 TO 2020
CLIMATE RECORD PERIOD 1893 TO 2023
WEATHER OBSERVED NORMAL DEPART LAST YEAR`S
VALUE DATE(S) VALUE FROM VALUE DATE(S)
NORMAL
................................................................
TEMPERATURE (F)
RECORD
HIGH 76 11/02/2008
LOW -4 11/30/2004
HIGHEST 73 11/06 58 15 69 11/07
LOWEST 12 11/26 21 -9 16 11/19
11/20
AVG. MAXIMUM 53.7 51.8 1.9 47.9
AVG. MINIMUM 28.6 27.5 1.1 26.7
MEAN 41.2 39.6 1.6 37.3
DAYS MAX >= 90 0 0.0 0.0 0
DAYS MAX <= 32 1 0.6 0.4 0
DAYS MIN <= 32 18 23.0 -5.0 24
DAYS MIN <= 0 0 0.0 0.0 0
PRECIPITATION (INCHES)
RECORD
MAXIMUM 2.39 1895
MINIMUM 0.00 1904
TOTALS 0.71 0.61 0.10 0.58
DAILY AVG. 0.02 0.02 -0.00 0.02
DAYS >= .01 4 5.4 -1.4 4
DAYS >= .10 3 2.1 0.9 1
DAYS >= .50 0 0.1 -0.1 0
DAYS >= 1.00 0 0.0 0.0 0
GREATEST
24 HR. TOTAL 0.44 11/24 TO 11/25 0.47
SNOWFALL (INCHES)
RECORDS
TOTAL 23.6 1919
TOTALS 3.5 1.9 1.6 2.6
SINCE 7/1 3.5 2.3 1.2 3.0
SNOWDEPTH AVG. 0 0
DAYS >= 1.0 2 0.7 1.3 1
GREATEST
SNOW DEPTH 3 11/25 2 11/04
24 HR TOTAL 1.8 11/24 TO 11/24 1.7
DEGREE DAYS
HEATING TOTAL 709 760 -51 824
SINCE 7/1 1005 1191 -186 1175
COOLING TOTAL 0 0 0 0
SINCE 1/1 1450 1233 217 1514
................................................................
WIND (MPH)
AVERAGE WIND SPEED 5.4
HIGHEST WIND SPEED/DIRECTION 25/260 DATE 11/07
HIGHEST GUST SPEED/DIRECTION 37/190 DATE 11/07
SKY COVER
POSSIBLE SUNSHINE (PERCENT) MM
AVERAGE SKY COVER 0.18
NUMBER OF DAYS FAIR 23
NUMBER OF DAYS PC 5
NUMBER OF DAYS CLOUDY 2
AVERAGE RH (PERCENT) 55
WEATHER CONDITIONS. NUMBER OF DAYS WITH
THUNDERSTORM 0 MIXED PRECIP 0
HEAVY RAIN 1 RAIN 1
LIGHT RAIN 5 FREEZING RAIN 0
LT FREEZING RAIN 0 HAIL 0
HEAVY SNOW 0 SNOW 0
LIGHT SNOW 3 SLEET 0
FOG 5 FOG W/VIS <= 1/4 MILE 0
HAZE 2
- INDICATES NEGATIVE NUMBERS.
R INDICATES RECORD WAS SET OR TIED.
MM INDICATES DATA IS MISSING.
T INDICATES TRACE AMOUNT.
$$