000
CXUS53 KGLD 041400
CF6GLD
PRELIMINARY LOCAL CLIMATOLOGICAL DATA (WS FORM: F-6)
STATION: GOODLAND KS
MONTH: APRIL
YEAR: 2021
LATITUDE: 39 22 N
LONGITUDE: 101 42 W
TEMPERATURE IN F: :PCPN: SNOW: WIND :SUNSHINE: SKY :PK WND
================================================================================
1 2 3 4 5 6A 6B 7 8 9 10 11 12 13 14 15 16 17 18
12Z AVG MX 2MIN
DY MAX MIN AVG DEP HDD CDD WTR SNW DPTH SPD SPD DIR MIN PSBL S-S WX SPD DR
================================================================================
1 68 24 46 1 19 0 0.00 0.0 0 13.7 29 190 M M 0 37 190
2 79 32 56 11 9 0 0.00 0.0 0 8.3 18 190 M M 0 23 190
3 82 34 58 13 7 0 0.00 0.0 0 10.0 18 200 M M 0 26 200
4 87 38 63 17 2 0 0.00 0.0 0 12.4 25 220 M M 0 36 200
5 88 41 65 19 0 0 T 0.0 0 10.4 22 160 M M 0 30 160
6 62 35 49 3 16 0 0.00 0.0 0 24.8 43 330 M M 4 55 340
7 54 32 43 -3 22 0 0.05 0.3 0 24.2 45 340 M M 7 138 57 350
8 72 30 51 4 14 0 0.00 0.0 0 11.2 28 340 M M 0 40 320
9 54 27 41 -6 24 0 0.00 0.0 0 19.8 39 340 M M 4 53 350
10 68 23 46 -1 19 0 0.00 0.0 0 9.6 20 230 M M 0 25 230
11 62 36 49 1 16 0 0.00 0.0 0 18.3 32 360 M M 0 51 360
12 55 22 39 -9 26 0 0.00 0.0 0 9.3 20 360 M M 4 8 26 340
13 49 32 41 -7 24 0 0.00 0.0 0 5.7 13 220 M M 7 8 18 220
14 53 24 39 -10 26 0 0.00 0.0 0 11.8 20 70 M M 3 26 90
15 40 32 36 -13 29 0 0.33 2.0 0 14.0 23 100 M M 10 1 31 120
16 38 30 34 -15 31 0 0.39 2.8 5 13.8 22 350 M M 10 1 29 320
17 48 29 39 -11 26 0 0.01 T T 11.8 24 360 M M 8 33 340
18 63 29 46 -4 19 0 0.00 0.0 0 10.7 21 330 M M 1 29 340
19 44 24 34 -16 31 0 0.09 1.3 0 15.3 26 30 M M 8 12 34 330
20 43 19 31 -19 34 0 T T 1 13.1 25 330 M M 5 1 36 320
21 44 18 31 -20 34 0 0.00 0.0 0 7.2 15 340 M M 5 19 350
22 66 30 48 -3 17 0 0.00 0.0 0 21.2 41 170 M M 2 53 180
23 67 33 50 -2 15 0 T 0.0 0 7.1 21 360 M M 2 32 10
24 66 31 49 -3 16 0 0.00 0.0 0 13.1 29 160 M M 4 1 39 160
25 81 43 62 10 3 0 0.00 0.0 0 12.1 28 170 M M 0 37 170
26 88 51 70 17 0 5 0.00 0.0 0 14.6 30 250 M M 0 41 250
27 71 40 56 3 9 0 0.06 0.0 0 15.3 35 70 M M 4 138 45 70
28 58 37 48 -5 17 0 T 0.0 0 11.7 23 10 M M 7 1 29 360
29 72 37 55 1 10 0 0.00 0.0 0 11.7 24 350 M M 0 38 20
30 81 45 63 9 2 0 0.00 0.0 0 14.4 23 190 M M 0 31 180
================================================================================
SM 1903 958 517 5 0.93 6.4 396.6 M 95
================================================================================
AV 63.4 31.9 13.2 FASTST M M 3 MAX(MPH)
MISC ----> 45 340 57 350
================================================================================
NOTES:
# LAST OF SEVERAL OCCURRENCES
COLUMN 17 PEAK WIND IN M.P.H.
PRELIMINARY LOCAL CLIMATOLOGICAL DATA (WS FORM: F-6) , PAGE 2
STATION: GOODLAND KS
MONTH: APRIL
YEAR: 2021
LATITUDE: 39 22 N
LONGITUDE: 101 42 W
[TEMPERATURE DATA] [PRECIPITATION DATA] SYMBOLS USED IN COLUMN 16
AVERAGE MONTHLY: 47.7 TOTAL FOR MONTH: 0.93 1 = FOG OR MIST
DPTR FM NORMAL: -1.5 DPTR FM NORMAL: -0.66 2 = FOG REDUCING VISIBILITY
HIGHEST: 88 ON 26, 5 GRTST 24HR 0.71 ON 15-16 TO 1/4 MILE OR LESS
LOWEST: 18 ON 21 3 = THUNDER
SNOW, ICE PELLETS, HAIL 4 = ICE PELLETS
TOTAL MONTH: 6.4 INCHES 5 = HAIL
GRTST 24HR 2.8 ON 16-16 6 = FREEZING RAIN OR DRIZZLE
GRTST DEPTH: 5 ON 16 7 = DUSTSTORM OR SANDSTORM:
VSBY 1/2 MILE OR LESS
8 = SMOKE OR HAZE
[NO. OF DAYS WITH] [WEATHER - DAYS WITH] 9 = BLOWING SNOW
X = TORNADO
MAX 32 OR BELOW: 0 0.01 INCH OR MORE: 6
MAX 90 OR ABOVE: 0 0.10 INCH OR MORE: 2
MIN 32 OR BELOW: 18 0.50 INCH OR MORE: 0
MIN 0 OR BELOW: 0 1.00 INCH OR MORE: 0
[HDD (BASE 65) ]
TOTAL THIS MO. 517 CLEAR (SCALE 0-3) 16
DPTR FM NORMAL 37 PTCLDY (SCALE 4-7) 11
TOTAL FM JUL 1 5673 CLOUDY (SCALE 8-10) 3
DPTR FM NORMAL 19
[CDD (BASE 65) ]
TOTAL THIS MO. 5
DPTR FM NORMAL 1 [PRESSURE DATA]
TOTAL FM JAN 1 5 HIGHEST SLP 30.48 ON 1
DPTR FM NORMAL 1 LOWEST SLP 29.30 ON 26
[REMARKS]
#FINAL-04-21#