000
CXUS53 KGLD 010800
CF6GLD
PRELIMINARY LOCAL CLIMATOLOGICAL DATA (WS FORM: F-6)
STATION: GOODLAND KS
MONTH: AUGUST
YEAR: 2023
LATITUDE: 39 22 N
LONGITUDE: 101 42 W
TEMPERATURE IN F: :PCPN: SNOW: WIND :SUNSHINE: SKY :PK WND
================================================================================
1 2 3 4 5 6A 6B 7 8 9 10 11 12 13 14 15 16 17 18
12Z AVG MX 2MIN
DY MAX MIN AVG DEP HDD CDD WTR SNW DPTH SPD SPD DIR MIN PSBL S-S WX SPD DR
================================================================================
1 91 67 79 3 0 14 0.02 0.0 0 7.1 21 20 M M 5 13 33 10
2 93 64 79 3 0 14 0.22 0.0 0 4.9 21 340 M M 1 13 27 340
3 88 64 76 0 0 11 0.24 0.0 0 7.4 36 260 M M 3 13 51 250
4 87 60 74 -2 0 9 0.00 0.0 0 6.2 18 40 M M 0 24 60
5 87 60 74 -2 0 9 0.32 0.0 0 10.1 25 330 M M 4 13 37 330
6 79 57 68 -7 0 3 T 0.0 0 11.6 25 340 M M 1 34 340
7 85 56 71 -4 0 6 1.66 T 0 11.0 38 20 M M 1 13 57 10
8 80 54 67 -8 0 2 0.72 0.0 0 11.8 23 150 M M 3 13 37 150
9 81 59 70 -5 0 5 0.08 0.0 0 7.6 20 150 M M 3 123 26 180
10 92 58 75 0 0 10 0.00 0.0 0 7.6 23 210 M M 0 31 210
11 94 66 80 5 0 15 0.00 0.0 0 6.9 15 210 M M 0 22 200
12 82 65 74 0 0 9 T 0.0 0 9.2 20 180 M M 4 12 27 180
13 78 54 66 -8 0 1 0.00 0.0 0 13.3 30 10 M M 2 43 20
14 79 50 65 -9 0 0 0.00 0.0 0 8.4 20 350 M M 0 28 330
15 87 50 69 -5 0 4 0.00 0.0 0 7.8 14 200 M M 0 19 200
16 100 61 81 7 0 16 0.00 0.0 0 8.1 15 210 M M 0 23 210
17 84 60 72 -2 0 7 0.00 0.0 0 10.0 17 190 M M 0 23 190
18 99 65 82 8 0 17 0.00 0.0 0 15.2 26 190 M M 0 41 200
19 100 67 84 11 0 19 0.00 0.0 0 7.3 20 330 M M 0 25 330
20 96 63 80 7 0 15 0.00 0.0 0 11.6 24 180 M M 1 12 36 170
21 97 66 82 9 0 17 0.00 0.0 0 15.1 28 200 M M 0 40 190
22 97 70 84 11 0 19 0.00 0.0 0 13.5 23 190 M M 0 34 200
23 97 66 82 10 0 17 0.00 0.0 0 13.5 23 200 M M 0 36 210
24 96 68 82 10 0 17 0.00 0.0 0 12.0 20 170 M M 0 28 190
25 96 61 79 7 0 14 0.29 0.0 0 11.7 36 10 M M 2 138 57 30
26 80 58 69 -3 0 4 0.03 0.0 0 6.9 16 350 M M 1 1 23 350
27 85 54 70 -2 0 5 0.00 0.0 0 7.6 13 180 M M 0 17 130
28 88 59 74 3 0 9 0.00 0.0 0 8.0 17 330 M M 1 25 340
29 88 56 72 1 0 7 0.00 0.0 M 8.3 20 360 M M 0 8 28 340
30 90 57 74 3 0 9 0.00 0.0 M 11.9 18 180 M M 0 25 170
31 95 60 78 7 0 13 0.00 0.0 0 14.4 20 160 M M 0 28 180
================================================================================
SM 2771 1875 0 317 3.58 T 306.0 M 32
================================================================================
AV 89.4 60.5 9.9 FASTST M M 1 MAX(MPH)
MISC ----> 38 20 # 57 10
================================================================================
NOTES:
# LAST OF SEVERAL OCCURRENCES
COLUMN 17 PEAK WIND IN M.P.H.
PRELIMINARY LOCAL CLIMATOLOGICAL DATA (WS FORM: F-6) , PAGE 2
STATION: GOODLAND KS
MONTH: AUGUST
YEAR: 2023
LATITUDE: 39 22 N
LONGITUDE: 101 42 W
[TEMPERATURE DATA] [PRECIPITATION DATA] SYMBOLS USED IN COLUMN 16
AVERAGE MONTHLY: 74.9 TOTAL FOR MONTH: 3.58 1 = FOG OR MIST
DPTR FM NORMAL: 1.3 DPTR FM NORMAL: 0.52 2 = FOG REDUCING VISIBILITY
HIGHEST: 100 ON 19,16 GRTST 24HR 1.66 ON 6- 7 TO 1/4 MILE OR LESS
LOWEST: 50 ON 15,14 3 = THUNDER
SNOW, ICE PELLETS, HAIL 4 = ICE PELLETS
TOTAL MONTH: T 5 = HAIL
GRTST 24HR T ON 7- 7 6 = FREEZING RAIN OR DRIZZLE
GRTST DEPTH: 0 7 = DUSTSTORM OR SANDSTORM:
VSBY 1/2 MILE OR LESS
8 = SMOKE OR HAZE
[NO. OF DAYS WITH] [WEATHER - DAYS WITH] 9 = BLOWING SNOW
X = TORNADO
MAX 32 OR BELOW: 0 0.01 INCH OR MORE: 9
MAX 90 OR ABOVE: 15 0.10 INCH OR MORE: 6
MIN 32 OR BELOW: 0 0.50 INCH OR MORE: 2
MIN 0 OR BELOW: 0 1.00 INCH OR MORE: 1
[HDD (BASE 65) ]
TOTAL THIS MO. 0 CLEAR (SCALE 0-3) 27
DPTR FM NORMAL -8 PTCLDY (SCALE 4-7) 4
TOTAL FM JUL 1 2 CLOUDY (SCALE 8-10) 0
DPTR FM NORMAL -5
[CDD (BASE 65) ]
TOTAL THIS MO. 317
DPTR FM NORMAL 41 [PRESSURE DATA]
TOTAL FM JAN 1 799 HIGHEST SLP M ON M
DPTR FM NORMAL -70 LOWEST SLP 29.67 ON 18
[REMARKS]
#FINAL-08-23#