000
CXUS54 KFWD 010830
CF6GLE
PRELIMINARY LOCAL CLIMATOLOGICAL DATA (WS FORM: F-6)
STATION: GAINESVILLE
MONTH: FEBRUARY
YEAR: 2023
LATITUDE: 33 39 N
LONGITUDE: 97 12 W
TEMPERATURE IN F: :PCPN: SNOW: WIND :SUNSHINE: SKY :PK WND
================================================================================
1 2 3 4 5 6A 6B 7 8 9 10 11 12 13 14 15 16 17 18
12Z AVG MX 2MIN
DY MAX MIN AVG DEP HDD CDD WTR SNW DPTH SPD SPD DIR MIN PSBL S-S WX SPD DR
================================================================================
1 30 24 27 -17 38 0 M M M 4.7 10 360 M M 8 6 M M
2 33 27 30 -14 35 0 0.00 M M 5.0 12 340 M M 8 1 M M
3 57 26 42 -2 23 0 0.00 M M 3.9 8 30 M M 0 1 M M
4 58 30 44 0 21 0 0.00 M M 9.7 20 190 M M 0 1 28 190
5 68 34 51 7 14 0 0.00 M M 5.4 10 170 M M 2 12 M M
6 73 47 60 15 5 0 0.00 M M 12.7 24 180 M M 3 1 33 190
7 61 43 52 7 13 0 0.11 M M 13.0 18 20 M M 10 1 27 20
8 44 33 39 -6 26 0 0.73 M M 11.1 18 300 M M 9 1 25 300
9 61 27 44 -1 21 0 0.00 M M 3.9 13 360 M M 5 12 M M
10 44 31 38 -7 27 0 0.00 M M 11.5 17 330 M M 8 24 350
11 56 28 42 -4 23 0 0.00 M M 6.1 12 360 M M 2 M M
12 69 27 48 2 17 0 0.00 M M 5.4 15 180 M M 0 20 230
13 64 33 49 3 16 0 0.00 M M 6.2 16 160 M M 0 24 160
14 69 48 59 13 6 0 0.44 M M 14.7 29 230 M M 6 40 230
15 74 40 57 11 8 0 0.00 M M 9.7 22 320 M M 1 36 230
16 43 31 37 -9 28 0 0.00 M M 18.2 24 320 M M 4 35 320
17 54 25 40 -7 25 0 0.00 M M 5.0 15 340 M M 0 18 340
18 50 26 38 -9 27 0 0.00 M M 7.7 16 200 M M 1 23 200
19 69 38 54 7 11 0 0.00 M M 8.0 12 220 M M 1 16 220
20 81 51 66 19 0 1 0.00 M M 8.8 20 270 M M 0 32 270
21 87 50 69 21 0 4 0.00 M M 10.1 24 170 M M 0 29 170
22 78 55 67 19 0 2 0.29 M M 13.4 26 250 M M 4 33 250
23 58 34 46 -2 19 0 0.00 M M 10.7 17 360 M M 3 24 10
24 42 37 40 -8 25 0 0.00 M M 10.2 15 10 M M 10 20 40
25 46 35 41 -7 24 0 0.00 M M 3.7 8 340 M M 10 1 M M
26 70 44 57 8 8 0 0.00 M M 9.8 33 170 M M 8 128 46 190
27 76 46 61 12 4 0 0.00 M M 8.7 20 250 M M 3 8 25 250
28 84 37 61 12 4 0 0.00 M M 6.1 13 230 M M 0 18 220
================================================================================
SM 1699 1007 468 7 1.57 M 243.5 M 106
================================================================================
AV 60.7 36.0 8.7 FASTST M M 4 MAX(MPH)
MISC ----> 33 170 46 190
================================================================================
NOTES:
# LAST OF SEVERAL OCCURRENCES
COLUMN 17 PEAK WIND IN M.P.H.
PRELIMINARY LOCAL CLIMATOLOGICAL DATA (WS FORM: F-6) , PAGE 2
STATION: GAINESVILLE
MONTH: FEBRUARY
YEAR: 2023
LATITUDE: 33 39 N
LONGITUDE: 97 12 W
[TEMPERATURE DATA] [PRECIPITATION DATA] SYMBOLS USED IN COLUMN 16
AVERAGE MONTHLY: 48.3 TOTAL FOR MONTH: 1.57 1 = FOG OR MIST
DPTR FM NORMAL: 2.0 DPTR FM NORMAL: -1.13 2 = FOG REDUCING VISIBILITY
HIGHEST: 87 ON 21 GRTST 24HR 0.73 ON 8- 8 TO 1/4 MILE OR LESS
LOWEST: 24 ON 1 3 = THUNDER
SNOW, ICE PELLETS, HAIL 4 = ICE PELLETS
TOTAL MONTH: M 5 = HAIL
GRTST 24HR M ON M 6 = FREEZING RAIN OR DRIZZLE
GRTST DEPTH: M ON M 7 = DUSTSTORM OR SANDSTORM:
VSBY 1/2 MILE OR LESS
8 = SMOKE OR HAZE
[NO. OF DAYS WITH] [WEATHER - DAYS WITH] 9 = BLOWING SNOW
X = TORNADO
MAX 32 OR BELOW: 1 0.01 INCH OR MORE: 4
MAX 90 OR ABOVE: 0 0.10 INCH OR MORE: 4
MIN 32 OR BELOW: 11 0.50 INCH OR MORE: 1
MIN 0 OR BELOW: 0 1.00 INCH OR MORE: 0
[HDD (BASE 65) ]
TOTAL THIS MO. 468 CLEAR (SCALE 0-3) 15
DPTR FM NORMAL -58 PTCLDY (SCALE 4-7) 8
TOTAL FM JUL 1 2097 CLOUDY (SCALE 8-10) 5
DPTR FM NORMAL -277
[CDD (BASE 65) ]
TOTAL THIS MO. 7
DPTR FM NORMAL 5 [PRESSURE DATA]
TOTAL FM JAN 1 7 HIGHEST SLP M ON M
DPTR FM NORMAL 7 LOWEST SLP M ON M
[REMARKS]
#FINAL-02-23#