000
CXUS54 KMAF 011110
CF6GNC
PRELIMINARY LOCAL CLIMATOLOGICAL DATA (WS FORM: F-6)
STATION: GAINES COUNTY AIRPORT
MONTH: MAY
YEAR: 2023
LATITUDE: 32 40 N
LONGITUDE: 102 39 W
TEMPERATURE IN F: :PCPN: SNOW: WIND :SUNSHINE: SKY :PK WND
================================================================================
1 2 3 4 5 6A 6B 7 8 9 10 11 12 13 14 15 16 17 18
12Z AVG MX 2MIN
DY MAX MIN AVG DEP HDD CDD WTR SNW DPTH SPD SPD DIR MIN PSBL S-S WX SPD DR
================================================================================
1 78 47 63 M 2 0 M M M 8.7 14 100 M M 0 21 90
2 86 54 70 M 0 5 0.17 M M 10.0 17 60 M M 1 35 120
3 82 56 69 M 0 4 0.11 M M 5.5 13 140 M M 0 17 140
4 86 62 74 M 0 9 M M M 9.4 23 250 M M 1 1 29 250
5 89 58 74 M 0 9 M M M 10.5 18 250 M M 0 28 210
6 89 53 71 M 0 6 M M M 6.5 10 230 M M 0 18 250
7 93 56 75 M 0 10 M M M 7.6 10 180 M M 0 21 180
8 93 61 77 M 0 12 M M M 6.4 16 220 M M 0 21 230
9 95 63 79 M 0 14 M M M 8.4 17 140 M M 0 24 140
10 91 60 76 M 0 11 M M M 12.1 20 130 M M 0 28 150
11 85 57 71 M 0 6 M M M 11.6 18 140 M M 0 25 240
12 92 53 73 M 0 8 M M M 7.9 23 140 M M 0 8 43 120
13 68 58 63 M 2 0 0.03 M M 12.5 25 10 M M 4 35 10
14 75 57 66 M 0 1 0.01 M M 7.4 13 10 M M 4 M M
15 76 60 68 M 0 3 M M M 10.5 17 20 M M 1 22 10
16 84 59 72 M 0 7 M M M 3.5 7 120 M M 1 M M
17 86 59 73 M 0 8 M M M 4.5 13 350 M M 0 22 170
18 84 61 73 M 0 8 0.17 M M 6.3 16 120 M M 1 28 100
19 84 61 73 M 0 8 0.12 M M 10.7 24 40 M M 1 30 40
20 75 57 66 M 0 1 0.01 M M 8.6 17 50 M M 2 1 21 50
21 82 59 71 M 0 6 0.01 M M 6.4 13 80 M M 0 20 190
22 91 60 76 M 0 11 0.17 M M 7.9 20 210 M M 1 31 210
23 94 60 77 M 0 12 M M M 8.6 16 90 M M 0 1 28 90
24 84 63 74 M 0 9 M M M 12.1 17 130 M M 2 24 90
25 82 58 70 M 0 5 0.02 M M 11.8 17 120 M M 2 24 160
26 81 61 71 M 0 6 M M M 12.9 20 100 M M 3 28 140
27 83 64 74 M 0 9 M M M 11.3 15 130 M M 3 22 120
28 87 64 76 M 0 11 0.17 M M 10.2 21 350 M M 4 38 80
29 89 61 75 M 0 10 0.03 M M 6.6 12 120 M M 2 17 120
30 92 63 78 M 0 13 0.03 M M 9.1 17 110 M M 0 24 110
31 89 64 77 M 0 12 0.04 M M 14.0 24 140 M M 1 33 160
================================================================================
SM 2645 1829 4 234 1.09 M 279.6 M 34
================================================================================
AV 85.3 59.0 9.0 FASTST M M 1 MAX(MPH)
MISC ----> 25 10 43 120
================================================================================
NOTES:
# LAST OF SEVERAL OCCURRENCES
COLUMN 17 PEAK WIND IN M.P.H.
PRELIMINARY LOCAL CLIMATOLOGICAL DATA (WS FORM: F-6) , PAGE 2
STATION: GAINES COUNTY AIRPORT
MONTH: MAY
YEAR: 2023
LATITUDE: 32 40 N
LONGITUDE: 102 39 W
[TEMPERATURE DATA] [PRECIPITATION DATA] SYMBOLS USED IN COLUMN 16
AVERAGE MONTHLY: 72.2 TOTAL FOR MONTH: 1.09 1 = FOG OR MIST
DPTR FM NORMAL: 0.0 DPTR FM NORMAL: M 2 = FOG REDUCING VISIBILITY
HIGHEST: 95 ON 9 GRTST 24HR 0.17 ON 2- 2 TO 1/4 MILE OR LESS
LOWEST: 47 ON 1 3 = THUNDER
SNOW, ICE PELLETS, HAIL 4 = ICE PELLETS
TOTAL MONTH: M 5 = HAIL
GRTST 24HR M ON M 6 = FREEZING RAIN OR DRIZZLE
GRTST DEPTH: M ON M 7 = DUSTSTORM OR SANDSTORM:
VSBY 1/2 MILE OR LESS
8 = SMOKE OR HAZE
[NO. OF DAYS WITH] [WEATHER - DAYS WITH] 9 = BLOWING SNOW
X = TORNADO
MAX 32 OR BELOW: 0 0.01 INCH OR MORE: 14
MAX 90 OR ABOVE: 8 0.10 INCH OR MORE: 6
MIN 32 OR BELOW: 0 0.50 INCH OR MORE: 0
MIN 0 OR BELOW: 0 1.00 INCH OR MORE: 0
[HDD (BASE 65) ]
TOTAL THIS MO. 4 CLEAR (SCALE 0-3) 27
DPTR FM NORMAL M PTCLDY (SCALE 4-7) 4
TOTAL FM JUL 1 2722 CLOUDY (SCALE 8-10) 0
DPTR FM NORMAL M
[CDD (BASE 65) ]
TOTAL THIS MO. 234
DPTR FM NORMAL M [PRESSURE DATA]
TOTAL FM JAN 1 284 HIGHEST SLP M ON M
DPTR FM NORMAL M LOWEST SLP M ON M
[REMARKS]
#FINAL-05-23#