000
CXUS54 KMAF 011110
CF6GNC
PRELIMINARY LOCAL CLIMATOLOGICAL DATA (WS FORM: F-6)
STATION: GAINES COUNTY AIRPORT
MONTH: JUNE
YEAR: 2022
LATITUDE: 32 40 N
LONGITUDE: 102 39 W
TEMPERATURE IN F: :PCPN: SNOW: WIND :SUNSHINE: SKY :PK WND
================================================================================
1 2 3 4 5 6A 6B 7 8 9 10 11 12 13 14 15 16 17 18
12Z AVG MX 2MIN
DY MAX MIN AVG DEP HDD CDD WTR SNW DPTH SPD SPD DIR MIN PSBL S-S WX SPD DR
================================================================================
1 88 61 75 M 0 10 0.03 M M 10.9 28 40 M M 5 38 40
2 76 58 67 M 0 2 0.78 M M 9.6 17 10 M M 8 1 25 10
3 81 58 70 M 0 5 1.22 M M 10.5 15 120 M M 5 33 330
4 92 60 76 M 0 11 M M M 8.7 31 40 M M 0 40 40
5 99 64 82 M 0 17 M M M 8.1 18 260 M M 0 22 260
6 100 65 83 M 0 18 M M M 8.2 15 360 M M 0 21 330
7 97 68 83 M 0 18 M M M 7.5 15 40 M M 0 22 40
8 90 73 82 M 0 17 M M M 14.6 33 70 M M 1 8 45 40
9 96 68 82 M 0 17 M M M 10.1 16 110 M M 0 21 170
10 100 68 84 M 0 19 M M M 7.7 16 190 M M 0 18 190
11 106 73 90 M 0 25 M M M 10.3 15 180 M M 0 22 180
12 105 76 91 M 0 26 M M M 12.7 18 190 M M 0 23 180
13 102 72 87 M 0 22 M M M 13.7 22 160 M M 0 31 160
14 103 75 89 M 0 24 M M M 12.1 23 190 M M 0 8 35 190
15 98 73 86 M 0 21 M M M 12.3 20 200 M M 0 26 200
16 96 71 84 M 0 19 M M M 10.6 18 150 M M 0 24 140
17 96 69 83 M 0 18 M M M 10.4 20 150 M M 0 29 150
18 94 67 81 M 0 16 M M M 8.9 18 140 M M 0 22 170
19 94 66 80 M 0 15 M M M 10.1 21 130 M M 0 30 130
20 94 69 82 M 0 17 M M M 9.4 20 170 M M 0 24 170
21 94 69 82 M 0 17 M M M 7.1 15 160 M M 0 21 180
22 95 68 82 M 0 17 M M M 6.3 14 140 M M 0 23 170
23 96 71 84 M 0 19 M M M 8.6 15 170 M M 0 21 200
24 98 71 85 M 0 20 M M M 9.4 17 190 M M 0 24 180
25 98 70 84 M 0 19 M M M 8.8 16 120 M M 0 25 160
26 91 71 81 M 0 16 M M M 14.7 24 50 M M 0 30 50
27 88 67 78 M 0 13 M M M 9.2 17 50 M M 0 23 60
28 88 69 79 M 0 14 M M M 6.1 17 90 M M 0 22 90
29 92 67 80 M 0 15 M M M 4.6 14 140 M M 1 21 150
30 97 69 83 M 0 18 M M M 6.6 13 220 M M 0 17 210
================================================================================
SM 2844 2046 0 505 2.03 M 287.8 M 20
================================================================================
AV 94.8 68.2 9.6 FASTST M M 1 MAX(MPH)
MISC ----> 33 70 45 40
================================================================================
NOTES:
# LAST OF SEVERAL OCCURRENCES
COLUMN 17 PEAK WIND IN M.P.H.
PRELIMINARY LOCAL CLIMATOLOGICAL DATA (WS FORM: F-6) , PAGE 2
STATION: GAINES COUNTY AIRPORT
MONTH: JUNE
YEAR: 2022
LATITUDE: 32 40 N
LONGITUDE: 102 39 W
[TEMPERATURE DATA] [PRECIPITATION DATA] SYMBOLS USED IN COLUMN 16
AVERAGE MONTHLY: 81.5 TOTAL FOR MONTH: 2.03 1 = FOG OR MIST
DPTR FM NORMAL: 0.0 DPTR FM NORMAL: M 2 = FOG REDUCING VISIBILITY
HIGHEST: 106 ON 11 GRTST 24HR 1.22 ON 3- 3 TO 1/4 MILE OR LESS
LOWEST: 58 ON 3, 2 3 = THUNDER
SNOW, ICE PELLETS, HAIL 4 = ICE PELLETS
TOTAL MONTH: M 5 = HAIL
GRTST 24HR M ON M 6 = FREEZING RAIN OR DRIZZLE
GRTST DEPTH: M ON M 7 = DUSTSTORM OR SANDSTORM:
VSBY 1/2 MILE OR LESS
8 = SMOKE OR HAZE
[NO. OF DAYS WITH] [WEATHER - DAYS WITH] 9 = BLOWING SNOW
X = TORNADO
MAX 32 OR BELOW: 0 0.01 INCH OR MORE: 3
MAX 90 OR ABOVE: 25 0.10 INCH OR MORE: 2
MIN 32 OR BELOW: 0 0.50 INCH OR MORE: 2
MIN 0 OR BELOW: 0 1.00 INCH OR MORE: 1
[HDD (BASE 65) ]
TOTAL THIS MO. 0 CLEAR (SCALE 0-3) 27
DPTR FM NORMAL M PTCLDY (SCALE 4-7) 3
TOTAL FM JUL 1 2615 CLOUDY (SCALE 8-10) 0
DPTR FM NORMAL M
[CDD (BASE 65) ]
TOTAL THIS MO. 505
DPTR FM NORMAL M [PRESSURE DATA]
TOTAL FM JAN 1 1013 HIGHEST SLP M ON M
DPTR FM NORMAL M LOWEST SLP M ON M
[REMARKS]
#FINAL-06-22#