000
CXUS52 KJAX 011319
CLMGNV
CLIMATE REPORT
NATIONAL WEATHER SERVICE JACKSONVILLE FL
919 AM EDT TUE AUG 01 2023
...................................
...THE GAINESVILLE CLIMATE SUMMARY FOR THE MONTH OF JULY 2023...
CLIMATE NORMAL PERIOD: 1991 TO 2020
CLIMATE RECORD PERIOD: 1890 TO 2023
WEATHER OBSERVED NORMAL DEPART LAST YEAR`S
VALUE DATE(S) VALUE FROM VALUE DATE(S)
NORMAL
................................................................
TEMPERATURE (F)
RECORD
HIGH 102 07/21/1942
LOW 60 07/15/1897
HIGHEST 98 07/03 96 2 96 07/30
07/04
07/31
LOWEST 69 07/26 67 2 70 07/01
07/15
AVG. MAXIMUM 93.1 91.1 2.0 92.3
AVG. MINIMUM 73.6 71.6 2.0 72.6
MEAN 83.4 81.4 2.0 82.4
DAYS MAX >= 90 26 23.0 3.0 28
DAYS MIN <= 32 0 0.0 0.0 0
PRECIPITATION (INCHES)
RECORD
MAXIMUM 16.70 2017
MINIMUM 1.44 1977
TOTALS 4.57 6.68 -2.11 10.09
DAILY AVG. 0.15 0.22 -0.07 0.33
DAYS >= .01 18 15.9 2.1 15
DAYS >= .10 12 10.5 1.5 13
DAYS >= .50 3 4.2 -1.2 8
DAYS >= 1.00 0 1.9 -1.9 4
GREATEST
24 HR. TOTAL 0.89 07/28 TO 07/28
SNOWFALL (INCHES)
RECORDS
TOTAL T 2002
TOTALS 0.0 0.0 0.0 0.0
DEGREE DAYS
HEATING TOTAL 0 0 0 0
SINCE 7/1 0 0 0 MM
COOLING TOTAL 577 507 70 546
SINCE 1/1 1812 1513 299 MM
................................................................
WIND (MPH)
AVERAGE WIND SPEED 4.8
HIGHEST WIND SPEED/DIRECTION 29/040 DATE 07/30
HIGHEST GUST SPEED/DIRECTION 40/050 DATE 07/30
SKY COVER
AVERAGE SKY COVER 0.19
AVERAGE RH (PERCENT) 76
WEATHER CONDITIONS. NUMBER OF DAYS WITH
THUNDERSTORM 25 MIXED PRECIP 0
HEAVY RAIN 9 RAIN 15
LIGHT RAIN 19 FREEZING RAIN 0
LT FREEZING RAIN 0 HAIL 0
HEAVY SNOW 0 SNOW 0
LIGHT SNOW 0 SLEET 0
FOG 25 FOG W/VIS <= 1/4 MILE 0
HAZE 0
- INDICATES NEGATIVE NUMBERS.
R INDICATES RECORD WAS SET OR TIED.
MM INDICATES DATA IS MISSING.
T INDICATES TRACE AMOUNT.
$$