000
CXUS54 KFWD 072138
CF6GOP
PRELIMINARY LOCAL CLIMATOLOGICAL DATA (WS FORM: F-6)
STATION: GATESVILLE
MONTH: APRIL
YEAR: 2022
LATITUDE: 31 25 N
LONGITUDE: 97 48 W
TEMPERATURE IN F: :PCPN: SNOW: WIND :SUNSHINE: SKY :PK WND
================================================================================
1 2 3 4 5 6A 6B 7 8 9 10 11 12 13 14 15 16 17 18
12Z AVG MX 2MIN
DY MAX MIN AVG DEP HDD CDD WTR SNW DPTH SPD SPD DIR MIN PSBL S-S WX SPD DR
================================================================================
1 77 43 60 0 5 0 0.00 M M 7.2 16 150 M M 0 23 140
2 79 55 67 7 0 2 0.00 M M 7.1 13 340 M M 0 20 150
3 84 50 67 6 0 2 0.00 M M 7.2 15 150 M M 0 22 170
4 75 61 68 7 0 3 0.00 M M 8.5 13 150 M M 3 17 150
5 97 66 82 21 0 17 0.00 M M 9.3 16 220 M M 2 25 200
6 77 54 66 4 0 1 0.00 M M 15.1 21 360 M M 0 33 360
7 72 46 59 -3 6 0 0.00 M M 11.0 21 350 M M 0 30 350
8 72 43 58 -4 7 0 0.00 M M 7.6 15 320 M M 0 31 320
9 88 37 63 1 2 0 0.00 M M 9.8 20 190 M M 0 25 170
10 86 61 74 11 0 9 0.04 M M 14.4 22 190 M M 1 32 150
11 86 70 78 15 0 13 0.00 M M 12.5 18 190 M M 5 25 190
12 86 61 74 11 0 9 0.88 M M 11.0 28 M M M 5 38 40 M
13 86 59 73 9 0 8 0.00 M M 12.7 18 290 M M 2 29 310
14 77 46 62 -2 3 0 0.00 M M 5.3 10 60 M M 0 17 60
15 84 59 72 8 0 7 0.00 M M 9.5 17 180 M M 4 23 160
16 82 66 74 10 0 9 0.00 M M 7.4 13 190 M M 7 1 16 170
17 84 61 73 8 0 8 0.04 M M 2.6 9 M M M 5 M M
18 73 55 64 -1 1 0 0.00 M M 7.1 12 80 M M 1 1 16 100
19 72 54 63 -2 2 0 0.00 M M 9.0 16 130 M M 4 24 140
20 88 64 76 10 0 11 0.00 M M 14.2 25 190 M M 7 1 31 190
21 86 72 79 13 0 14 0.00 M M 10.9 18 150 M M 6 25 150
22 86 70 78 12 0 13 0.00 M M 13.4 18 150 M M 5 29 150
23 84 70 77 11 0 12 0.00 M M 14.7 18 180 M M 5 29 160
24 84 68 76 9 0 11 0.00 M M 10.3 15 160 M M 5 23 160
25 64 57 61 -6 4 0 0.80 M M 8.2 13 20 M M 9 3 20 20
26 73 55 64 -3 1 0 0.00 M M 6.4 9 60 M M 3 13 60
27 75 55 65 -2 0 0 0.00 M M 6.6 10 130 M M 5 1 16 130
28 84 66 75 7 0 10 0.00 M M 10.9 15 160 M M 5 1 23 170
29 82 70 76 8 0 11 0.00 M M 11.8 20 180 M M 7 24 180
30 86 68 77 9 0 12 M M M 7.7 16 180 M M 3 24 180
================================================================================
SM 2429 1762 31 182 1.76 M 289.4 M 99
================================================================================
AV 81.0 58.7 9.6 FASTST M M 3 MAX(MPH)
MISC ----> 28 9999 40 9999
================================================================================
NOTES:
# LAST OF SEVERAL OCCURRENCES
COLUMN 17 PEAK WIND IN M.P.H.
PRELIMINARY LOCAL CLIMATOLOGICAL DATA (WS FORM: F-6) , PAGE 2
STATION: GATESVILLE
MONTH: APRIL
YEAR: 2022
LATITUDE: 31 25 N
LONGITUDE: 97 48 W
[TEMPERATURE DATA] [PRECIPITATION DATA] SYMBOLS USED IN COLUMN 16
AVERAGE MONTHLY: 69.9 TOTAL FOR MONTH: 1.76 1 = FOG OR MIST
DPTR FM NORMAL: 5.7 DPTR FM NORMAL: M 2 = FOG REDUCING VISIBILITY
HIGHEST: 97 ON 5 GRTST 24HR 0.88 ON 12-12 TO 1/4 MILE OR LESS
LOWEST: 37 ON 9 3 = THUNDER
SNOW, ICE PELLETS, HAIL 4 = ICE PELLETS
TOTAL MONTH: M 5 = HAIL
GRTST 24HR M ON M 6 = FREEZING RAIN OR DRIZZLE
GRTST DEPTH: M ON M 7 = DUSTSTORM OR SANDSTORM:
VSBY 1/2 MILE OR LESS
8 = SMOKE OR HAZE
[NO. OF DAYS WITH] [WEATHER - DAYS WITH] 9 = BLOWING SNOW
X = TORNADO
MAX 32 OR BELOW: 0 0.01 INCH OR MORE: 4
MAX 90 OR ABOVE: 1 0.10 INCH OR MORE: 2
MIN 32 OR BELOW: 0 0.50 INCH OR MORE: 2
MIN 0 OR BELOW: 0 1.00 INCH OR MORE: 0
[HDD (BASE 65) ]
TOTAL THIS MO. 31 CLEAR (SCALE 0-3) 14
DPTR FM NORMAL -71 PTCLDY (SCALE 4-7) 15
TOTAL FM JUL 1 1874 CLOUDY (SCALE 8-10) 1
DPTR FM NORMAL -570
[CDD (BASE 65) ]
TOTAL THIS MO. 182
DPTR FM NORMAL 102 [PRESSURE DATA]
TOTAL FM JAN 1 232 HIGHEST SLP M ON M
DPTR FM NORMAL 130 LOWEST SLP M ON M
[REMARKS]
#FINAL-04-22#