000
CXUS55 KMSO 012050
CF6GPI
PRELIMINARY LOCAL CLIMATOLOGICAL DATA (WS FORM: F-6)
STATION: KALISPELL MT
MONTH: FEBRUARY
YEAR: 2022
LATITUDE: 48 17 N
LONGITUDE: 114 16 W
TEMPERATURE IN F: :PCPN: SNOW: WIND :SUNSHINE: SKY :PK WND
================================================================================
1 2 3 4 5 6A 6B 7 8 9 10 11 12 13 14 15 16 17 18
12Z AVG MX 2MIN
DY MAX MIN AVG DEP HDD CDD WTR SNW DPTH SPD SPD DIR MIN PSBL S-S WX SPD DR
================================================================================
1 22 6 14 -11 51 0 0.13 1.9 7 14.0 37 10 M M 9 129 48 10
2 10 1 6 -19 59 0 0.03 0.3 9 6.0 29 20 M M 7 1 41 30
3 19 7 13 -12 52 0 0.03 1.0 8 1.0 6 220 M M 10 1 6 210
4 36 19 28 3 37 0 T T 8 1.9 13 170 M M 10 19 150
5 44 21 33 8 32 0 0.00 0.0 6 7.0 16 170 M M 8 26 180
6 41 15 28 2 37 0 0.00 0.0 6 2.9 10 190 M M 1 1 13 180
7 49 9 29 3 36 0 0.00 0.0 6 3.9 21 230 M M 3 12 31 240
8 41 27 34 8 31 0 0.00 0.0 6 7.0 14 150 M M 6 17 150
9 42 33 38 12 27 0 0.00 0.0 6 2.4 12 170 M M 10 8 14 150
10 56 29 43 17 22 0 0.00 0.0 6 6.9 21 280 M M 4 31 260
11 49 19 34 8 31 0 0.00 0.0 3 2.2 15 20 M M 0 20 20
12 44 13 29 3 36 0 0.00 0.0 2 0.3 5 20 M M 0 5 280
13 46 16 31 5 34 0 0.00 0.0 2 0.6 6 220 M M 0 7 180
14 37 21 29 3 36 0 0.02 0.0 2 1.3 7 80 M M 6 1 8 250
15 36 27 32 5 33 0 0.02 T 1 3.0 10 190 M M 10 12 14 270
16 38 27 33 6 32 0 0.03 0.2 1 8.1 21 30 M M 8 1 28 20
17 38 19 29 2 36 0 0.01 T 1 10.8 20 140 M M 8 1 29 150
18 44 36 40 13 25 0 0.00 0.0 1 8.5 14 150 M M 8 19 140
19 47 34 41 14 24 0 0.00 0.0 1 8.4 25 220 M M 8 34 230
20 39 13 26 -2 39 0 0.11 0.5 1 18.1 36 10 M M 9 189 47 10
21 13 5 9 -19 56 0 T T 2 23.0 35 10 M M 9 9 49 20
22 12 1 7 -21 58 0 0.00 0.0 1 17.3 25 30 M M 3 35 40
23 13 -8 3 -25 62 0 0.00 0.0 1 5.4 17 30 M M 1 23 30
24 22 6 14 -14 51 0 0.04 0.5 1 1.9 9 180 M M 9 18 12 170
25 25 8 17 -12 48 0 T T 1 2.7 12 140 M M 10 17 140
26 36 11 24 -5 41 0 T T 1 1.7 9 170 M M 3 13 170
27 39 10 25 -4 40 0 0.03 0.3 1 0.9 8 230 M M 8 1 10 230
28 52 34 43 14 22 0 0.89 0.0 1 5.0 10 170 M M 10 1 19 160
================================================================================
SM 990 459 1088 0 1.34 4.7 172.2 M 178
================================================================================
AV 35.4 16.4 6.1 FASTST M M 6 MAX(MPH)
MISC ----> 37 10 49 20
================================================================================
NOTES:
# LAST OF SEVERAL OCCURRENCES
COLUMN 17 PEAK WIND IN M.P.H.
PRELIMINARY LOCAL CLIMATOLOGICAL DATA (WS FORM: F-6) , PAGE 2
STATION: KALISPELL MT
MONTH: FEBRUARY
YEAR: 2022
LATITUDE: 48 17 N
LONGITUDE: 114 16 W
[TEMPERATURE DATA] [PRECIPITATION DATA] SYMBOLS USED IN COLUMN 16
AVERAGE MONTHLY: 25.9 TOTAL FOR MONTH: 1.34 1 = FOG OR MIST
DPTR FM NORMAL: -0.9 DPTR FM NORMAL: 0.38 2 = FOG REDUCING VISIBILITY
HIGHEST: 56 ON 10 GRTST 24HR 0.89 ON 28-28 TO 1/4 MILE OR LESS
LOWEST: -8 ON 23 3 = THUNDER
SNOW, ICE PELLETS, HAIL 4 = ICE PELLETS
TOTAL MONTH: 4.7 INCHES 5 = HAIL
GRTST 24HR 1.9 ON 1- 1 6 = FREEZING RAIN OR DRIZZLE
GRTST DEPTH: 9 ON 2 7 = DUSTSTORM OR SANDSTORM:
VSBY 1/2 MILE OR LESS
8 = SMOKE OR HAZE
[NO. OF DAYS WITH] [WEATHER - DAYS WITH] 9 = BLOWING SNOW
X = TORNADO
MAX 32 OR BELOW: 8 0.01 INCH OR MORE: 11
MAX 90 OR ABOVE: 0 0.10 INCH OR MORE: 3
MIN 32 OR BELOW: 24 0.50 INCH OR MORE: 1
MIN 0 OR BELOW: 1 1.00 INCH OR MORE: 0
[HDD (BASE 65) ]
TOTAL THIS MO. 1088 CLEAR (SCALE 0-3) 7
DPTR FM NORMAL 18 PTCLDY (SCALE 4-7) 11
TOTAL FM JUL 1 5551 CLOUDY (SCALE 8-10) 10
DPTR FM NORMAL -296
[CDD (BASE 65) ]
TOTAL THIS MO. 0
DPTR FM NORMAL 0 [PRESSURE DATA]
TOTAL FM JAN 1 0 HIGHEST SLP 30.60 ON 3
DPTR FM NORMAL 0 LOWEST SLP 29.67 ON 20
[REMARKS]
#FINAL-02-22#