000
CXUS55 KMSO 031853
CLMGPI
CLIMATE REPORT
NATIONAL WEATHER SERVICE MISSOULA MT
1253 PM MDT MON JUL 03 2023
...................................
...THE KALISPELL MT CLIMATE SUMMARY FOR THE MONTH OF JUNE 2023...
CLIMATE NORMAL PERIOD 1991 TO 2020
CLIMATE RECORD PERIOD 1894 TO 2023
WEATHER OBSERVED NORMAL DEPART LAST YEAR`S
VALUE DATE(S) VALUE FROM VALUE
NORMAL
..............................................................
TEMPERATURE (F)
RECORD
HIGH 102 06/28/2015
LOW 26 06/07/1999
HIGHEST 89 06/30 MM MM 88
LOWEST 30 06/22 MM MM 36
AVG. MAXIMUM 76.6 71.2 5.4 69.8
AVG. MINIMUM 46.7 44.0 2.7 45.5
MEAN 61.7 57.6 4.1
DAYS MAX >= 90 0 0.8 -0.8 0
DAYS MAX <= 32 0 0.0 0.0 0
DAYS MIN <= 32 2 0.7 1.3 0
DAYS MIN <= 0 0 0.0 0.0 0
PRECIPITATION (INCHES)
RECORD
MAXIMUM 6.20 2012
MINIMUM 0.40 1910
TOTALS 0.65 2.84 -2.19
DAILY AVG. 0.02 0.09 -0.07 0.16
DAYS >= .01 9 12.7 -3.7 16
DAYS >= .10 2 7.2 -5.2 10
DAYS >= .50 0 1.5 -1.5 2
DAYS >= 1.00 0 0.3 -0.3 1
GREATEST
24 HR. TOTAL 0.27 06/17 TO 06/17 2.07
SNOWFALL (INCHES)
TOTALS 0.0 0.3 -0.3 0.0
SINCE 7/1 49.9 54.4 -4.5 MM
DAYS >= TRACE 0 0.1 -0.1 0
DAYS >= 1.0 0 0.1 -0.1 0
GREATEST
SNOW DEPTH 0
24 HR TOTAL MM MM
DEGREE DAYS
HEATING TOTAL 122 234 -112
SINCE 7/1 8023 8109 -86
COOLING TOTAL 31 12 19
SINCE 1/1 39 13 26
..............................................................
WIND (MPH)
AVERAGE WIND SPEED 5.6
HIGHEST WIND SPEED/DIRECTION 29/020 DATE 06/08
HIGHEST GUST SPEED/DIRECTION 39/040 DATE 06/08
SKY COVER
POSSIBLE SUNSHINE (PERCENT) MM
AVERAGE SKY COVER 0.23
NUMBER OF DAYS FAIR 23
NUMBER OF DAYS PC 7
NUMBER OF DAYS CLOUDY 0
AVERAGE RH (PERCENT) 64
WEATHER CONDITIONS. NUMBER OF DAYS WITH
THUNDERSTORM 7 MIXED PRECIP 0
HEAVY RAIN 0 RAIN 0
LIGHT RAIN 12 FREEZING RAIN 0
LT FREEZING RAIN 0 HAIL 0
HEAVY SNOW 0 SNOW 0
LIGHT SNOW 0 SLEET 0
FOG 12 FOG W/VIS <= 1/4 MILE 3
HAZE 0
- INDICATES NEGATIVE NUMBERS.
R INDICATES RECORD WAS SET OR TIED.
MM INDICATES DATA IS MISSING.
T INDICATES TRACE AMOUNT.
$$