000
CXUS53 KGRB 012208
CF6GRB
PRELIMINARY LOCAL CLIMATOLOGICAL DATA (WS FORM: F-6)
STATION: GREEN BAY WI
MONTH: MAY
YEAR: 2022
LATITUDE: 44 28 N
LONGITUDE: 88 8 W
TEMPERATURE IN F: :PCPN: SNOW: WIND :SUNSHINE: SKY :PK WND
================================================================================
1 2 3 4 5 6A 6B 7 8 9 10 11 12 13 14 15 16 17 18
12Z AVG MX 2MIN
DY MAX MIN AVG DEP HDD CDD WTR SNW DPTH SPD SPD DIR MIN PSBL S-S WX SPD DR
================================================================================
1 54 48 51 0 14 0 0.01 0.0 0 11.2 20 140 M M 10 18 26 210
2 54 45 50 -1 15 0 0.00 0.0 0 7.6 16 270 M M 10 22 280
3 49 39 44 -8 21 0 0.03 0.0 0 14.8 25 30 M M 7 34 30
4 59 33 46 -6 19 0 0.00 0.0 0 7.3 15 40 M M 0 22 20
5 65 35 50 -2 15 0 0.00 0.0 0 5.0 14 60 M M 1 19 50
6 63 44 54 1 11 0 0.00 0.0 0 11.7 22 40 M M 0 28 40
7 66 38 52 -1 13 0 0.00 0.0 0 7.7 16 50 M M 0 20 50
8 61 39 50 -4 15 0 0.00 0.0 0 11.3 23 130 M M 1 31 140
9 75 49 62 8 3 0 0.00 0.0 0 22.2 39 150 M M 4 52 160
10 86 65 76 22 0 11 0.04 0.0 0 8.5 26 140 M M 4 38 35 140
11 76 60 68 13 0 3 0.00 0.0 0 10.3 24 40 M M 5 18 30 40
12 94 62 78 23 0 13 0.01 0.0 0 13.0 35 30 M M 3 38 41 30
13 92 65 79 23 0 14 0.04 0.0 0 12.3 23 150 M M 2 3 31 150
14 87 59 73 17 0 8 0.00 0.0 0 5.9 17 330 M M 1 25 320
15 77 59 68 12 0 3 0.00 0.0 0 8.4 17 270 M M 2 23 230
16 76 49 63 6 2 0 0.00 0.0 0 12.0 29 290 M M 4 40 300
17 70 42 56 -1 9 0 0.00 0.0 0 6.4 20 140 M M 0 27 160
18 67 49 58 1 7 0 0.07 0.0 0 5.3 21 320 M M 7 29 310
19 78 54 66 8 0 1 0.41 0.0 0 8.3 29 130 M M 3 138 37 130
20 70 59 65 7 0 0 0.06 0.0 0 8.9 28 160 M M 8 38 37 160
21 65 49 57 -1 8 0 T 0.0 0 7.8 15 120 M M 5 19 130
22 59 47 53 -6 12 0 T 0.0 0 6.1 20 320 M M 10 27 320
23 62 43 53 -6 12 0 0.00 0.0 0 5.4 15 120 M M 3 22 130
24 68 41 55 -5 10 0 0.00 0.0 0 5.9 15 50 M M 1 20 40
25 59 54 57 -3 8 0 1.21 0.0 0 9.0 20 60 M M 10 18 27 80
26 72 56 64 4 1 0 0.09 0.0 0 7.8 18 40 M M 10 18 23 40
27 70 53 62 1 3 0 T 0.0 0 7.8 20 360 M M 6 1 26 340
28 73 50 62 1 3 0 0.02 0.0 0 6.8 16 150 M M 5 1 21 150
29 76 56 66 5 0 1 T 0.0 0 11.9 28 140 M M 1 36 130
30 86 67 77 15 0 12 0.00 0.0 0 13.5 23 160 M M 0 31 160
31 87 68 78 16 0 13 0.00 0.0 0 13.9 29 190 M M 1 42 200
================================================================================
SM 2196 1577 201 79 1.99 0.0 294.0 M 124
================================================================================
AV 70.8 50.9 9.5 FASTST M M 4 MAX(MPH)
MISC ----> 39 150 52 160
================================================================================
NOTES:
# LAST OF SEVERAL OCCURRENCES
COLUMN 17 PEAK WIND IN M.P.H.
PRELIMINARY LOCAL CLIMATOLOGICAL DATA (WS FORM: F-6) , PAGE 2
STATION: GREEN BAY WI
MONTH: MAY
YEAR: 2022
LATITUDE: 44 28 N
LONGITUDE: 88 8 W
[TEMPERATURE DATA] [PRECIPITATION DATA] SYMBOLS USED IN COLUMN 16
AVERAGE MONTHLY: 60.9 TOTAL FOR MONTH: 1.99 1 = FOG OR MIST
DPTR FM NORMAL: 4.4 DPTR FM NORMAL: -1.36 2 = FOG REDUCING VISIBILITY
HIGHEST: 94 ON 12 GRTST 24HR 1.30 ON 25-26 TO 1/4 MILE OR LESS
LOWEST: 33 ON 4 3 = THUNDER
SNOW, ICE PELLETS, HAIL 4 = ICE PELLETS
TOTAL MONTH: 0.0 INCH 5 = HAIL
GRTST 24HR 0.0 6 = FREEZING RAIN OR DRIZZLE
GRTST DEPTH: 0 7 = DUSTSTORM OR SANDSTORM:
VSBY 1/2 MILE OR LESS
8 = SMOKE OR HAZE
[NO. OF DAYS WITH] [WEATHER - DAYS WITH] 9 = BLOWING SNOW
X = TORNADO
MAX 32 OR BELOW: 0 0.01 INCH OR MORE: 11
MAX 90 OR ABOVE: 2 0.10 INCH OR MORE: 2
MIN 32 OR BELOW: 0 0.50 INCH OR MORE: 1
MIN 0 OR BELOW: 0 1.00 INCH OR MORE: 1
[HDD (BASE 65) ]
TOTAL THIS MO. 201 CLEAR (SCALE 0-3) 13
DPTR FM NORMAL -87 PTCLDY (SCALE 4-7) 12
TOTAL FM JUL 1 7132 CLOUDY (SCALE 8-10) 6
DPTR FM NORMAL -306
[CDD (BASE 65) ]
TOTAL THIS MO. 79
DPTR FM NORMAL 53 [PRESSURE DATA]
TOTAL FM JAN 1 79 HIGHEST SLP 30.42 ON 23
DPTR FM NORMAL 52 LOWEST SLP 29.25 ON 20
[REMARKS]
#FINAL-05-22#