000
CXUS53 KGRB 020105
CF6GRB
PRELIMINARY LOCAL CLIMATOLOGICAL DATA (WS FORM: F-6)
STATION: GREEN BAY WI
MONTH: FEBRUARY
YEAR: 2022
LATITUDE: 44 28 N
LONGITUDE: 88 8 W
TEMPERATURE IN F: :PCPN: SNOW: WIND :SUNSHINE: SKY :PK WND
================================================================================
1 2 3 4 5 6A 6B 7 8 9 10 11 12 13 14 15 16 17 18
12Z AVG MX 2MIN
DY MAX MIN AVG DEP HDD CDD WTR SNW DPTH SPD SPD DIR MIN PSBL S-S WX SPD DR
================================================================================
1 42 19 31 13 34 0 0.00 0.0 4 15.0 25 270 M M 1 34 250
2 19 9 14 -4 51 0 0.00 0.0 2 11.5 21 290 M M 1 27 280
3 14 1 8 -10 57 0 0.00 0.0 2 9.4 17 340 M M 0 27 340
4 15 4 10 -8 55 0 0.04 0.6 2 5.2 10 320 M M 8 8 15 310
5 20 -1 10 -8 55 0 T T 2 9.6 21 160 M M 4 8 27 200
6 32 18 25 6 40 0 0.01 T 2 7.0 18 360 M M 9 16 26 360
7 26 15 21 2 44 0 0.02 1.0 3 8.5 16 340 M M 6 16 22 350
8 37 16 27 8 38 0 T 0.1 3 8.0 16 160 M M 4 22 160
9 39 27 33 14 32 0 T T 2 11.3 23 300 M M 9 30 310
10 29 22 26 6 39 0 0.06 0.8 1 13.2 22 180 M M 9 1 33 180
11 40 11 26 6 39 0 0.04 0.6 2 13.1 25 330 M M 10 1 36 360
12 13 3 8 -12 57 0 0.00 0.0 1 9.0 21 330 M M 2 30 310
13 17 1 9 -11 56 0 0.00 0.0 1 5.7 15 360 M M 3 20 10
14 21 6 14 -7 51 0 T T 1 3.6 14 270 M M 5 8 17 270
15 32 5 19 -2 46 0 0.00 0.0 1 10.7 26 140 M M 4 37 150
16 46 29 38 17 27 0 0.00 0.0 T 10.8 20 10 M M 3 26 360
17 29 6 18 -4 47 0 0.00 0.0 T 12.7 18 360 M M 4 25 10
18 31 0 16 -6 49 0 0.06 0.9 T 16.3 39 300 M M 5 128 54 290
19 17 2 10 -12 55 0 0.00 0.0 1 15.5 26 290 M M 1 40 300
20 50 17 34 12 31 0 0.00 0.0 1 14.6 31 50 M M 0 41 230
21 26 17 22 -1 43 0 0.04 0.2 0 23.9 31 40 M M 9 18 41 30
22 20 12 16 -7 49 0 0.07 0.3 T 16.9 30 30 M M 10 138 39 40
23 23 9 16 -8 49 0 T T T 7.9 20 310 M M 2 28 320
24 21 11 16 -8 49 0 0.04 0.4 T 13.6 22 30 M M 9 32 30
25 25 13 19 -5 46 0 0.05 0.7 1 8.2 21 10 M M 6 1 28 10
26 35 8 22 -3 43 0 0.00 0.0 1 11.0 23 250 M M 0 36 210
27 36 20 28 3 37 0 0.00 0.0 T 9.4 20 300 M M 1 26 300
28 40 20 30 4 35 0 0.00 0.0 T 7.7 23 150 M M 6 1 28 150
================================================================================
SM 795 320 1254 0 0.43 5.6 309.3 M 131
================================================================================
AV 28.4 11.4 11.0 FASTST M M 5 MAX(MPH)
MISC ----> 39 300 54 290
================================================================================
NOTES:
# LAST OF SEVERAL OCCURRENCES
COLUMN 17 PEAK WIND IN M.P.H.
PRELIMINARY LOCAL CLIMATOLOGICAL DATA (WS FORM: F-6) , PAGE 2
STATION: GREEN BAY WI
MONTH: FEBRUARY
YEAR: 2022
LATITUDE: 44 28 N
LONGITUDE: 88 8 W
[TEMPERATURE DATA] [PRECIPITATION DATA] SYMBOLS USED IN COLUMN 16
AVERAGE MONTHLY: 19.9 TOTAL FOR MONTH: 0.43 1 = FOG OR MIST
DPTR FM NORMAL: -1.2 DPTR FM NORMAL: -0.77 2 = FOG REDUCING VISIBILITY
HIGHEST: 50 ON 20 GRTST 24HR 0.07 ON 22-22 TO 1/4 MILE OR LESS
LOWEST: -1 ON 5 3 = THUNDER
SNOW, ICE PELLETS, HAIL 4 = ICE PELLETS
TOTAL MONTH: 5.6 INCHES 5 = HAIL
GRTST 24HR 1.0 ON 7- 7 6 = FREEZING RAIN OR DRIZZLE
GRTST DEPTH: 4 ON 1 7 = DUSTSTORM OR SANDSTORM:
VSBY 1/2 MILE OR LESS
8 = SMOKE OR HAZE
[NO. OF DAYS WITH] [WEATHER - DAYS WITH] 9 = BLOWING SNOW
X = TORNADO
MAX 32 OR BELOW: 19 0.01 INCH OR MORE: 10
MAX 90 OR ABOVE: 0 0.10 INCH OR MORE: 0
MIN 32 OR BELOW: 28 0.50 INCH OR MORE: 0
MIN 0 OR BELOW: 2 1.00 INCH OR MORE: 0
[HDD (BASE 65) ]
TOTAL THIS MO. 1254 CLEAR (SCALE 0-3) 11
DPTR FM NORMAL 25 PTCLDY (SCALE 4-7) 10
TOTAL FM JUL 1 5238 CLOUDY (SCALE 8-10) 7
DPTR FM NORMAL -273
[CDD (BASE 65) ]
TOTAL THIS MO. 0
DPTR FM NORMAL 0 [PRESSURE DATA]
TOTAL FM JAN 1 0 HIGHEST SLP 30.67 ON 3
DPTR FM NORMAL 0 LOWEST SLP 29.28 ON 11
[REMARKS]
#FINAL-02-22#