121
CXUS53 KGID 011558
CF6GRI
PRELIMINARY LOCAL CLIMATOLOGICAL DATA (WS FORM: F-6)
STATION: GRAND ISLAND NE
MONTH: SEPTEMBER
YEAR: 2020
LATITUDE: 40 58 N
LONGITUDE: 98 19 W
TEMPERATURE IN F: :PCPN: SNOW: WIND :SUNSHINE: SKY :PK WND
================================================================================
1 2 3 4 5 6A 6B 7 8 9 10 11 12 13 14 15 16 17 18
12Z AVG MX 2MIN
DY MAX MIN AVG DEP HDD CDD WTR SNW DPTH SPD SPD DIR MIN PSBL S-S WX SPD DR
================================================================================
1 84 53 69 -2 0 4 0.00 0.0 0 5.7 14 260 M M 1 19 280
2 89 53 71 0 0 6 0.00 0.0 0 6.7 16 200 M M 0 23 190
3 81 55 68 -2 0 3 0.00 0.0 0 11.8 26 360 M M 0 8 36 360
4 89 54 72 2 0 7 0.00 0.0 0 7.6 17 210 M M 0 30 230
5 98 58 78 8 0 13 0.00 0.0 0 10.1 24 200 M M 0 33 190
6 95 63 79 10 0 14 0.00 0.0 0 13.5 29 210 M M 0 38 220
7 74 52 63 -6 2 0 0.00 0.0 0 14.4 29 40 M M 4 41 40
8 52 41 47 -21 18 0 0.69 T 0 18.6 31 20 M M 10 1358 44 70
9 50 41 46 -22 19 0 0.53 0.0 0 11.8 21 30 M M 10 138 29 30
10 57 45 51 -17 14 0 0.02 0.0 0 7.6 14 20 M M 10 1 18 20
11 61 52 57 -10 8 0 T 0.0 0 5.5 14 170 M M 8 128 18 180
12 77 54 66 -1 0 1 0.00 0.0 0 8.4 21 320 M M 4 18 28 310
13 87 50 69 3 0 4 0.00 0.0 0 4.9 12 240 M M 0 18 16 250
14 83 52 68 2 0 3 0.00 0.0 0 8.0 14 150 M M 0 1 19 160
15 82 57 70 4 0 5 0.00 0.0 0 10.6 18 180 M M 0 27 160
16 76 51 64 -1 1 0 0.00 0.0 0 9.7 24 10 M M 0 8 31 10
17 75 45 60 -5 5 0 0.00 0.0 0 6.0 13 170 M M 0 8 22 200
18 73 52 63 -1 2 0 0.00 0.0 0 9.4 17 160 M M 4 26 160
19 78 55 67 3 0 2 0.00 0.0 0 16.1 26 180 M M 0 8 34 170
20 83 58 71 8 0 6 0.00 0.0 0 17.4 25 170 M M 0 18 35 180
21 85 59 72 9 0 7 0.00 0.0 0 12.7 20 170 M M 0 27 160
22 86 56 71 9 0 6 0.00 0.0 0 10.2 18 190 M M 0 18 25 190
23 84 61 73 11 0 8 0.00 0.0 0 12.3 20 190 M M 3 1 27 200
24 88 54 71 9 0 6 0.00 0.0 0 5.1 14 30 M M 0 18 17 60
25 88 58 73 12 0 8 0.00 0.0 0 6.2 17 320 M M 0 8 23 330
26 92 55 74 13 0 9 0.00 0.0 0 7.6 23 360 M M 0 18 30 360
27 70 45 58 -2 7 0 T 0.0 0 9.8 23 310 M M 3 35 330
28 68 42 55 -5 10 0 0.00 0.0 0 14.0 36 340 M M 1 48 320
29 85 36 61 2 4 0 0.00 0.0 0 9.6 22 310 M M 0 29 290
30 71 42 57 -2 8 0 0.00 0.0 0 15.5 32 350 M M 0 51 360
================================================================================
SM 2361 1549 98 112 1.24 T 306.8 M 58
================================================================================
AV 78.7 51.6 10.2 FASTST M M 2 MAX(MPH)
MISC ----> # 36 340 # 51 360
================================================================================
NOTES:
# LAST OF SEVERAL OCCURRENCES
COLUMN 17 PEAK WIND IN M.P.H.
PRELIMINARY LOCAL CLIMATOLOGICAL DATA (WS FORM: F-6) , PAGE 2
STATION: GRAND ISLAND NE
MONTH: SEPTEMBER
YEAR: 2020
LATITUDE: 40 58 N
LONGITUDE: 98 19 W
[TEMPERATURE DATA] [PRECIPITATION DATA] SYMBOLS USED IN COLUMN 16
AVERAGE MONTHLY: 65.2 TOTAL FOR MONTH: 1.24 1 = FOG OR MIST
DPTR FM NORMAL: 0.1 DPTR FM NORMAL: -0.99 2 = FOG REDUCING VISIBILITY
HIGHEST: 98 ON 5 GRTST 24HR 0.69 ON 8- 8 TO 1/4 MILE OR LESS
LOWEST: 36 ON 29 3 = THUNDER
SNOW, ICE PELLETS, HAIL 4 = ICE PELLETS
TOTAL MONTH: T 5 = HAIL
GRTST 24HR T ON 8- 8 6 = FREEZING RAIN OR DRIZZLE
GRTST DEPTH: 0 7 = DUSTSTORM OR SANDSTORM:
VSBY 1/2 MILE OR LESS
8 = SMOKE OR HAZE
[NO. OF DAYS WITH] [WEATHER - DAYS WITH] 9 = BLOWING SNOW
X = TORNADO
MAX 32 OR BELOW: 0 0.01 INCH OR MORE: 3
MAX 90 OR ABOVE: 3 0.10 INCH OR MORE: 2
MIN 32 OR BELOW: 0 0.50 INCH OR MORE: 2
MIN 0 OR BELOW: 0 1.00 INCH OR MORE: 0
[HDD (BASE 65) ]
TOTAL THIS MO. 98 CLEAR (SCALE 0-3) 23
DPTR FM NORMAL -7 PTCLDY (SCALE 4-7) 3
TOTAL FM JUL 1 98 CLOUDY (SCALE 8-10) 4
DPTR FM NORMAL -17
[CDD (BASE 65) ]
TOTAL THIS MO. 112
DPTR FM NORMAL 3 [PRESSURE DATA]
TOTAL FM JAN 1 1268 HIGHEST SLP 30.47 ON 10
DPTR FM NORMAL 245 LOWEST SLP 29.57 ON 26
[REMARKS]
#FINAL-09-20#