000
CXGM50 PGUM 010030
CF6GUM
PRELIMINARY LOCAL CLIMATOLOGICAL DATA (WS FORM: F-6)
STATION: GUAM INTERNATIONAL AIRPORT
MONTH: JANUARY
YEAR: 2022
LATITUDE: 13 29 N
LONGITUDE: 144-48 E
TEMPERATURE IN F: :PCPN: SNOW: WIND :SUNSHINE: SKY :PK WND
================================================================================
1 2 3 4 5 6A 6B 7 8 9 10 11 12 13 14 15 16 17 18
12Z AVG MX 2MIN
DY MAX MIN AVG DEP HDD CDD WTR SNW DPTH SPD SPD DIR MIN PSBL S-S WX SPD DR
================================================================================
1 85 73 79 -2 0 14 0.10 0.0 0 9.7 17 70 M M 4 22 90
2 86 74 80 -1 0 15 0.04 0.0 0 9.7 18 60 M M 2 23 60
3 83 74 79 -2 0 14 0.24 0.0 0 12.4 26 50 M M 8 32 50
4 86 75 81 0 0 16 0.03 0.0 0 14.0 25 40 M M 7 31 40
5 86 75 81 0 0 16 0.11 0.0 0 16.8 25 40 M M 4 31 50
6 86 75 81 0 0 16 0.36 0.0 0 14.2 21 60 M M 7 26 60
7 81 75 78 -3 0 13 0.41 0.0 0 13.1 21 70 M M 9 30 80
8 85 75 80 -1 0 15 0.02 0.0 0 11.9 21 70 M M 4 25 60
9 85 78 82 2 0 17 0.00 0.0 0 13.0 22 80 M M 3 28 80
10 86 76 81 1 0 16 0.00 0.0 0 10.2 21 90 M M 2 24 120
11 86 75 81 1 0 16 0.08 0.0 0 7.8 14 110 M M 2 14 110
12 85 73 79 -1 0 14 0.00 0.0 0 7.1 14 140 M M 2 23 140
13 86 72 79 -1 0 14 0.00 0.0 0 7.3 14 80 M M 0 17 80
14 86 73 80 0 0 15 0.00 0.0 0 8.3 17 70 M M 4 21 60
15 86 73 80 0 0 15 0.03 0.0 0 10.4 18 80 M M 1 23 80
16 80 75 78 -2 0 13 0.64 0.0 0 14.8 24 50 M M 9 32 40
17 85 75 80 0 0 15 0.29 0.0 0 14.4 24 80 M M 7 31 80
18 85 74 80 0 0 15 0.39 0.0 0 12.2 23 70 M M 6 29 80
19 84 74 79 -1 0 14 0.46 0.0 0 14.4 23 60 M M 8 31 50
20 84 74 79 -1 0 14 0.01 0.0 0 13.1 25 50 M M 6 31 40
21 83 75 79 -1 0 14 0.62 0.0 0 13.2 21 30 M M 9 31 50
22 81 74 78 -2 0 13 1.12 0.0 0 17.2 23 60 M M 10 33 60
23 84 75 80 0 0 15 0.31 0.0 0 16.0 28 70 M M 7 32 70
24 85 74 80 0 0 15 0.23 0.0 0 16.0 26 70 M M 7 1 33 80
25 85 77 81 1 0 16 0.05 0.0 0 10.3 15 90 M M 5 20 90
26 85 75 80 0 0 15 T 0.0 0 10.6 17 70 M M 1 M M
27 86 75 81 1 0 16 0.01 0.0 0 10.1 15 80 M M 2 20 80
28 86 75 81 1 0 16 T 0.0 0 12.9 21 40 M M 5 25 40
29 86 75 81 1 0 16 T 0.0 0 12.5 18 80 M M 5 25 70
30 85 75 80 0 0 15 0.29 0.0 0 11.5 18 90 M M 4 25 90
31 87 76 82 2 0 17 0.00 0.0 0 8.2 10 50 M M 2 M M
================================================================================
SM 2629 2314 0 465 5.84 0.0 373.3 M 152
================================================================================
AV 84.8 74.6 12.0 FASTST M M 5 MAX(MPH)
MISC ----> 28 70 33 60
================================================================================
NOTES:
# LAST OF SEVERAL OCCURRENCES
COLUMN 17 PEAK WIND IN M.P.H.
PRELIMINARY LOCAL CLIMATOLOGICAL DATA (WS FORM: F-6) , PAGE 2
STATION: GUAM INTERNATIONAL AIRPORT
MONTH: JANUARY
YEAR: 2022
LATITUDE: 13 29 N
LONGITUDE: 144-48 E
[TEMPERATURE DATA] [PRECIPITATION DATA] SYMBOLS USED IN COLUMN 16
AVERAGE MONTHLY: 79.7 TOTAL FOR MONTH: 5.84 1 = FOG OR MIST
DPTR FM NORMAL: -0.6 DPTR FM NORMAL: 0.50 2 = FOG REDUCING VISIBILITY
HIGHEST: 87 ON 31 GRTST 24HR 1.12 ON 22-22 TO 1/4 MILE OR LESS
LOWEST: 72 ON 13 3 = THUNDER
SNOW, ICE PELLETS, HAIL 4 = ICE PELLETS
TOTAL MONTH: 0.0 INCH 5 = HAIL
GRTST 24HR 0.0 6 = FREEZING RAIN OR DRIZZLE
GRTST DEPTH: 0 7 = DUSTSTORM OR SANDSTORM:
VSBY 1/2 MILE OR LESS
8 = SMOKE OR HAZE
[NO. OF DAYS WITH] [WEATHER - DAYS WITH] 9 = BLOWING SNOW
X = TORNADO
MAX 32 OR BELOW: 0 0.01 INCH OR MORE: 22
MAX 90 OR ABOVE: 0 0.10 INCH OR MORE: 14
MIN 32 OR BELOW: 0 0.50 INCH OR MORE: 3
MIN 0 OR BELOW: 0 1.00 INCH OR MORE: 1
[HDD (BASE 65) ]
TOTAL THIS MO. 0 CLEAR (SCALE 0-3) 10
DPTR FM NORMAL 0 PTCLDY (SCALE 4-7) 15
TOTAL FM JUL 1 0 CLOUDY (SCALE 8-10) 6
DPTR FM NORMAL 0
[CDD (BASE 65) ]
TOTAL THIS MO. 465
DPTR FM NORMAL -11 [PRESSURE DATA]
TOTAL FM JAN 1 465 HIGHEST SLP 29.95 ON 1
DPTR FM NORMAL -11 LOWEST SLP 29.86 ON 1
[REMARKS]
#FINAL-01-22#