000
CXUS54 KAMA 010710
CF6GUY
PRELIMINARY LOCAL CLIMATOLOGICAL DATA (WS FORM: F-6)
STATION: GUYMON
MONTH: MAY
YEAR: 2022
LATITUDE: 36 41 N
LONGITUDE: 101 30 W
TEMPERATURE IN F: :PCPN: SNOW: WIND :SUNSHINE: SKY :PK WND
================================================================================
1 2 3 4 5 6A 6B 7 8 9 10 11 12 13 14 15 16 17 18
12Z AVG MX 2MIN
DY MAX MIN AVG DEP HDD CDD WTR SNW DPTH SPD SPD DIR MIN PSBL S-S WX SPD DR
================================================================================
1 84 49 67 7 0 2 0.03 M M 17.0 32 160 M M 1 38 49 150
2 79 44 62 1 3 0 0.00 M M 21.9 37 360 M M 3 49 360
3 68 41 55 -6 10 0 0.00 M M 11.5 22 20 M M 5 30 160
4 56 50 53 -8 12 0 0.09 M M 13.8 26 30 M M 9 13 33 30
5 74 47 61 -1 4 0 0.01 M M 11.9 26 350 M M 6 1 37 330
6 90 43 67 5 0 2 0.00 M M 8.5 18 220 M M 0 25 190
7 103 57 80 18 0 15 0.00 M M 14.0 29 200 M M 0 41 190
8 93 62 78 15 0 13 0.00 M M 13.4 22 10 M M 0 30 150
9 102 70 86 23 0 21 0.00 M M 22.7 38 210 M M 0 50 220
10 100 56 78 14 0 13 T M M 14.3 37 170 M M 0 58 180
11 95 63 79 15 0 14 0.00 M M 18.4 35 180 M M 0 53 190
12 103 63 83 19 0 18 T M M 16.4 31 200 M M 0 3 43 190
13 87 52 70 5 0 5 0.00 M M 10.6 28 60 M M 0 34 50
14 M 53 M M M M 0.00 M M 5.3 16 330 M M 0 22 320
15 94 53 74 8 0 9 0.00 M M 13.8 31 30 M M 0 43 30
16 91 55 73 7 0 8 0.15 M M 12.3 45 220 M M 1 3 58 220
17 105 65 85 19 0 20 0.01 M M 14.9 28 200 M M 1 3 46 240
18 93 62 78 11 0 13 0.09 M M 14.2 49 350 M M 1 38 63 350
19 104 57 81 14 0 16 0.00 M M 14.7 28 220 M M 0 36 220
20 84 51 68 0 0 3 0.00 M M 17.9 39 10 M M 0 8 49 10
21 62 43 53 -15 12 0 0.00 M M 15.9 26 10 M M 7 34 20
22 72 43 58 -10 7 0 0.00 M M 7.2 17 190 M M 5 25 180
23 71 50 61 -8 4 0 0.31 M M 12.0 29 100 M M 6 13 40 90
24 56 49 53 -16 12 0 0.56 M M 17.9 31 360 M M 10 1 40 350
25 74 49 62 -8 3 0 0.00 M M 18.4 31 360 M M 6 41 10
26 89 49 69 -1 0 4 0.00 M M 7.5 20 30 M M 0 24 20
27 101 55 78 8 0 13 0.00 M M 16.7 31 210 M M 0 43 180
28 M 66 M M M M 0.00 M M 16.3 36 230 M M 0 51 210
29 103 71 87 16 0 22 0.00 M M 22.2 38 230 M M 0 52 230
30 96 61 79 8 0 14 0.00 M M 14.1 35 220 M M 0 53 230
31 87 60 74 2 0 9 0.00 M M 18.0 28 20 M M 2 40 20
================================================================================
SM 2516 1689 67 234 1.25 M 453.7 M 63
================================================================================
AV 86.8 54.5 14.6 FASTST M M 2 MAX(MPH)
MISC ----> 49 350 63 350
================================================================================
NOTES:
# LAST OF SEVERAL OCCURRENCES
COLUMN 17 PEAK WIND IN M.P.H.
PRELIMINARY LOCAL CLIMATOLOGICAL DATA (WS FORM: F-6) , PAGE 2
STATION: GUYMON
MONTH: MAY
YEAR: 2022
LATITUDE: 36 41 N
LONGITUDE: 101 30 W
[TEMPERATURE DATA] [PRECIPITATION DATA] SYMBOLS USED IN COLUMN 16
AVERAGE MONTHLY: 70.6 TOTAL FOR MONTH: 1.25 1 = FOG OR MIST
DPTR FM NORMAL: 4.6 DPTR FM NORMAL: -1.00 2 = FOG REDUCING VISIBILITY
HIGHEST: 105 ON 17 GRTST 24HR 0.87 ON 23-24 TO 1/4 MILE OR LESS
LOWEST: 41 ON 3 3 = THUNDER
SNOW, ICE PELLETS, HAIL 4 = ICE PELLETS
TOTAL MONTH: M 5 = HAIL
GRTST 24HR M ON M 6 = FREEZING RAIN OR DRIZZLE
GRTST DEPTH: M ON M 7 = DUSTSTORM OR SANDSTORM:
VSBY 1/2 MILE OR LESS
8 = SMOKE OR HAZE
[NO. OF DAYS WITH] [WEATHER - DAYS WITH] 9 = BLOWING SNOW
X = TORNADO
MAX 32 OR BELOW: 0 0.01 INCH OR MORE: 8
MAX 90 OR ABOVE: 15 0.10 INCH OR MORE: 3
MIN 32 OR BELOW: 0 0.50 INCH OR MORE: 1
MIN 0 OR BELOW: 0 1.00 INCH OR MORE: 0
[HDD (BASE 65) ]
TOTAL THIS MO. 67 CLEAR (SCALE 0-3) 23
DPTR FM NORMAL -23 PTCLDY (SCALE 4-7) 6
TOTAL FM JUL 1 3679 CLOUDY (SCALE 8-10) 2
DPTR FM NORMAL -611
[CDD (BASE 65) ]
TOTAL THIS MO. 234
DPTR FM NORMAL 113 [PRESSURE DATA]
TOTAL FM JAN 1 310 HIGHEST SLP M ON M
DPTR FM NORMAL 166 LOWEST SLP 29.13 ON 29
[REMARKS]
#FINAL-05-22#