000
CXUS54 KJAN 011414
CF6GWO
PRELIMINARY LOCAL CLIMATOLOGICAL DATA (WS FORM: F-6)
STATION: GREENWOOD
MONTH: JULY
YEAR: 2020
LATITUDE: 33 30 N
LONGITUDE: 90 5 W
TEMPERATURE IN F: :PCPN: SNOW: WIND :SUNSHINE: SKY :PK WND
================================================================================
1 2 3 4 5 6A 6B 7 8 9 10 11 12 13 14 15 16 17 18
12Z AVG MX 2MIN
DY MAX MIN AVG DEP HDD CDD WTR SNW DPTH SPD SPD DIR MIN PSBL S-S WX SPD DR
================================================================================
1 93 74 84 3 0 19 0.24 0.0 0 6.3 22 360 M M 4 13 32 350
2 95 73 84 3 0 19 0.00 0.0 0 3.5 14 200 M M 2 3 19 190
3 93 73 83 2 0 18 0.00 0.0 0 2.2 8 340 M M 2 13 350
4 94 73 84 3 0 19 0.26 0.0 0 2.1 14 70 M M 3 13 19 360
5 90 73 82 1 0 17 0.02 0.0 0 2.5 16 190 M M 3 123 22 80
6 92 72 82 1 0 17 0.21 0.0 0 3.2 16 180 M M 3 13 22 140
7 89 72 81 0 0 16 0.02 0.0 0 2.3 8 190 M M 4 123 13 250
8 86 74 80 -1 0 15 0.91 0.0 0 3.0 12 190 M M 8 13 16 190
9 90 73 82 1 0 17 0.70 0.0 0 3.3 18 360 M M 5 13 32 340
10 91 73 82 1 0 17 0.00 0.0 0 2.2 9 330 M M 2 1 19 330
11 94 72 83 2 0 18 0.00 0.0 0 1.6 8 210 M M 0 1 14 190
12 93 77 85 4 0 20 T 0.0 0 3.6 12 230 M M 2 1 20 280
13 95 73 84 3 0 19 0.00 0.0 0 2.2 9 110 M M 2 12 13 110
14 95 75 85 4 0 20 T 0.0 0 2.0 7 130 M M 1 10 200
15 92 77 85 4 0 20 0.00 0.0 0 5.7 22 160 M M 1 31 170
16 95 74 85 4 0 20 0.00 0.0 0 4.3 12 140 M M 2 15 140
17 95 75 85 4 0 20 0.00 0.0 0 2.6 12 180 M M 1 1 19 210
18 95 76 86 5 0 21 0.00 0.0 0 1.7 9 180 M M 2 1 14 180
19 96 74 85 4 0 20 0.00 0.0 0 1.7 9 210 M M 0 13 180
20 97 76 87 6 0 22 0.00 0.0 0 2.0 13 170 M M 1 15 170
21 96 76 86 5 0 21 0.00 0.0 0 4.5 20 100 M M 1 3 27 90
22 98 77 88 7 0 23 0.00 0.0 0 4.9 14 20 M M 1 20 20
23 98 76 87 6 0 22 0.00 0.0 0 6.1 14 110 M M 1 8 24 130
24 93 74 84 3 0 19 0.08 0.0 0 6.9 21 150 M M 3 1 29 140
25 94 75 85 4 0 20 0.00 0.0 0 5.7 17 190 M M 2 22 180
26 94 74 84 3 0 19 0.11 0.0 0 2.1 16 110 M M 1 3 19 120
27 91 75 83 2 0 18 0.66 0.0 0 2.0 29 120 M M 2 1 41 120
28 89 72 81 0 0 16 T 0.0 0 1.8 12 190 M M 3 1 16 170
29 92 74 83 2 0 18 0.16 0.0 0 4.5 14 230 M M 3 13 21 240
30 92 76 84 3 0 19 0.00 0.0 0 9.0 18 230 M M 3 28 240
31 90 74 82 0 0 17 0.17 0.0 0 8.1 22 210 M M 4 138 29 220
================================================================================
SM 2887 2302 0 586 3.54 0.0 113.6 M 72
================================================================================
AV 93.1 74.3 3.7 FASTST M M 2 MAX(MPH)
MISC ----> # 29 120 # 41 120
================================================================================
NOTES:
# LAST OF SEVERAL OCCURRENCES
COLUMN 17 PEAK WIND IN M.P.H.
PRELIMINARY LOCAL CLIMATOLOGICAL DATA (WS FORM: F-6) , PAGE 2
STATION: GREENWOOD
MONTH: JULY
YEAR: 2020
LATITUDE: 33 30 N
LONGITUDE: 90 5 W
[TEMPERATURE DATA] [PRECIPITATION DATA] SYMBOLS USED IN COLUMN 16
AVERAGE MONTHLY: 83.7 TOTAL FOR MONTH: 3.54 1 = FOG OR MIST
DPTR FM NORMAL: 2.4 DPTR FM NORMAL: -0.06 2 = FOG REDUCING VISIBILITY
HIGHEST: 98 ON 23,22 GRTST 24HR 0.91 ON 8- 8 TO 1/4 MILE OR LESS
LOWEST: 72 ON 28,11 3 = THUNDER
SNOW, ICE PELLETS, HAIL 4 = ICE PELLETS
TOTAL MONTH: 0.0 INCH 5 = HAIL
GRTST 24HR 0.0 6 = FREEZING RAIN OR DRIZZLE
GRTST DEPTH: 0 7 = DUSTSTORM OR SANDSTORM:
VSBY 1/2 MILE OR LESS
8 = SMOKE OR HAZE
[NO. OF DAYS WITH] [WEATHER - DAYS WITH] 9 = BLOWING SNOW
X = TORNADO
MAX 32 OR BELOW: 0 0.01 INCH OR MORE: 12
MAX 90 OR ABOVE: 28 0.10 INCH OR MORE: 9
MIN 32 OR BELOW: 0 0.50 INCH OR MORE: 3
MIN 0 OR BELOW: 0 1.00 INCH OR MORE: 0
[HDD (BASE 65) ]
TOTAL THIS MO. 0 CLEAR (SCALE 0-3) 24
DPTR FM NORMAL 0 PTCLDY (SCALE 4-7) 7
TOTAL FM JUL 1 0 CLOUDY (SCALE 8-10) 0
DPTR FM NORMAL 0
[CDD (BASE 65) ]
TOTAL THIS MO. 586
DPTR FM NORMAL 81 [PRESSURE DATA]
TOTAL FM JAN 1 1373 HIGHEST SLP M ON M
DPTR FM NORMAL 125 LOWEST SLP 29.79 ON 12
[REMARKS]
#FINAL-07-20#