000
CXUS54 KEWX 011010
CF6GYB
PRELIMINARY LOCAL CLIMATOLOGICAL DATA (WS FORM: F-6)
STATION: Giddings-Lee County Airport
MONTH: APRIL
YEAR: 2020
LATITUDE: 30 10 N
LONGITUDE: 96 59 W
TEMPERATURE IN F: :PCPN: SNOW: WIND :SUNSHINE: SKY :PK WND
================================================================================
1 2 3 4 5 6A 6B 7 8 9 10 11 12 13 14 15 16 17 18
12Z AVG MX 2MIN
DY MAX MIN AVG DEP HDD CDD WTR SNW DPTH SPD SPD DIR MIN PSBL S-S WX SPD DR
================================================================================
1 78 48 63 M 2 0 0.00 M M 5.0 12 190 M M 0 16 140
2 77 62 70 M 0 5 0.05 M M 6.0 12 140 M M 8 18 22 150
3 75 46 61 M 4 0 1.50 M M 7.3 16 350 M M 9 1 25 350
4 48 43 46 M 19 0 0.39 M M 7.8 12 360 M M 10 1 21 20
5 68 47 58 M 7 0 0.00 M M 4.7 9 10 M M 9 1 M M
6 78 58 68 M 0 3 0.00 M M 2.5 8 150 M M 8 1 M M
7 85 67 76 M 0 11 0.00 M M 5.0 9 220 M M 6 18 M M
8 89 67 78 M 0 13 0.00 M M 4.9 7 190 M M 5 18 M M
9 90 67 79 M 0 14 0.03 M M 4.6 15 350 M M 2 1 25 350
10 75 62 69 M 0 4 0.00 M M 6.3 10 70 M M 3 1 17 60
11 80 58 69 M 0 4 0.02 M M 5.1 12 160 M M 7 17 150
12 88 62 75 M 0 10 0.00 M M 9.1 15 360 M M 4 18 29 360
13 65 48 57 M 8 0 0.00 M M 9.3 18 360 M M 0 24 360
14 65 47 56 M 9 0 0.00 M M 7.5 10 10 M M 2 16 30
15 71 45 58 M 7 0 0.00 M M 3.9 8 80 M M 0 M M
16 80 47 64 M 1 0 0.00 M M 5.8 12 190 M M 0 17 150
17 79 58 69 M 0 4 0.00 M M 5.2 13 350 M M 7 1 21 350
18 67 57 62 M 3 0 0.37 M M 4.7 10 10 M M 10 12 17 20
19 88 59 74 M 0 9 0.00 M M 3.6 12 320 M M 6 12 18 250
20 81 55 68 M 0 3 0.00 M M 4.1 8 80 M M 4 1 M M
21 85 64 75 M 0 10 0.00 M M 6.2 12 170 M M 4 1 20 140
22 77 65 71 M 0 6 0.09 M M 5.5 12 180 M M 9 128 18 180
23 85 60 73 M 0 8 0.00 M M 5.1 10 360 M M 1 1 M M
24 94 59 77 M 0 12 0.00 M M 6.9 16 210 M M 1 23 200
25 80 64 72 M 0 7 0.00 M M 6.1 14 10 M M 3 18 10
26 87 53 70 M 0 5 0.00 M M 3.5 9 100 M M 0 M M
27 88 58 73 M 0 8 0.00 M M 8.0 16 160 M M 1 1 23 160
28 90 74 82 M 0 17 0.00 M M 8.8 13 180 M M 7 23 160
29 82 60 71 M 0 6 1.44 M M 7.2 20 10 M M 3 36 360
30 85 54 70 M 0 5 0.00 M M 1.1 5 230 M M 0 8 M M
================================================================================
SM 2380 1714 60 164 3.89 M 170.8 M 129
================================================================================
AV 79.3 57.1 5.7 FASTST M M 4 MAX(MPH)
MISC ----> # 20 10 # 36 360
================================================================================
NOTES:
# LAST OF SEVERAL OCCURRENCES
COLUMN 17 PEAK WIND IN M.P.H.
PRELIMINARY LOCAL CLIMATOLOGICAL DATA (WS FORM: F-6) , PAGE 2
STATION: Giddings-Lee County Airport
MONTH: APRIL
YEAR: 2020
LATITUDE: 30 10 N
LONGITUDE: 96 59 W
[TEMPERATURE DATA] [PRECIPITATION DATA] SYMBOLS USED IN COLUMN 16
AVERAGE MONTHLY: 68.2 TOTAL FOR MONTH: 3.89 1 = FOG OR MIST
DPTR FM NORMAL: M DPTR FM NORMAL: M 2 = FOG REDUCING VISIBILITY
HIGHEST: 94 ON 24 GRTST 24HR 1.50 ON 3- 3 TO 1/4 MILE OR LESS
LOWEST: 43 ON 4 3 = THUNDER
SNOW, ICE PELLETS, HAIL 4 = ICE PELLETS
TOTAL MONTH: M 5 = HAIL
GRTST 24HR M ON M 6 = FREEZING RAIN OR DRIZZLE
GRTST DEPTH: M ON M 7 = DUSTSTORM OR SANDSTORM:
VSBY 1/2 MILE OR LESS
8 = SMOKE OR HAZE
[NO. OF DAYS WITH] [WEATHER - DAYS WITH] 9 = BLOWING SNOW
X = TORNADO
MAX 32 OR BELOW: 0 0.01 INCH OR MORE: 8
MAX 90 OR ABOVE: 3 0.10 INCH OR MORE: 4
MIN 32 OR BELOW: 0 0.50 INCH OR MORE: 2
MIN 0 OR BELOW: 0 1.00 INCH OR MORE: 2
[HDD (BASE 65) ]
TOTAL THIS MO. 60 CLEAR (SCALE 0-3) 13
DPTR FM NORMAL M PTCLDY (SCALE 4-7) 12
TOTAL FM JUL 1 1400 CLOUDY (SCALE 8-10) 5
DPTR FM NORMAL M
[CDD (BASE 65) ]
TOTAL THIS MO. 164
DPTR FM NORMAL M [PRESSURE DATA]
TOTAL FM JAN 1 309 HIGHEST SLP M ON M
DPTR FM NORMAL M LOWEST SLP M ON M
[REMARKS]
#FINAL-04-20#