000
CXUS54 KFWD 010731
CF6GYI
PRELIMINARY LOCAL CLIMATOLOGICAL DATA (WS FORM: F-6)
STATION: SHERMAN/DENISON
MONTH: OCTOBER
YEAR: 2023
LATITUDE: 33 42 N
LONGITUDE: 96 40 W
TEMPERATURE IN F: :PCPN: SNOW: WIND :SUNSHINE: SKY :PK WND
================================================================================
1 2 3 4 5 6A 6B 7 8 9 10 11 12 13 14 15 16 17 18
12Z AVG MX 2MIN
DY MAX MIN AVG DEP HDD CDD WTR SNW DPTH SPD SPD DIR MIN PSBL S-S WX SPD DR
================================================================================
1 95 68 82 13 0 17 0.00 M M 7.2 12 130 M M 1 M M
2 95 66 81 12 0 16 0.00 M M 7.1 13 120 M M 1 10 90
3 92 67 80 11 0 15 0.00 M M 9.2 15 160 M M 0 18 150
4 95 68 82 14 0 17 2.04 M M 10.7 21 40 M M 7 31 360
5 83 63 73 5 0 8 0.00 M M 6.0 14 330 M M 5 8 18 100
6 86 58 72 4 0 7 0.00 M M 6.3 16 20 M M 0 23 20
7 71 50 61 -6 4 0 0.00 M M 6.5 17 10 M M 2 23 10
8 80 47 64 -3 1 0 0.00 M M 5.9 10 170 M M 0 M M
9 89 58 74 7 0 9 0.00 M M 8.2 12 190 M M 0 M M
10 89 63 76 10 0 11 0.00 M M 9.6 16 170 M M 0 20 170
11 79 66 73 7 0 8 0.00 M M 13.9 23 160 M M 6 26 160
12 74 63 69 3 0 4 0.00 M M 13.8 17 140 M M 8 24 150
13 76 58 67 1 0 2 0.00 M M 12.6 21 330 M M 4 29 330
14 69 48 59 -6 6 0 0.00 M M 10.4 16 320 M M 0 23 300
15 63 47 55 -10 10 0 0.00 M M 11.1 21 330 M M 5 25 330
16 67 38 53 -12 12 0 0.00 M M 4.2 14 330 M M 0 23 330
17 75 38 57 -7 8 0 0.00 M M 4.9 9 170 M M 0 M M
18 82 53 68 4 0 3 0.00 M M 11.1 18 180 M M 0 24 200
19 84 49 67 3 0 2 0.00 M M 4.5 9 300 M M 0 22 290
20 91 52 72 9 0 7 0.00 M M 3.5 7 20 M M 0 M M
21 91 55 73 10 0 8 0.00 M M 7.8 14 200 M M 0 M M
22 86 61 74 11 0 9 0.00 M M 6.9 12 150 M M 0 M M
23 79 68 74 12 0 9 0.17 M M 9.0 15 150 M M 5 16 110
24 74 68 71 9 0 6 0.35 M M 10.2 20 150 M M 9 1 24 150
25 79 67 73 11 0 8 2.98 M M 8.9 18 240 M M 8 35 240
26 82 67 75 13 0 10 0.95 M M 10.1 18 160 M M 7 26 160
27 86 59 73 12 0 8 0.00 M M 11.0 18 320 M M 9 1 25 250
28 59 49 54 -7 11 0 0.06 M M 7.2 13 360 M M 10 1 21 360
29 49 39 44 -16 21 0 0.71 M M 15.1 21 360 M M 10 1 33 360
30 50 36 43 -17 22 0 0.11 M M 14.2 20 10 M M 2 33 10
31 58 28 43 -17 22 0 0.00 M M 6.2 16 360 M M 0 21 350
================================================================================
SM 2428 1717 117 184 7.37 M 273.0 M 99
================================================================================
AV 78.3 55.4 8.8 FASTST M M 3 MAX(MPH)
MISC ----> 23 160 35 240
================================================================================
NOTES:
# LAST OF SEVERAL OCCURRENCES
COLUMN 17 PEAK WIND IN M.P.H.
PRELIMINARY LOCAL CLIMATOLOGICAL DATA (WS FORM: F-6) , PAGE 2
STATION: SHERMAN/DENISON
MONTH: OCTOBER
YEAR: 2023
LATITUDE: 33 42 N
LONGITUDE: 96 40 W
[TEMPERATURE DATA] [PRECIPITATION DATA] SYMBOLS USED IN COLUMN 16
AVERAGE MONTHLY: 66.9 TOTAL FOR MONTH: 7.37 1 = FOG OR MIST
DPTR FM NORMAL: 2.4 DPTR FM NORMAL: 2.08 2 = FOG REDUCING VISIBILITY
HIGHEST: 95 ON 4, 2 GRTST 24HR 2.98 ON 25-25 TO 1/4 MILE OR LESS
LOWEST: 28 ON 31 3 = THUNDER
SNOW, ICE PELLETS, HAIL 4 = ICE PELLETS
TOTAL MONTH: M 5 = HAIL
GRTST 24HR M ON M 6 = FREEZING RAIN OR DRIZZLE
GRTST DEPTH: M ON M 7 = DUSTSTORM OR SANDSTORM:
VSBY 1/2 MILE OR LESS
8 = SMOKE OR HAZE
[NO. OF DAYS WITH] [WEATHER - DAYS WITH] 9 = BLOWING SNOW
X = TORNADO
MAX 32 OR BELOW: 0 0.01 INCH OR MORE: 8
MAX 90 OR ABOVE: 6 0.10 INCH OR MORE: 7
MIN 32 OR BELOW: 1 0.50 INCH OR MORE: 4
MIN 0 OR BELOW: 0 1.00 INCH OR MORE: 2
[HDD (BASE 65) ]
TOTAL THIS MO. 117 CLEAR (SCALE 0-3) 18
DPTR FM NORMAL 11 PTCLDY (SCALE 4-7) 8
TOTAL FM JUL 1 117 CLOUDY (SCALE 8-10) 5
DPTR FM NORMAL -2
[CDD (BASE 65) ]
TOTAL THIS MO. 184
DPTR FM NORMAL 92 [PRESSURE DATA]
TOTAL FM JAN 1 3058 HIGHEST SLP M ON M
DPTR FM NORMAL 906 LOWEST SLP M ON M
[REMARKS]
#FINAL-10-23#