000
CXUS53 KGID 011648
CF6HDE
PRELIMINARY LOCAL CLIMATOLOGICAL DATA (WS FORM: F-6)
STATION: HOLDREGE NE
MONTH: JANUARY
YEAR: 2023
LATITUDE: 40 27 N
LONGITUDE: 99 20 W
TEMPERATURE IN F: :PCPN: SNOW: WIND :SUNSHINE: SKY :PK WND
================================================================================
1 2 3 4 5 6A 6B 7 8 9 10 11 12 13 14 15 16 17 18
12Z AVG MX 2MIN
DY MAX MIN AVG DEP HDD CDD WTR SNW DPTH SPD SPD DIR MIN PSBL S-S WX SPD DR
================================================================================
1 42 28 35 M 30 0 0.00 M M 6.9 13 60 M M 2 1 M M
2 34 30 32 M 33 0 T M M 14.1 22 50 M M 8 12 30 50
3 31 24 28 M 37 0 M M M 15.7 25 350 M M 7 1 31 350
4 32 22 27 M 38 0 0.00 M M 10.6 15 300 M M 3 23 310
5 33 20 27 M 38 0 0.00 M M 9.1 16 310 M M 0 21 310
6 37 15 26 M 39 0 0.00 M M 6.7 15 50 M M 2 M M
7 36 26 31 M 34 0 0.00 M M 4.1 9 360 M M 7 M M
8 41 22 32 M 33 0 0.00 M M 5.1 8 230 M M 0 M M
9 49 25 37 M 28 0 0.00 M M 7.0 13 300 M M 0 21 300
10 47 28 38 M 27 0 0.00 M M 4.4 15 160 M M 0 M M
11 41 30 36 M 29 0 0.00 M M 11.9 18 30 M M 3 25 340
12 37 24 31 M 34 0 0.00 M M 12.5 28 350 M M 5 35 340
13 34 18 26 M 39 0 0.00 M M 5.3 12 180 M M 5 12 M M
14 40 27 34 M 31 0 0.00 M M 9.0 14 200 M M 0 18 200
15 35 23 29 M 36 0 0.00 M M 4.4 10 360 M M 3 M M
16 48 31 40 M 25 0 T M M 10.0 15 300 M M 6 21 300
17 37 27 32 M 33 0 0.00 M M 5.1 10 60 M M 9 12 18 60
18 31 21 26 M 39 0 M M M 15.8 24 60 M M 10 1 30 60
19 33 16 25 M 40 0 M M M 12.2 23 350 M M 5 1 27 350
20 29 9 19 M 46 0 0.00 M M 5.5 13 310 M M 0 M M
21 28 18 23 M 42 0 T M M 5.2 10 330 M M 7 M M
22 27 11 19 M 46 0 0.00 M M 5.3 10 320 M M 2 M M
23 34 8 21 M 44 0 0.00 M M 4.2 9 310 M M 4 M M
24 32 13 23 M 42 0 0.00 M M 5.8 14 360 M M 6 12 M M
25 27 19 23 M 42 0 T M M 12.1 22 340 M M 6 28 340
26 33 27 30 M 35 0 T M M 10.1 18 240 M M 8 25 250
27 39 32 36 M 29 0 0.00 M M 9.9 21 290 M M 4 27 290
28 33 2 18 M 47 0 M M M 18.5 30 10 M M 8 18 33 10
29 4 -2 1 M 64 0 M M M 14.2 21 20 M M 10 30 10
30 8 -1 4 M 61 0 0.00 M M 4.4 10 10 M M 7 M M
31 18 4 11 M 54 0 0.00 M M 8.8 13 230 M M 3 M M
================================================================================
SM 1030 597 1195 0 M M 273.9 M 140
================================================================================
AV 33.2 19.3 8.8 FASTST M M 5 MAX(MPH)
MISC ----> 30 10 M M
================================================================================
NOTES:
# LAST OF SEVERAL OCCURRENCES
COLUMN 17 PEAK WIND IN M.P.H.
PRELIMINARY LOCAL CLIMATOLOGICAL DATA (WS FORM: F-6) , PAGE 2
STATION: HOLDREGE NE
MONTH: JANUARY
YEAR: 2023
LATITUDE: 40 27 N
LONGITUDE: 99 20 W
[TEMPERATURE DATA] [PRECIPITATION DATA] SYMBOLS USED IN COLUMN 16
AVERAGE MONTHLY: 26.2 TOTAL FOR MONTH: M 1 = FOG OR MIST
DPTR FM NORMAL: M DPTR FM NORMAL: M 2 = FOG REDUCING VISIBILITY
HIGHEST: 49 ON 9 GRTST 24HR M ON M TO 1/4 MILE OR LESS
LOWEST: -2 ON 29 3 = THUNDER
SNOW, ICE PELLETS, HAIL 4 = ICE PELLETS
TOTAL MONTH: M 5 = HAIL
GRTST 24HR M ON M 6 = FREEZING RAIN OR DRIZZLE
GRTST DEPTH: M ON M 7 = DUSTSTORM OR SANDSTORM:
VSBY 1/2 MILE OR LESS
8 = SMOKE OR HAZE
[NO. OF DAYS WITH] [WEATHER - DAYS WITH] 9 = BLOWING SNOW
X = TORNADO
MAX 32 OR BELOW: 11 0.01 INCH OR MORE: M
MAX 90 OR ABOVE: 0 0.10 INCH OR MORE: M
MIN 32 OR BELOW: 31 0.50 INCH OR MORE: M
MIN 0 OR BELOW: 2 1.00 INCH OR MORE: M
[HDD (BASE 65) ]
TOTAL THIS MO. 1195 CLEAR (SCALE 0-3) 12
DPTR FM NORMAL M PTCLDY (SCALE 4-7) 16
TOTAL FM JUL 1 3639 CLOUDY (SCALE 8-10) 3
DPTR FM NORMAL M
[CDD (BASE 65) ]
TOTAL THIS MO. 0
DPTR FM NORMAL M [PRESSURE DATA]
TOTAL FM JAN 1 0 HIGHEST SLP M ON M
DPTR FM NORMAL M LOWEST SLP M ON M
[REMARKS]
#FINAL-01-23#