000
CXUS53 KGID 011129
CF6HDE
PRELIMINARY LOCAL CLIMATOLOGICAL DATA (WS FORM: F-6)
STATION: HOLDREGE NE
MONTH: AUGUST
YEAR: 2021
LATITUDE: 40 27 N
LONGITUDE: 99 20 W
TEMPERATURE IN F: :PCPN: SNOW: WIND :SUNSHINE: SKY :PK WND
================================================================================
1 2 3 4 5 6A 6B 7 8 9 10 11 12 13 14 15 16 17 18
12Z AVG MX 2MIN
DY MAX MIN AVG DEP HDD CDD WTR SNW DPTH SPD SPD DIR MIN PSBL S-S WX SPD DR
================================================================================
1 81 61 71 M 0 6 0.00 M M 4.7 8 50 M M 1 1 M M
2 81 57 69 M 0 4 0.00 M M 4.9 12 120 M M 1 M M
3 84 58 71 M 0 6 0.00 M M 9.2 15 170 M M 1 21 160
4 90 61 76 M 0 11 0.01 M M 9.1 16 210 M M 2 3 25 0
5 88 63 76 M 0 11 T M M 4.4 9 140 M M 0 3 17 30
6 91 63 77 M 0 12 T M M 8.2 14 160 M M 0 17 160
7 85 68 77 M 0 12 0.34 M M 5.0 14 130 M M 3 13 23 220
8 90 65 78 M 0 13 0.00 M M 7.4 16 120 M M 0 22 130
9 95 66 81 M 0 16 0.00 M M 7.1 13 270 M M 0 17 0
10 85 66 76 M 0 11 0.03 M M 5.6 14 220 M M 1 21 200
11 86 66 76 M 0 11 0.00 M M 7.1 14 20 M M 0 20 20
12 88 63 76 M 0 11 0.07 M M 7.9 17 50 M M 2 3 24 30
13 81 62 72 M 0 7 0.02 M M 4.1 9 100 M M 6 M M
14 84 61 73 M 0 8 T M M 8.3 14 130 M M 5 18 140
15 85 67 76 M 0 11 0.80 M M 8.8 15 160 M M 3 3 21 170
16 87 66 77 M 0 12 0.00 M M 7.6 13 190 M M 2 1 18 190
17 88 63 76 M 0 11 0.00 M M 7.8 16 170 M M 0 21 180
18 84 65 75 M 0 10 0.00 M M 10.9 17 150 M M 4 1 24 160
19 85 67 76 M 0 11 0.00 M M 10.6 18 140 M M 4 1 25 140
20 80 62 71 M 0 6 1.25 M M 8.5 15 100 M M 6 27 210
21 74 54 64 M 1 0 0.00 M M 6.2 12 360 M M 2 16 360
22 91 60 76 M 0 11 1.44 M M 12.5 23 190 M M 3 36 200
23 91 68 80 M 0 15 0.06 M M 9.2 18 80 M M 1 23 80
24 91 64 78 M 0 13 0.00 M M 5.0 9 70 M M 0 M M
25 84 67 76 M 0 11 0.00 M M 11.0 17 80 M M 4 23 80
26 91 68 80 M 0 15 0.29 M M 7.5 14 220 M M 3 13 25 150
27 91 68 80 M 0 15 0.00 M M 7.5 14 200 M M 1 20 200
28 93 70 82 M 0 17 0.00 M M 8.5 14 170 M M 0 21 180
29 77 64 71 M 0 6 0.68 M M 6.9 17 70 M M 8 3 28 70
30 89 66 78 M 0 13 0.00 M M 9.2 15 160 M M 4 21 160
31 82 65 74 M 0 9 0.00 M M 11.2 18 80 M M 2 1 31 200
================================================================================
SM 2672 1984 1 325 4.99 M 241.9 M 69
================================================================================
AV 86.2 64.0 7.8 FASTST M M 2 MAX(MPH)
MISC ----> 23 190 M M
================================================================================
NOTES:
# LAST OF SEVERAL OCCURRENCES
COLUMN 17 PEAK WIND IN M.P.H.
PRELIMINARY LOCAL CLIMATOLOGICAL DATA (WS FORM: F-6) , PAGE 2
STATION: HOLDREGE NE
MONTH: AUGUST
YEAR: 2021
LATITUDE: 40 27 N
LONGITUDE: 99 20 W
[TEMPERATURE DATA] [PRECIPITATION DATA] SYMBOLS USED IN COLUMN 16
AVERAGE MONTHLY: 75.1 TOTAL FOR MONTH: 4.99 1 = FOG OR MIST
DPTR FM NORMAL: M DPTR FM NORMAL: M 2 = FOG REDUCING VISIBILITY
HIGHEST: 95 ON 9 GRTST 24HR 1.44 ON 22-22 TO 1/4 MILE OR LESS
LOWEST: 54 ON 21 3 = THUNDER
SNOW, ICE PELLETS, HAIL 4 = ICE PELLETS
TOTAL MONTH: M 5 = HAIL
GRTST 24HR M ON M 6 = FREEZING RAIN OR DRIZZLE
GRTST DEPTH: M ON M 7 = DUSTSTORM OR SANDSTORM:
VSBY 1/2 MILE OR LESS
8 = SMOKE OR HAZE
[NO. OF DAYS WITH] [WEATHER - DAYS WITH] 9 = BLOWING SNOW
X = TORNADO
MAX 32 OR BELOW: 0 0.01 INCH OR MORE: 11
MAX 90 OR ABOVE: 10 0.10 INCH OR MORE: 6
MIN 32 OR BELOW: 0 0.50 INCH OR MORE: 4
MIN 0 OR BELOW: 0 1.00 INCH OR MORE: 2
[HDD (BASE 65) ]
TOTAL THIS MO. 1 CLEAR (SCALE 0-3) 22
DPTR FM NORMAL M PTCLDY (SCALE 4-7) 8
TOTAL FM JUL 1 1 CLOUDY (SCALE 8-10) 1
DPTR FM NORMAL M
[CDD (BASE 65) ]
TOTAL THIS MO. 325
DPTR FM NORMAL M [PRESSURE DATA]
TOTAL FM JAN 1 983 HIGHEST SLP M ON M
DPTR FM NORMAL 983 LOWEST SLP M ON M
[REMARKS]
#FINAL-08-21#