000
CXUS53 KGID 011604
CF6HDE
PRELIMINARY LOCAL CLIMATOLOGICAL DATA (WS FORM: F-6)
STATION: HOLDREGE
MONTH: JUNE
YEAR: 2021
LATITUDE: 40 27 N
LONGITUDE: 99 20 W
TEMPERATURE IN F: :PCPN: SNOW: WIND :SUNSHINE: SKY :PK WND
================================================================================
1 2 3 4 5 6A 6B 7 8 9 10 11 12 13 14 15 16 17 18
12Z AVG MX 2MIN
DY MAX MIN AVG DEP HDD CDD WTR SNW DPTH SPD SPD DIR MIN PSBL S-S WX SPD DR
================================================================================
1 74 51 63 M 2 0 0.00 M M 4.9 12 90 M M 1 18 100
2 76 49 63 M 2 0 0.00 M M 2.2 9 100 M M 0 1 M M
3 85 56 71 M 0 6 0.00 M M 7.7 13 180 M M 1 18 220
4 89 61 75 M 0 10 0.00 M M 9.8 15 180 M M 0 23 200
5 88 63 76 M 0 11 0.00 M M 13.4 22 170 M M 0 28 170
6 85 64 75 M 0 10 0.00 M M 13.8 21 190 M M 0 27 190
7 89 66 78 M 0 13 0.00 M M 9.5 16 180 M M 2 22 200
8 86 65 76 M 0 11 0.00 M M 10.1 17 130 M M 1 28 150
9 89 66 78 M 0 13 0.00 M M 8.5 16 150 M M 2 21 150
10 94 71 83 M 0 18 0.00 M M 11.9 20 160 M M 5 29 160
11 82 59 71 M 0 6 0.00 M M 14.7 30 360 M M 1 38 360
12 86 52 69 M 0 4 0.00 M M 6.9 13 130 M M 0 22 120
13 91 58 75 M 0 10 0.00 M M 6.8 13 180 M M 0 17 170
14 94 68 81 M 0 16 0.04 M M 3.8 9 140 M M 1 27 0
15 96 73 85 M 0 20 0.00 M M 5.9 10 180 M M 0 18 190
16 100 68 84 M 0 19 0.00 M M 10.7 20 200 M M 0 29 200
17 103 68 86 M 0 21 0.00 M M 9.7 21 190 M M 0 29 180
18 89 69 79 M 0 14 0.00 M M 10.0 16 30 M M 0 8 22 100
19 85 63 74 M 0 9 0.46 M M 9.7 25 240 M M 1 3 40 240
20 84 61 73 M 0 8 T M M 10.0 22 20 M M 1 1 29 20
21 77 59 68 M 0 3 T M M 5.3 14 280 M M 4 21 300
22 90 58 74 M 0 9 0.00 M M 12.4 23 190 M M 0 32 210
23 91 62 77 M 0 12 0.00 M M 10.7 17 200 M M 0 22 200
24 80 66 73 M 0 8 T M M 11.4 22 100 M M 2 1 27 100
25 83 63 73 M 0 8 T M M 5.7 13 360 M M 3 1 29 360
26 79 60 70 M 0 5 0.00 M M 6.7 15 360 M M 5 18 360
27 83 56 70 M 0 5 T M M 4.2 15 40 M M 3 1 18 250
28 80 59 70 M 0 5 1.90 M M 4.0 10 300 M M 5 3 24 200
29 80 59 70 M 0 5 0.00 M M 2.7 7 110 M M 1 1 M M
30 81 61 71 M 0 6 0.00 M M 3.1 7 100 M M 4 1 M M
================================================================================
SM 2589 1854 4 285 2.40 M 246.2 M 43
================================================================================
AV 86.3 61.8 8.2 FASTST M M 1 MAX(MPH)
MISC ----> 30 360 M M
================================================================================
NOTES:
# LAST OF SEVERAL OCCURRENCES
COLUMN 17 PEAK WIND IN M.P.H.
PRELIMINARY LOCAL CLIMATOLOGICAL DATA (WS FORM: F-6) , PAGE 2
STATION: HOLDREGE
MONTH: JUNE
YEAR: 2021
LATITUDE: 40 27 N
LONGITUDE: 99 20 W
[TEMPERATURE DATA] [PRECIPITATION DATA] SYMBOLS USED IN COLUMN 16
AVERAGE MONTHLY: 74.1 TOTAL FOR MONTH: 2.40 1 = FOG OR MIST
DPTR FM NORMAL: 0.0 DPTR FM NORMAL: M 2 = FOG REDUCING VISIBILITY
HIGHEST: 103 ON 17 GRTST 24HR 1.90 ON 28-28 TO 1/4 MILE OR LESS
LOWEST: 49 ON 2 3 = THUNDER
SNOW, ICE PELLETS, HAIL 4 = ICE PELLETS
TOTAL MONTH: M 5 = HAIL
GRTST 24HR M ON M 6 = FREEZING RAIN OR DRIZZLE
GRTST DEPTH: M ON M 7 = DUSTSTORM OR SANDSTORM:
VSBY 1/2 MILE OR LESS
8 = SMOKE OR HAZE
[NO. OF DAYS WITH] [WEATHER - DAYS WITH] 9 = BLOWING SNOW
X = TORNADO
MAX 32 OR BELOW: 0 0.01 INCH OR MORE: 3
MAX 90 OR ABOVE: 8 0.10 INCH OR MORE: 2
MIN 32 OR BELOW: 0 0.50 INCH OR MORE: 1
MIN 0 OR BELOW: 0 1.00 INCH OR MORE: 1
[HDD (BASE 65) ]
TOTAL THIS MO. 4 CLEAR (SCALE 0-3) 25
DPTR FM NORMAL M PTCLDY (SCALE 4-7) 5
TOTAL FM JUL 1 5773 CLOUDY (SCALE 8-10) 0
DPTR FM NORMAL -216
[CDD (BASE 65) ]
TOTAL THIS MO. 285
DPTR FM NORMAL M [PRESSURE DATA]
TOTAL FM JAN 1 345 HIGHEST SLP M ON M
DPTR FM NORMAL 345 LOWEST SLP M ON M
[REMARKS]
#FINAL-06-21#