382
CXUS54 KEWX 011010
CF6HDO
PRELIMINARY LOCAL CLIMATOLOGICAL DATA (WS FORM: F-6)
STATION: HONDO
MONTH: JULY
YEAR: 2020
LATITUDE: 29 21 N
LONGITUDE: 99 10 W
TEMPERATURE IN F: :PCPN: SNOW: WIND :SUNSHINE: SKY :PK WND
================================================================================
1 2 3 4 5 6A 6B 7 8 9 10 11 12 13 14 15 16 17 18
12Z AVG MX 2MIN
DY MAX MIN AVG DEP HDD CDD WTR SNW DPTH SPD SPD DIR MIN PSBL S-S WX SPD DR
================================================================================
1 98 79 89 6 0 24 0.00 M M 12.3 22 130 M M 6 27 130
2 99 79 89 6 0 24 0.00 M M 10.8 21 150 M M 5 8 28 140
3 97 74 86 3 0 21 0.00 M M 7.4 14 110 M M 2 23 130
4 101 69 85 2 0 20 0.00 M M 7.0 14 150 M M 0 23 150
5 103 70 87 4 0 22 0.00 M M 8.4 16 150 M M 0 23 150
6 99 76 88 5 0 23 0.00 M M 8.6 20 150 M M 1 26 140
7 99 77 88 5 0 23 0.00 M M 9.7 20 150 M M 4 26 140
8 101 79 90 7 0 25 0.00 M M 12.1 23 150 M M 5 29 150
9 99 79 89 6 0 24 0.00 M M 11.8 18 140 M M 6 28 150
10 103 78 91 8 0 26 0.00 M M 10.5 20 140 M M 4 26 150
11 104 76 90 7 0 25 0.00 M M 7.9 18 150 M M 2 23 150
12 105 74 90 7 0 25 0.00 M M 7.4 14 160 M M 1 23 180
13 108 75 92 9 0 27 0.00 M M 9.0 24 150 M M 0 31 150
14 106 72 89 6 0 24 0.00 M M 10.6 22 140 M M 0 1 29 140
15 102 74 88 5 0 23 0.00 M M 11.6 21 150 M M 2 29 140
16 100 74 87 4 0 22 0.00 M M 10.2 23 150 M M 3 28 150
17 101 73 87 4 0 22 0.00 M M 8.7 29 130 M M 3 39 130
18 96 72 84 1 0 19 0.01 M M 8.1 18 180 M M 5 25 140
19 98 71 85 1 0 20 0.00 M M 5.8 20 140 M M 3 24 150
20 99 72 86 2 0 21 0.00 M M 8.1 20 120 M M 1 27 120
21 99 76 88 4 0 23 0.00 M M 8.4 20 110 M M 3 27 110
22 99 77 88 4 0 23 0.00 M M 8.3 20 140 M M 3 28 130
23 100 77 89 5 0 24 0.00 M M 6.8 17 130 M M 2 26 150
24 103 73 88 4 0 23 0.00 M M 9.5 21 80 M M 2 29 90
25 95 75 85 1 0 20 T M M 14.1 31 80 M M 4 44 80
26 94 73 84 0 0 19 1.46 M M 12.5 28 170 M M 5 13 36 180
27 95 75 85 1 0 20 T M M 7.4 17 150 M M 3 23 150
28 96 73 85 1 0 20 0.00 M M 5.1 25 170 M M 3 32 180
29 95 70 83 -1 0 18 T M M 9.1 28 160 M M 3 37 160
30 95 73 84 0 0 19 0.00 M M 10.9 20 160 M M 4 40 170
31 99 71 85 1 0 20 0.85 M M 7.5 39 30 M M 3 13 52 30
================================================================================
SM 3088 2306 0 689 2.32 M 285.6 M 88
================================================================================
AV 99.6 74.4 9.2 FASTST M M 3 MAX(MPH)
MISC ----> # 39 30 # 52 30
================================================================================
NOTES:
# LAST OF SEVERAL OCCURRENCES
COLUMN 17 PEAK WIND IN M.P.H.
PRELIMINARY LOCAL CLIMATOLOGICAL DATA (WS FORM: F-6) , PAGE 2
STATION: HONDO
MONTH: JULY
YEAR: 2020
LATITUDE: 29 21 N
LONGITUDE: 99 10 W
[TEMPERATURE DATA] [PRECIPITATION DATA] SYMBOLS USED IN COLUMN 16
AVERAGE MONTHLY: 87.0 TOTAL FOR MONTH: 2.32 1 = FOG OR MIST
DPTR FM NORMAL: 3.7 DPTR FM NORMAL: 0.23 2 = FOG REDUCING VISIBILITY
HIGHEST: 108 ON 13 GRTST 24HR 1.46 ON 26-26 TO 1/4 MILE OR LESS
LOWEST: 69 ON 4 3 = THUNDER
SNOW, ICE PELLETS, HAIL 4 = ICE PELLETS
TOTAL MONTH: M 5 = HAIL
GRTST 24HR M ON M 6 = FREEZING RAIN OR DRIZZLE
GRTST DEPTH: M ON M 7 = DUSTSTORM OR SANDSTORM:
VSBY 1/2 MILE OR LESS
8 = SMOKE OR HAZE
[NO. OF DAYS WITH] [WEATHER - DAYS WITH] 9 = BLOWING SNOW
X = TORNADO
MAX 32 OR BELOW: 0 0.01 INCH OR MORE: 3
MAX 90 OR ABOVE: 31 0.10 INCH OR MORE: 2
MIN 32 OR BELOW: 0 0.50 INCH OR MORE: 2
MIN 0 OR BELOW: 0 1.00 INCH OR MORE: 1
[HDD (BASE 65) ]
TOTAL THIS MO. 0 CLEAR (SCALE 0-3) 18
DPTR FM NORMAL 0 PTCLDY (SCALE 4-7) 13
TOTAL FM JUL 1 0 CLOUDY (SCALE 8-10) 0
DPTR FM NORMAL 0
[CDD (BASE 65) ]
TOTAL THIS MO. 689
DPTR FM NORMAL 120 [PRESSURE DATA]
TOTAL FM JAN 1 1949 HIGHEST SLP 30.03 ON 31
DPTR FM NORMAL 292 LOWEST SLP 29.71 ON 5
[REMARKS]
#FINAL-07-20#