000
CXUS53 KBIS 011451
CF6HEI
PRELIMINARY LOCAL CLIMATOLOGICAL DATA (WS FORM: F-6)
STATION: HETTINGER ND
MONTH: NOVEMBER
YEAR: 2022
LATITUDE: 46 0 N
LONGITUDE: 102 39 W
TEMPERATURE IN F: :PCPN: SNOW: WIND :SUNSHINE: SKY :PK WND
================================================================================
1 2 3 4 5 6A 6B 7 8 9 10 11 12 13 14 15 16 17 18
12Z AVG MX 2MIN
DY MAX MIN AVG DEP HDD CDD WTR SNW DPTH SPD SPD DIR MIN PSBL S-S WX SPD DR
================================================================================
1 73 33 53 18 12 0 0.00 M M 8.6 22 160 M M 0 31 150
2 76 38 57 22 8 0 0.00 M M 15.8 28 320 M M 0 38 320
3 38 14 26 -9 39 0 0.00 M M 15.4 29 320 M M 3 39 330
4 48 8 28 -6 37 0 0.00 M M 6.6 18 220 M M 0 27 220
5 55 25 40 6 25 0 T M M 12.6 36 280 M M 6 51 270
6 37 5 21 -12 44 0 0.00 M M 19.7 39 280 M M 2 51 280
7 33 2 18 -15 47 0 T M M 18.1 31 120 M M 6 12 44 130
8 33 18 26 -6 39 0 0.00 M M 12.4 23 310 M M 4 31 310
9 23 17 20 -12 45 0 0.03 M M 12.0 20 20 M M 10 16 27 10
10 21 3 12 -20 53 0 0.05 M M 16.4 26 310 M M 9 128 37 300
11 11 -14 -1 -32 66 0 0.00 M M 4.6 15 330 M M 5 128 20 330
12 16 -15 1 -30 64 0 0.00 M M 3.9 14 130 M M 7 128 19 150
13 16 7 12 -18 53 0 T M M 5.6 15 320 M M 9 1 19 320
14 28 8 18 -12 47 0 T M M 6.8 20 340 M M 10 1 25 340
15 17 -11 3 -27 62 0 T M M 6.6 15 350 M M 8 128 20 360
16 29 12 21 -8 44 0 T M M 16.8 29 330 M M 8 18 38 320
17 20 7 14 -15 51 0 T M M 24.0 33 300 M M 8 18 44 320
18 21 0 11 -17 54 0 T M M 22.6 36 270 M M 5 18 47 270
19 24 11 18 -10 47 0 T M M 12.9 25 320 M M 4 8 33 310
20 35 15 25 -3 40 0 0.00 M M 14.2 25 290 M M 0 32 280
21 34 20 27 0 38 0 0.00 M M 4.9 14 270 M M 1 17 270
22 43 20 32 5 33 0 0.00 M M 5.2 14 280 M M 0 19 280
23 44 15 30 4 35 0 0.00 M M 9.7 21 310 M M 1 28 310
24 44 22 33 7 32 0 0.00 M M 10.7 22 310 M M 1 29 300
25 57 30 44 18 21 0 0.00 M M 7.6 16 230 M M 0 21 220
26 42 20 31 6 34 0 0.00 M M 10.4 24 330 M M 1 32 330
27 43 15 29 4 36 0 0.00 M M 5.8 16 250 M M 2 22 190
28 35 13 24 0 41 0 0.00 M M 18.1 32 290 M M 3 41 280
29 17 8 13 -11 52 0 0.00 M M 23.7 36 300 M M 3 45 290
30 23 2 13 -11 52 0 0.00 M M 12.5 26 290 M M 0 38 310
================================================================================
SM 1036 348 1251 0 0.08 M 364.2 M 116
================================================================================
AV 34.5 11.6 12.1 FASTST M M 4 MAX(MPH)
MISC ----> 39 280 # 51 270
================================================================================
NOTES:
# LAST OF SEVERAL OCCURRENCES
COLUMN 17 PEAK WIND IN M.P.H.
PRELIMINARY LOCAL CLIMATOLOGICAL DATA (WS FORM: F-6) , PAGE 2
STATION: HETTINGER ND
MONTH: NOVEMBER
YEAR: 2022
LATITUDE: 46 0 N
LONGITUDE: 102 39 W
[TEMPERATURE DATA] [PRECIPITATION DATA] SYMBOLS USED IN COLUMN 16
AVERAGE MONTHLY: 23.1 TOTAL FOR MONTH: 0.08 1 = FOG OR MIST
DPTR FM NORMAL: -6.3 DPTR FM NORMAL: -0.46 2 = FOG REDUCING VISIBILITY
HIGHEST: 76 ON 2 GRTST 24HR 0.08 ON 9-10 TO 1/4 MILE OR LESS
LOWEST: -15 ON 12 3 = THUNDER
SNOW, ICE PELLETS, HAIL 4 = ICE PELLETS
TOTAL MONTH: M 5 = HAIL
GRTST 24HR M ON M 6 = FREEZING RAIN OR DRIZZLE
GRTST DEPTH: M ON M 7 = DUSTSTORM OR SANDSTORM:
VSBY 1/2 MILE OR LESS
8 = SMOKE OR HAZE
[NO. OF DAYS WITH] [WEATHER - DAYS WITH] 9 = BLOWING SNOW
X = TORNADO
MAX 32 OR BELOW: 13 0.01 INCH OR MORE: 2
MAX 90 OR ABOVE: 0 0.10 INCH OR MORE: 0
MIN 32 OR BELOW: 28 0.50 INCH OR MORE: 0
MIN 0 OR BELOW: 4 1.00 INCH OR MORE: 0
[HDD (BASE 65) ]
TOTAL THIS MO. 1251 CLEAR (SCALE 0-3) 14
DPTR FM NORMAL 185 PTCLDY (SCALE 4-7) 10
TOTAL FM JUL 1 1961 CLOUDY (SCALE 8-10) 6
DPTR FM NORMAL -113
[CDD (BASE 65) ]
TOTAL THIS MO. 0
DPTR FM NORMAL 0 [PRESSURE DATA]
TOTAL FM JAN 1 549 HIGHEST SLP 30.60 ON 15
DPTR FM NORMAL 162 LOWEST SLP 29.19 ON 5
[REMARKS]
#FINAL-11-22#