000
CXUS51 KLWX 010815
CF6HGR
PRELIMINARY LOCAL CLIMATOLOGICAL DATA (WS FORM: F-6)
STATION: HAGERSTOWN MD
MONTH: JULY
YEAR: 2022
LATITUDE: 39 42 N
LONGITUDE: 77 43 W
TEMPERATURE IN F: :PCPN: SNOW: WIND :SUNSHINE: SKY :PK WND
================================================================================
1 2 3 4 5 6A 6B 7 8 9 10 11 12 13 14 15 16 17 18
12Z AVG MX 2MIN
DY MAX MIN AVG DEP HDD CDD WTR SNW DPTH SPD SPD DIR MIN PSBL S-S WX SPD DR
================================================================================
1 89 69 79 2 0 14 0.00 M M 7.0 20 190 M M 2 3 26 180
2 91 72 82 5 0 17 0.41 M M 5.2 22 170 M M 3 13 27 170
3 88 69 79 2 0 14 T M M 5.8 16 320 M M 3 1 21 330
4 86 62 74 -3 0 9 0.00 M M 2.2 9 150 M M 0 14 230
5 85 70 78 1 0 13 T M M 7.5 20 190 M M 4 26 190
6 90 70 80 2 0 15 0.75 M M 6.2 22 300 M M 5 1 30 290
7 83 69 76 -2 0 11 0.52 M M 5.3 16 60 M M 7 1 19 60
8 86 71 79 1 0 14 0.00 M M 3.7 9 270 M M 6 18 13 260
9 78 66 72 -6 0 7 0.18 M M 4.7 15 180 M M 8 1 18 190
10 83 62 73 -5 0 8 0.00 M M 5.3 10 160 M M 3 12 18 180
11 84 64 74 -4 0 9 0.00 M M 8.0 14 170 M M 0 20 190
12 89 68 79 1 0 14 0.74 M M 8.8 28 290 M M 2 13 37 300
13 87 66 77 -1 0 12 0.00 M M 4.4 10 170 M M 2 1 14 190
14 86 66 76 -2 0 11 0.00 M M 4.9 14 350 M M 1 17 350
15 85 64 75 -3 0 10 0.00 M M 4.0 8 280 M M 1 19 230
16 82 65 74 -4 0 9 T M M 3.1 10 160 M M 5 12 230
17 83 67 75 -3 0 10 0.01 M M 3.2 13 190 M M 5 18 22 150
18 86 73 80 2 0 15 0.02 M M 6.9 13 290 M M 5 13 17 230
19 90 70 80 2 0 15 0.00 M M 5.6 13 310 M M 0 20 220
20 91 70 81 3 0 16 0.00 M M 6.8 16 190 M M 1 21 160
21 93 76 85 7 0 20 0.00 M M 8.2 18 270 M M 1 24 280
22 95 72 84 6 0 19 0.00 M M 5.5 15 170 M M 2 19 180
23 93 70 82 4 0 17 0.34 M M 6.4 29 280 M M 1 13 36 300
24 94 68 81 3 0 16 0.00 M M 6.2 17 180 M M 1 3 23 170
25 84 75 80 2 0 15 0.05 M M 5.8 13 220 M M 3 3 16 220
26 78 70 74 -4 0 9 T M M 2.7 9 350 M M 7 12 350
27 85 67 76 -2 0 11 0.00 M M 3.5 10 170 M M 5 15 170
28 92 72 82 5 0 17 T M M 7.2 23 300 M M 3 28 300
29 77 69 73 -4 0 8 0.26 M M 4.2 12 340 M M 6 1 15 340
30 87 65 76 -1 0 11 0.00 M M 6.1 18 310 M M 1 1 22 350
31 80 64 72 -5 0 7 0.56 M M 3.5 16 220 M M 6 1 21 220
================================================================================
SM 2680 2121 0 393 3.84 M 167.9 M 99
================================================================================
AV 86.5 68.4 5.4 FASTST M M 3 MAX(MPH)
MISC ----> 29 280 37 300
================================================================================
NOTES:
# LAST OF SEVERAL OCCURRENCES
COLUMN 17 PEAK WIND IN M.P.H.
PRELIMINARY LOCAL CLIMATOLOGICAL DATA (WS FORM: F-6) , PAGE 2
STATION: HAGERSTOWN MD
MONTH: JULY
YEAR: 2022
LATITUDE: 39 42 N
LONGITUDE: 77 43 W
[TEMPERATURE DATA] [PRECIPITATION DATA] SYMBOLS USED IN COLUMN 16
AVERAGE MONTHLY: 77.4 TOTAL FOR MONTH: 3.84 1 = FOG OR MIST
DPTR FM NORMAL: -0.2 DPTR FM NORMAL: 0.90 2 = FOG REDUCING VISIBILITY
HIGHEST: 95 ON 22 GRTST 24HR 1.27 ON 6- 7 TO 1/4 MILE OR LESS
LOWEST: 62 ON 4,10 3 = THUNDER
SNOW, ICE PELLETS, HAIL 4 = ICE PELLETS
TOTAL MONTH: M 5 = HAIL
GRTST 24HR M ON M 6 = FREEZING RAIN OR DRIZZLE
GRTST DEPTH: M ON M 7 = DUSTSTORM OR SANDSTORM:
VSBY 1/2 MILE OR LESS
8 = SMOKE OR HAZE
[NO. OF DAYS WITH] [WEATHER - DAYS WITH] 9 = BLOWING SNOW
X = TORNADO
MAX 32 OR BELOW: 0 0.01 INCH OR MORE: 11
MAX 90 OR ABOVE: 9 0.10 INCH OR MORE: 8
MIN 32 OR BELOW: 0 0.50 INCH OR MORE: 4
MIN 0 OR BELOW: 0 1.00 INCH OR MORE: 0
[HDD (BASE 65) ]
TOTAL THIS MO. 0 CLEAR (SCALE 0-3) 18
DPTR FM NORMAL 0 PTCLDY (SCALE 4-7) 12
TOTAL FM JUL 1 0 CLOUDY (SCALE 8-10) 1
DPTR FM NORMAL 0
[CDD (BASE 65) ]
TOTAL THIS MO. 393
DPTR FM NORMAL 2 [PRESSURE DATA]
TOTAL FM JAN 1 748 HIGHEST SLP 30.25 ON 4
DPTR FM NORMAL -12 LOWEST SLP 29.65 ON 21
[REMARKS]
#FINAL-07-22#