000
CXUS51 KLWX 190815
CF6HGR
PRELIMINARY LOCAL CLIMATOLOGICAL DATA (WS FORM: F-6)
STATION: HAGERSTOWN MD
MONTH: APRIL
YEAR: 2024
LATITUDE: 39 42 N
LONGITUDE: 77 43 W
TEMPERATURE IN F: :PCPN: SNOW: WIND :SUNSHINE: SKY :PK WND
================================================================================
1 2 3 4 5 6A 6B 7 8 9 10 11 12 13 14 15 16 17 18
12Z AVG MX 2MIN
DY MAX MIN AVG DEP HDD CDD WTR SNW DPTH SPD SPD DIR MIN PSBL S-S WX SPD DR
================================================================================
1 58 48 53 4 12 0 0.64 M M 5.5 15 350 M M 10 1 22 360
2 52 46 49 -1 16 0 0.71 M M 8.1 20 130 M M 10 13 27 120
3 49 41 45 -5 20 0 0.74 M M 7.0 35 70 M M 9 13 44 60
4 52 37 45 -5 20 0 T M M 7.2 24 270 M M 7 1 33 260
5 47 37 42 -9 23 0 0.04 M M 11.7 25 310 M M 8 1 37 300
6 55 36 46 -5 19 0 0.00 M M 12.1 22 320 M M 7 33 310
7 63 35 49 -2 16 0 0.00 M M 5.4 18 330 M M 0 28 340
8 70 40 55 3 10 0 0.00 M M 5.2 15 160 M M 2 19 170
9 77 47 62 10 3 0 0.00 M M 4.8 16 160 M M 1 21 150
10 75 60 68 15 0 3 T M M 5.8 14 150 M M 8 18 170
11 70 63 67 14 0 2 0.05 M M 15.4 25 150 M M 9 1 39 160
12 66 50 58 5 7 0 0.46 M M 14.7 29 260 M M 10 1 44 270
13 63 48 56 2 9 0 T M M 17.7 35 300 M M 4 48 300
14 86 46 66 12 0 1 0.01 M M 10.5 25 250 M M 1 42 250
15 82 58 70 16 0 5 0.09 M M 6.0 20 320 M M 5 13 30 320
16 75 49 62 7 3 0 0.00 M M 4.1 12 170 M M 0 14 350
17 71 56 64 9 1 0 0.02 M M 5.9 31 300 M M 3 43 290
18 72 54 63 7 2 0 0.01 M M 5.9 16 290 M M 6 20 290
================================================================================
SM 1183 851 161 11 2.77 M 153.0 M 100
================================================================================
AV 65.7 47.3 8.5 FASTST M M 6 MAX(MPH)
MISC ----> # 35 70 48 300
================================================================================
NOTES:
# LAST OF SEVERAL OCCURRENCES
COLUMN 17 PEAK WIND IN M.P.H.
PRELIMINARY LOCAL CLIMATOLOGICAL DATA (WS FORM: F-6) , PAGE 2
STATION: HAGERSTOWN MD
MONTH: APRIL
YEAR: 2024
LATITUDE: 39 42 N
LONGITUDE: 77 43 W
[TEMPERATURE DATA] [PRECIPITATION DATA] SYMBOLS USED IN COLUMN 16
AVERAGE MONTHLY: 56.5 TOTAL FOR MONTH: 2.77 1 = FOG OR MIST
DPTR FM NORMAL: 4.1 DPTR FM NORMAL: 0.87 2 = FOG REDUCING VISIBILITY
HIGHEST: 86 ON 14 GRTST 24HR 0.91 ON 2- 3 TO 1/4 MILE OR LESS
LOWEST: 35 ON 7 3 = THUNDER
SNOW, ICE PELLETS, HAIL 4 = ICE PELLETS
TOTAL MONTH: M 5 = HAIL
GRTST 24HR M ON M 6 = FREEZING RAIN OR DRIZZLE
GRTST DEPTH: M ON M 7 = DUSTSTORM OR SANDSTORM:
VSBY 1/2 MILE OR LESS
8 = SMOKE OR HAZE
[NO. OF DAYS WITH] [WEATHER - DAYS WITH] 9 = BLOWING SNOW
X = TORNADO
MAX 32 OR BELOW: 0 0.01 INCH OR MORE: 10
MAX 90 OR ABOVE: 0 0.10 INCH OR MORE: 4
MIN 32 OR BELOW: 0 0.50 INCH OR MORE: 3
MIN 0 OR BELOW: 0 1.00 INCH OR MORE: 0
[HDD (BASE 65) ]
TOTAL THIS MO. 161 CLEAR (SCALE 0-3) 6
DPTR FM NORMAL -75 PTCLDY (SCALE 4-7) 7
TOTAL FM JUL 1 3904 CLOUDY (SCALE 8-10) 5
DPTR FM NORMAL -595
[CDD (BASE 65) ]
TOTAL THIS MO. 11
DPTR FM NORMAL 3 [PRESSURE DATA]
TOTAL FM JAN 1 11 HIGHEST SLP M ON M
DPTR FM NORMAL 2 LOWEST SLP 29.23 ON 12
[REMARKS]