000
CXUS54 KHGX 011410
CF6HGX
PRELIMINARY LOCAL CLIMATOLOGICAL DATA (WS FORM: F-6)
STATION: DICKINSON WFO
MONTH: JUNE
YEAR: 2022
LATITUDE: 29 28 N
LONGITUDE: 95 5 W
TEMPERATURE IN F: :PCPN: SNOW: WIND :SUNSHINE: SKY :PK WND
================================================================================
1 2 3 4 5 6A 6B 7 8 9 10 11 12 13 14 15 16 17 18
12Z AVG MX 2MIN
DY MAX MIN AVG DEP HDD CDD WTR SNW DPTH SPD SPD DIR MIN PSBL S-S WX SPD DR
================================================================================
1 89 76 83 2 0 18 0.09 0.0 0 M M M M M M M M
2 92 72 82 1 0 17 0.48 0.0 0 M M M M M M M M
3 89 69 79 -2 0 14 0.02 0.0 0 M M M M M M M M
4 90 71 81 0 0 16 T 0.0 0 M M M M M M M M
5 90 72 81 0 0 16 0.00 0.0 0 M M M M M M M M
6 88 77 83 1 0 18 0.00 0.0 0 M M M M M M M M
7 90 78 84 2 0 19 0.00 0.0 0 M M M M M M M M
8 92 79 86 4 0 21 0.00 0.0 0 M M M M M M M M
9 93 75 84 2 0 19 0.00 0.0 0 M M M M M M M M
10 94 76 85 3 0 20 0.00 0.0 0 M M M M M M M M
11 96 77 87 5 0 22 0.00 0.0 0 M M M M M M M M
12 96 78 87 5 0 22 0.00 0.0 0 M M M M M M M M
13 92 79 86 4 0 21 0.00 0.0 0 M M M M M M M M
14 91 80 86 4 0 21 0.00 0.0 0 M M M M M M M M
15 93 80 87 5 0 22 0.01 0.0 0 M M M M M M M M
16 95 76 86 3 0 21 0.00 0.0 0 M M M M M M M M
17 94 75 85 2 0 20 0.00 0.0 0 M M M M M M M M
18 94 76 85 2 0 20 0.00 0.0 0 M M M M M M M M
19 98 74 86 3 0 21 0.00 0.0 0 M M M M M M M M
20 98 83 91 8 0 26 0.00 0.0 0 M M M M M M M M
21 95 77 86 3 0 21 0.12 0.0 0 M M M M M M M M
22 94 76 85 2 0 20 0.09 0.0 0 M M M M M M M M
23 98 76 87 4 0 22 0.00 0.0 0 M M M M M M M M
24 95 76 86 3 0 21 0.00 0.0 0 M M M M M M M M
25 96 74 85 2 0 20 0.00 0.0 0 M M M M M M M M
26 98 74 86 3 0 21 0.00 0.0 0 M M M M M M M M
27 94 74 84 1 0 19 0.63 0.0 0 M M M M M M 3 M M
28 93 74 84 1 0 19 T 0.0 0 M M M M M M M M
29 91 79 85 2 0 20 1.09 0.0 0 M M M M M M 3 M M
30 80 74 77 -6 0 12 0.78 0.0 0 M M M M M M M M
================================================================================
SM 2788 2277 0 589 3.31 0.0 M M M
================================================================================
AV 92.9 75.9 M FASTST M M M MAX(MPH)
MISC ----> M M M M
================================================================================
NOTES:
# LAST OF SEVERAL OCCURRENCES
COLUMN 17 PEAK WIND IN M.P.H.
PRELIMINARY LOCAL CLIMATOLOGICAL DATA (WS FORM: F-6) , PAGE 2
STATION: DICKINSON WFO
MONTH: JUNE
YEAR: 2022
LATITUDE: 29 28 N
LONGITUDE: 95 5 W
[TEMPERATURE DATA] [PRECIPITATION DATA] SYMBOLS USED IN COLUMN 16
AVERAGE MONTHLY: 84.4 TOTAL FOR MONTH: 3.31 1 = FOG OR MIST
DPTR FM NORMAL: 2.0 DPTR FM NORMAL: -3.23 2 = FOG REDUCING VISIBILITY
HIGHEST: 98 ON 26,23 GRTST 24HR 1.09 ON 29-29 TO 1/4 MILE OR LESS
LOWEST: 69 ON 3 3 = THUNDER
SNOW, ICE PELLETS, HAIL 4 = ICE PELLETS
TOTAL MONTH: 0.0 INCH 5 = HAIL
GRTST 24HR 0.0 6 = FREEZING RAIN OR DRIZZLE
GRTST DEPTH: 0 7 = DUSTSTORM OR SANDSTORM:
VSBY 1/2 MILE OR LESS
8 = SMOKE OR HAZE
[NO. OF DAYS WITH] [WEATHER - DAYS WITH] 9 = BLOWING SNOW
X = TORNADO
MAX 32 OR BELOW: 0 0.01 INCH OR MORE: 9
MAX 90 OR ABOVE: 26 0.10 INCH OR MORE: 5
MIN 32 OR BELOW: 0 0.50 INCH OR MORE: 3
MIN 0 OR BELOW: 0 1.00 INCH OR MORE: 1
[HDD (BASE 65) ]
TOTAL THIS MO. 0 CLEAR (SCALE 0-3) 0
DPTR FM NORMAL 0 PTCLDY (SCALE 4-7) 0
TOTAL FM JUL 1 1079 CLOUDY (SCALE 8-10) 30
DPTR FM NORMAL -67
[CDD (BASE 65) ]
TOTAL THIS MO. 589
DPTR FM NORMAL 69 [PRESSURE DATA]
TOTAL FM JAN 1 1367 HIGHEST SLP M ON M
DPTR FM NORMAL 157 LOWEST SLP M ON M
[REMARKS]
#FINAL-06-22#