000
CXUS54 KHGX 011535
CF6HGX
PRELIMINARY LOCAL CLIMATOLOGICAL DATA (WS FORM: F-6)
STATION: DICKINSON WFO
MONTH: FEBRUARY
YEAR: 2022
LATITUDE: 29 28 N
LONGITUDE: 95 5 W
TEMPERATURE IN F: :PCPN: SNOW: WIND :SUNSHINE: SKY :PK WND
================================================================================
1 2 3 4 5 6A 6B 7 8 9 10 11 12 13 14 15 16 17 18
12Z AVG MX 2MIN
DY MAX MIN AVG DEP HDD CDD WTR SNW DPTH SPD SPD DIR MIN PSBL S-S WX SPD DR
================================================================================
1 69 53 61 5 4 0 0.09 0.0 0 M M M M M M M M
2 67 50 59 3 6 0 0.05 0.0 0 M M M M M M M M
3 53 31 42 -14 23 0 0.72 0.0 0 M M M M M M M M
4 34 27 31 -26 34 0 0.00 0.0 0 M M M M M M M M
5 49 27 38 -19 27 0 0.00 0.0 0 M M M M M M M M
6 56 29 43 -14 22 0 0.00 0.0 0 M M M M M M M M
7 63 44 54 -3 11 0 0.00 0.0 0 M M M M M M M M
8 62 35 49 -8 16 0 0.00 0.0 0 M M M M M M M M
9 70 38 54 -4 11 0 0.00 0.0 0 M M M M M M M M
10 71 40 56 -2 9 0 0.00 0.0 0 M M M M M M 1 M M
11 72 46 59 1 6 0 0.00 0.0 0 M M M M M M 1 M M
12 66 40 53 -5 12 0 0.01 0.0 0 M M M M M M 1 M M
13 60 33 47 -11 18 0 0.00 0.0 0 M M M M M M M M
14 66 36 51 -7 14 0 0.00 0.0 0 M M M M M M M M
15 71 44 58 -1 7 0 0.00 0.0 0 M M M M M M M M
16 77 62 70 11 0 5 0.02 0.0 0 M M M M M M M M
17 81 42 62 3 3 0 0.11 0.0 0 M M M M M M M M
18 57 36 47 -12 18 0 0.00 0.0 0 M M M M M M M M
19 63 44 54 -6 11 0 0.00 0.0 0 M M M M M M M M
20 64 44 54 -6 11 0 0.04 0.0 0 M M M M M M M M
21 77 61 69 9 0 4 0.01 0.0 0 M M M M M M M M
22 78 67 73 13 0 8 0.03 0.0 0 M M M M M M M M
23 69 48 59 -1 6 0 0.07 0.0 0 M M M M M M M M
24 56 40 48 -12 17 0 0.01 0.0 0 M M M M M M M M
25 45 38 42 -19 23 0 0.09 0.0 0 M M M M M M M M
26 43 41 42 -19 23 0 0.01 0.0 0 M M M M M M M M
27 58 40 49 -12 16 0 0.04 0.0 0 M M M M M M M M
28 65 35 50 -11 15 0 0.00 0.0 0 M M M M M M M M
================================================================================
SM 1762 1171 363 17 1.30 0.0 M M M
================================================================================
AV 62.9 41.8 M FASTST M M M MAX(MPH)
MISC ----> M M M M
================================================================================
NOTES:
# LAST OF SEVERAL OCCURRENCES
COLUMN 17 PEAK WIND IN M.P.H.
PRELIMINARY LOCAL CLIMATOLOGICAL DATA (WS FORM: F-6) , PAGE 2
STATION: DICKINSON WFO
MONTH: FEBRUARY
YEAR: 2022
LATITUDE: 29 28 N
LONGITUDE: 95 5 W
[TEMPERATURE DATA] [PRECIPITATION DATA] SYMBOLS USED IN COLUMN 16
AVERAGE MONTHLY: 52.4 TOTAL FOR MONTH: 1.30 1 = FOG OR MIST
DPTR FM NORMAL: -6.2 DPTR FM NORMAL: -1.72 2 = FOG REDUCING VISIBILITY
HIGHEST: 81 ON 17 GRTST 24HR 0.72 ON 3- 3 TO 1/4 MILE OR LESS
LOWEST: 27 ON 5, 4 3 = THUNDER
SNOW, ICE PELLETS, HAIL 4 = ICE PELLETS
TOTAL MONTH: 0.0 INCH 5 = HAIL
GRTST 24HR 0.0 6 = FREEZING RAIN OR DRIZZLE
GRTST DEPTH: 0 7 = DUSTSTORM OR SANDSTORM:
VSBY 1/2 MILE OR LESS
8 = SMOKE OR HAZE
[NO. OF DAYS WITH] [WEATHER - DAYS WITH] 9 = BLOWING SNOW
X = TORNADO
MAX 32 OR BELOW: 0 0.01 INCH OR MORE: 14
MAX 90 OR ABOVE: 0 0.10 INCH OR MORE: 2
MIN 32 OR BELOW: 4 0.50 INCH OR MORE: 1
MIN 0 OR BELOW: 0 1.00 INCH OR MORE: 0
[HDD (BASE 65) ]
TOTAL THIS MO. 363 CLEAR (SCALE 0-3) 0
DPTR FM NORMAL 150 PTCLDY (SCALE 4-7) 0
TOTAL FM JUL 1 931 CLOUDY (SCALE 8-10) 28
DPTR FM NORMAL -77
[CDD (BASE 65) ]
TOTAL THIS MO. 17
DPTR FM NORMAL -17 [PRESSURE DATA]
TOTAL FM JAN 1 34 HIGHEST SLP M ON M
DPTR FM NORMAL -20 LOWEST SLP M ON M
[REMARKS]
#FINAL-02-22#