000
CXUS56 KLOX 021850
CF6HHR
PRELIMINARY LOCAL CLIMATOLOGICAL DATA (WS FORM: F-6)
STATION: HAWTHORNE AIRPORT CA
MONTH: SEPTEMBER
YEAR: 2023
LATITUDE: 33 55 N
LONGITUDE: 118 20 W
TEMPERATURE IN F: :PCPN: SNOW: WIND :SUNSHINE: SKY :PK WND
================================================================================
1 2 3 4 5 6A 6B 7 8 9 10 11 12 13 14 15 16 17 18
12Z AVG MX 2MIN
DY MAX MIN AVG DEP HDD CDD WTR SNW DPTH SPD SPD DIR MIN PSBL S-S WX SPD DR
================================================================================
1 84 73 79 7 0 14 0.00 M M 7.4 17 130 M M 6 8 21 130
2 83 72 78 6 0 13 0.02 M M 5.2 12 130 M M 10 18 17 120
3 81 71 76 4 0 11 0.00 M M 6.8 16 260 M M 5 24 250
4 80 69 75 3 0 10 0.00 M M 4.5 15 260 M M 2 20 260
5 77 69 73 1 0 8 0.00 M M 4.0 13 250 M M 6 16 260
6 81 71 76 4 0 11 0.00 M M 6.1 16 250 M M 5 21 270
7 78 68 73 1 0 8 0.00 M M 4.6 14 260 M M 0 8 19 260
8 89 67 78 6 0 13 0.00 M M 4.3 15 260 M M 0 18 20 270
9 87 70 79 7 0 14 0.00 M M 5.4 17 260 M M 0 21 260
10 90 72 81 9 0 16 T M M 5.4 17 250 M M 0 22 190
11 89 70 80 8 0 15 T M M 4.2 17 250 M M 0 8 21 270
12 79 68 74 2 0 9 0.00 M M 4.5 14 250 M M 0 8 20 260
13 79 68 74 2 0 9 0.00 M M 6.2 14 250 M M 7 8 20 270
14 75 68 72 0 0 7 0.00 M M 5.5 15 260 M M 7 21 250
15 75 68 72 0 0 7 0.00 M M 4.9 15 250 M M 9 22 270
16 70 67 69 -3 0 4 0.00 M M 4.9 12 250 M M 10 17 250
17 72 65 69 -3 0 4 0.01 M M 5.0 12 260 M M 10 1 16 270
18 76 64 70 -2 0 5 0.00 M M 5.2 14 260 M M 2 18 20 250
19 78 64 71 0 0 6 0.00 M M 4.7 17 250 M M 5 24 250
20 75 66 71 0 0 6 T M M 6.2 15 260 M M 6 24 260
21 73 64 69 -2 0 4 0.00 M M 5.5 15 250 M M 5 22 250
22 74 62 68 -3 0 3 0.00 M M 3.6 14 250 M M 1 20 250
23 75 63 69 -2 0 4 0.00 M M 5.0 15 250 M M 2 8 20 250
24 76 63 70 -1 0 5 0.00 M M 4.3 15 260 M M 3 18 20 260
25 76 61 69 -2 0 4 0.00 M M 4.3 15 260 M M 2 18 20 260
26 78 61 70 -1 0 5 0.00 M M 3.2 14 250 M M 0 18 19 260
27 78 62 70 0 0 5 0.00 M M 4.0 12 260 M M 1 18 16 260
28 75 66 71 1 0 6 0.00 M M 4.2 15 260 M M 6 1 19 260
29 72 66 69 -1 0 4 0.00 M M 5.8 13 260 M M 9 16 260
30 69 63 66 -4 0 1 T M M 7.3 17 250 M M 9 23 250
================================================================================
SM 2344 2001 0 231 0.03 M 152.2 M 128
================================================================================
AV 78.1 66.7 5.1 FASTST M M 4 MAX(MPH)
MISC ----> # 17 130 # 24 250
================================================================================
NOTES:
# LAST OF SEVERAL OCCURRENCES
COLUMN 17 PEAK WIND IN M.P.H.
PRELIMINARY LOCAL CLIMATOLOGICAL DATA (WS FORM: F-6) , PAGE 2
STATION: HAWTHORNE AIRPORT CA
MONTH: SEPTEMBER
YEAR: 2023
LATITUDE: 33 55 N
LONGITUDE: 118 20 W
[TEMPERATURE DATA] [PRECIPITATION DATA] SYMBOLS USED IN COLUMN 16
AVERAGE MONTHLY: 72.4 TOTAL FOR MONTH: 0.03 1 = FOG OR MIST
DPTR FM NORMAL: 0.9 DPTR FM NORMAL: -0.14 2 = FOG REDUCING VISIBILITY
HIGHEST: 90 ON 10 GRTST 24HR 0.02 ON 2- 2 TO 1/4 MILE OR LESS
LOWEST: 61 ON 26,25 3 = THUNDER
SNOW, ICE PELLETS, HAIL 4 = ICE PELLETS
TOTAL MONTH: M 5 = HAIL
GRTST 24HR M ON M 6 = FREEZING RAIN OR DRIZZLE
GRTST DEPTH: M ON M 7 = DUSTSTORM OR SANDSTORM:
VSBY 1/2 MILE OR LESS
8 = SMOKE OR HAZE
[NO. OF DAYS WITH] [WEATHER - DAYS WITH] 9 = BLOWING SNOW
X = TORNADO
MAX 32 OR BELOW: 0 0.01 INCH OR MORE: 2
MAX 90 OR ABOVE: 1 0.10 INCH OR MORE: 0
MIN 32 OR BELOW: 0 0.50 INCH OR MORE: 0
MIN 0 OR BELOW: 0 1.00 INCH OR MORE: 0
[HDD (BASE 65) ]
TOTAL THIS MO. 0 CLEAR (SCALE 0-3) 14
DPTR FM NORMAL -1 PTCLDY (SCALE 4-7) 10
TOTAL FM JUL 1 0 CLOUDY (SCALE 8-10) 6
DPTR FM NORMAL -1
[CDD (BASE 65) ]
TOTAL THIS MO. 231
DPTR FM NORMAL 35 [PRESSURE DATA]
TOTAL FM JAN 1 1050 HIGHEST SLP 30.08 ON 25
DPTR FM NORMAL 284 LOWEST SLP 29.80 ON 1
[REMARKS]
#FINAL-09-23#