000
CXUS56 KPQR 011200
CF6HIO
PRELIMINARY LOCAL CLIMATOLOGICAL DATA (WS FORM: F-6)
STATION: HILLSBORO OR
MONTH: JULY
YEAR: 2020
LATITUDE: 45 32 N
LONGITUDE: 122 57 W
TEMPERATURE IN F: :PCPN: SNOW: WIND :SUNSHINE: SKY :PK WND
================================================================================
1 2 3 4 5 6A 6B 7 8 9 10 11 12 13 14 15 16 17 18
12Z AVG MX 2MIN
DY MAX MIN AVG DEP HDD CDD WTR SNW DPTH SPD SPD DIR MIN PSBL S-S WX SPD DR
================================================================================
1 67 55 61 -2 4 0 0.01 M M 6.3 15 300 M M 10 21 310
2 71 52 62 -1 3 0 0.00 M M 3.2 9 30 M M 7 12 310
3 71 49 60 -4 5 0 0.00 M M 4.0 12 20 M M 6 1 15 30
4 73 54 64 0 1 0 0.00 M M 3.8 13 320 M M 7 15 320
5 76 51 64 0 1 0 0.00 M M 4.3 16 300 M M 6 20 310
6 67 52 60 -4 5 0 0.00 M M 3.6 9 320 M M 9 12 310
7 72 56 64 0 1 0 0.03 M M 5.7 17 290 M M 9 8 21 300
8 75 50 63 -1 2 0 0.00 M M 3.7 12 20 M M 6 16 10
9 77 54 66 1 0 1 0.03 M M 3.2 10 320 M M 8 13 10
10 81 53 67 2 0 2 0.00 M M 4.5 12 20 M M 5 15 10
11 77 50 64 -1 1 0 0.00 M M 5.6 17 310 M M 5 21 320
12 77 53 65 0 0 0 T M M 5.6 17 320 M M 8 1 22 310
13 81 46 64 -1 1 0 0.00 M M 6.4 16 310 M M 0 22 330
14 86 48 67 1 0 2 0.00 M M 5.9 18 320 M M 0 21 310
15 88 54 71 5 0 6 0.00 M M 8.2 21 320 M M 0 25 320
16 84 55 70 4 0 5 0.00 M M 7.1 20 320 M M 0 25 320
17 73 53 63 -3 2 0 0.00 M M 10.6 20 310 M M 5 25 320
18 86 48 67 1 0 2 0.00 M M 7.3 18 320 M M 0 22 320
19 91 57 74 8 0 9 0.00 M M 6.3 16 310 M M 0 21 360
20 95 56 76 10 0 11 0.00 M M 5.0 17 320 M M 0 21 320
21 90 57 74 8 0 9 0.00 M M 6.4 17 320 M M 0 22 320
22 80 58 69 2 0 4 0.00 M M 6.8 17 330 M M 5 21 330
23 76 52 64 -3 1 0 0.00 M M 5.9 17 320 M M 4 20 320
24 71 53 62 -5 3 0 0.00 M M 6.3 15 300 M M 7 19 300
25 83 46 65 -2 0 0 0.00 M M 5.0 14 20 M M 0 19 10
26 98 51 75 8 0 10 0.00 M M 5.0 16 60 M M 0 22 70
27 99 56 78 11 0 13 0.00 M M 4.3 14 320 M M 0 17 300
28 89 59 74 7 0 9 0.00 M M 5.6 13 330 M M 0 16 320
29 95 52 74 7 0 9 0.00 M M 3.7 13 300 M M 0 14 310
30 97 57 77 10 0 12 0.00 M M 3.9 15 320 M M 0 18 320
31 89 58 74 7 0 9 0.00 M M 4.4 17 310 M M 0 21 310
================================================================================
SM 2535 1645 30 113 0.07 M 167.6 M 107
================================================================================
AV 81.8 53.1 5.4 FASTST M M 3 MAX(MPH)
MISC ----> # 21 320 # 25 320
================================================================================
NOTES:
# LAST OF SEVERAL OCCURRENCES
COLUMN 17 PEAK WIND IN M.P.H.
PRELIMINARY LOCAL CLIMATOLOGICAL DATA (WS FORM: F-6) , PAGE 2
STATION: HILLSBORO OR
MONTH: JULY
YEAR: 2020
LATITUDE: 45 32 N
LONGITUDE: 122 57 W
[TEMPERATURE DATA] [PRECIPITATION DATA] SYMBOLS USED IN COLUMN 16
AVERAGE MONTHLY: 67.4 TOTAL FOR MONTH: 0.07 1 = FOG OR MIST
DPTR FM NORMAL: 1.8 DPTR FM NORMAL: -0.48 2 = FOG REDUCING VISIBILITY
HIGHEST: 99 ON 27 GRTST 24HR 0.03 ON 9- 9 TO 1/4 MILE OR LESS
LOWEST: 46 ON 25,13 3 = THUNDER
SNOW, ICE PELLETS, HAIL 4 = ICE PELLETS
TOTAL MONTH: M 5 = HAIL
GRTST 24HR M ON M 6 = FREEZING RAIN OR DRIZZLE
GRTST DEPTH: M ON M 7 = DUSTSTORM OR SANDSTORM:
VSBY 1/2 MILE OR LESS
8 = SMOKE OR HAZE
[NO. OF DAYS WITH] [WEATHER - DAYS WITH] 9 = BLOWING SNOW
X = TORNADO
MAX 32 OR BELOW: 0 0.01 INCH OR MORE: 3
MAX 90 OR ABOVE: 7 0.10 INCH OR MORE: 0
MIN 32 OR BELOW: 0 0.50 INCH OR MORE: 0
MIN 0 OR BELOW: 0 1.00 INCH OR MORE: 0
[HDD (BASE 65) ]
TOTAL THIS MO. 30 CLEAR (SCALE 0-3) 15
DPTR FM NORMAL -26 PTCLDY (SCALE 4-7) 12
TOTAL FM JUL 1 30 CLOUDY (SCALE 8-10) 4
DPTR FM NORMAL -26
[CDD (BASE 65) ]
TOTAL THIS MO. 113
DPTR FM NORMAL 38 [PRESSURE DATA]
TOTAL FM JAN 1 168 HIGHEST SLP 30.21 ON 4
DPTR FM NORMAL 67 LOWEST SLP 29.77 ON 27
[REMARKS]
#FINAL-07-20#