851
CXUS53 KGID 011655
CF6HJH
PRELIMINARY LOCAL CLIMATOLOGICAL DATA (WS FORM: F-6)
STATION: HEBRON
MONTH: AUGUST
YEAR: 2020
LATITUDE: 40 9 N
LONGITUDE: 97 35 W
TEMPERATURE IN F: :PCPN: SNOW: WIND :SUNSHINE: SKY :PK WND
================================================================================
1 2 3 4 5 6A 6B 7 8 9 10 11 12 13 14 15 16 17 18
12Z AVG MX 2MIN
DY MAX MIN AVG DEP HDD CDD WTR SNW DPTH SPD SPD DIR MIN PSBL S-S WX SPD DR
================================================================================
1 82 58 70 -7 0 5 0.42 M M 2.5 7 350 M M 3 13 M M
2 78 59 69 -8 0 4 0.00 M M 7.6 15 340 M M 2 21 340
3 76 55 66 -11 0 1 0.00 M M 2.4 10 60 M M 3 8 M M
4 73 54 64 -13 1 0 0.00 M M 3.6 8 150 M M 3 M M
5 81 60 71 -6 0 6 0.00 M M 6.6 10 190 M M 5 17 160
6 85 67 76 0 0 11 0.28 M M 7.1 13 190 M M 3 13 16 190
7 86 69 78 2 0 13 0.00 M M 7.6 15 140 M M 5 13 23 140
8 91 71 81 5 0 16 0.00 M M 6.7 13 170 M M 1 1 18 170
9 91 71 81 5 0 16 0.22 M M 7.2 12 180 M M 1 3 17 220
10 84 71 78 2 0 13 0.00 M M 7.8 16 50 M M 1 22 50
11 88 67 78 2 0 13 0.00 M M 5.2 12 160 M M 2 M M
12 85 69 77 1 0 12 0.00 M M 6.4 14 160 M M 1 18 160
13 87 71 79 3 0 14 0.00 M M 5.2 9 140 M M 3 M M
14 87 69 78 2 0 13 0.22 M M 5.7 10 50 M M 2 3 M M
15 83 63 73 -3 0 8 0.00 M M 3.4 8 130 M M 1 M M
16 85 63 74 -2 0 9 0.16 M M 8.2 38 60 M M 4 3 51 60
17 85 62 74 -1 0 9 0.00 M M 3.1 7 330 M M 0 M M
18 80 57 69 -6 0 4 T M M 1.4 6 190 M M 1 1 M M
19 81 62 72 -3 0 7 0.00 M M 5.2 10 140 M M 3 M M
20 85 63 74 -1 0 9 0.00 M M 7.3 14 210 M M 0 20 210
21 88 65 77 2 0 12 0.00 M M 6.7 14 200 M M 0 17 200
22 89 62 76 1 0 11 0.00 M M 5.0 12 200 M M 0 16 210
23 92 63 78 4 0 13 0.00 M M 3.7 9 220 M M 0 M M
24 91 63 77 3 0 12 0.00 M M 5.4 13 170 M M 0 16 170
25 92 63 78 4 0 13 0.00 M M 7.0 12 200 M M 0 17 220
26 91 67 79 5 0 14 0.00 M M 8.8 17 180 M M 0 27 190
27 92 67 80 7 0 15 0.00 M M 5.6 9 190 M M 0 M M
28 93 68 81 8 0 16 0.00 M M 5.5 10 10 M M 2 18 20
29 78 56 67 -6 0 2 0.00 M M 5.7 14 60 M M 1 17 20
30 82 53 68 -5 0 3 0.00 M M 5.8 14 170 M M 2 20 170
31 75 60 68 -4 0 3 T M M 8.6 15 10 M M 4 23 360
================================================================================
SM 2636 1968 1 297 1.30 M 178.0 M 53
================================================================================
AV 85.0 63.5 5.7 FASTST M M 2 MAX(MPH)
MISC ----> # 38 60 # M M
================================================================================
NOTES:
# LAST OF SEVERAL OCCURRENCES
COLUMN 17 PEAK WIND IN M.P.H.
PRELIMINARY LOCAL CLIMATOLOGICAL DATA (WS FORM: F-6) , PAGE 2
STATION: HEBRON
MONTH: AUGUST
YEAR: 2020
LATITUDE: 40 9 N
LONGITUDE: 97 35 W
[TEMPERATURE DATA] [PRECIPITATION DATA] SYMBOLS USED IN COLUMN 16
AVERAGE MONTHLY: 74.3 TOTAL FOR MONTH: 1.30 1 = FOG OR MIST
DPTR FM NORMAL: -0.9 DPTR FM NORMAL: -2.43 2 = FOG REDUCING VISIBILITY
HIGHEST: 93 ON 28 GRTST 24HR 0.42 ON 1- 1 TO 1/4 MILE OR LESS
LOWEST: 53 ON 30 3 = THUNDER
SNOW, ICE PELLETS, HAIL 4 = ICE PELLETS
TOTAL MONTH: M 5 = HAIL
GRTST 24HR M ON M 6 = FREEZING RAIN OR DRIZZLE
GRTST DEPTH: M ON M 7 = DUSTSTORM OR SANDSTORM:
VSBY 1/2 MILE OR LESS
8 = SMOKE OR HAZE
[NO. OF DAYS WITH] [WEATHER - DAYS WITH] 9 = BLOWING SNOW
X = TORNADO
MAX 32 OR BELOW: 0 0.01 INCH OR MORE: 5
MAX 90 OR ABOVE: 8 0.10 INCH OR MORE: 5
MIN 32 OR BELOW: 0 0.50 INCH OR MORE: 0
MIN 0 OR BELOW: 0 1.00 INCH OR MORE: 0
[HDD (BASE 65) ]
TOTAL THIS MO. 1 CLEAR (SCALE 0-3) 26
DPTR FM NORMAL -5 PTCLDY (SCALE 4-7) 5
TOTAL FM JUL 1 1 CLOUDY (SCALE 8-10) 0
DPTR FM NORMAL -7
[CDD (BASE 65) ]
TOTAL THIS MO. 297
DPTR FM NORMAL -25 [PRESSURE DATA]
TOTAL FM JAN 1 1118 HIGHEST SLP M ON M
DPTR FM NORMAL 117 LOWEST SLP M ON M
[REMARKS]
#FINAL-08-20#