000
CXUS56 KHNX 020643
CF6HJO
PRELIMINARY LOCAL CLIMATOLOGICAL DATA (WS FORM: F-6)
STATION: HANFORD CA AIRPORT
MONTH: MAY
YEAR: 2021
LATITUDE: 36 19 N
LONGITUDE: 119 38 W
TEMPERATURE IN F: :PCPN: SNOW: WIND :SUNSHINE: SKY :PK WND
================================================================================
1 2 3 4 5 6A 6B 7 8 9 10 11 12 13 14 15 16 17 18
12Z AVG MX 2MIN
DY MAX MIN AVG DEP HDD CDD WTR SNW DPTH SPD SPD DIR MIN PSBL S-S WX SPD DR
================================================================================
1 88 59 74 8 0 9 0.00 0.0 0 11.3 21 320 M M 0 25 310
2 84 52 68 2 0 3 0.00 0.0 0 10.5 20 320 M M 0 24 330
3 86 51 69 3 0 4 0.00 0.0 0 4.9 17 320 M M 0 23 300
4 93 51 72 6 0 7 0.00 0.0 0 3.0 10 320 M M 0 8 15 310
5 97 55 76 9 0 11 0.00 0.0 0 3.5 10 40 M M 0 14 40
6 91 63 77 10 0 12 0.00 0.0 0 10.4 21 320 M M 0 26 330
7 83 55 69 2 0 4 0.00 0.0 0 8.7 20 330 M M 0 26 330
8 85 50 68 1 0 3 0.00 0.0 0 5.4 16 320 M M 0 20 320
9 88 50 69 1 0 4 0.00 0.0 0 7.1 20 320 M M 0 23 330
10 91 53 72 4 0 7 0.00 0.0 0 6.0 20 320 M M 0 25 320
11 95 53 74 6 0 9 0.00 0.0 0 4.5 13 320 M M 0 16 330
12 98 53 76 8 0 11 0.00 0.0 0 4.7 16 310 M M 0 23 310
13 97 61 79 10 0 14 0.00 0.0 0 8.7 16 330 M M 0 21 330
14 94 54 74 5 0 9 0.00 0.0 0 6.0 17 320 M M 0 23 320
15 80 53 67 -2 0 2 0.00 0.0 0 6.9 15 310 M M 0 19 300
16 82 53 68 -1 0 3 0.00 0.0 0 3.6 9 320 M M 1 13 320
17 86 58 72 2 0 7 0.00 0.0 0 8.0 17 320 M M 0 24 320
18 88 55 72 2 0 7 0.00 0.0 0 8.3 20 320 M M 0 25 320
19 84 56 70 0 0 5 0.00 0.0 0 10.7 21 320 M M 0 26 320
20 73 49 61 -9 4 0 0.00 0.0 0 13.9 26 320 M M 0 33 320
21 75 49 62 -8 3 0 0.00 0.0 0 7.9 21 320 M M 1 27 320
22 78 43 61 -10 4 0 0.00 0.0 0 5.4 17 330 M M 0 22 320
23 84 47 66 -5 0 1 0.00 0.0 0 5.8 15 330 M M 0 19 330
24 89 53 71 0 0 6 0.00 0.0 0 6.8 15 320 M M 0 19 310
25 90 61 76 5 0 11 0.00 0.0 0 11.7 20 320 M M 0 27 320
26 90 57 74 2 0 9 0.00 0.0 0 8.5 20 320 M M 0 25 330
27 91 55 73 1 0 8 0.00 0.0 0 9.0 17 320 M M 0 23 320
28 90 54 72 0 0 7 0.00 0.0 0 6.4 15 320 M M 0 22 320
29 91 60 76 4 0 11 0.00 0.0 0 8.2 15 320 M M 0 21 330
30 93 61 77 5 0 12 0.00 0.0 0 5.9 13 320 M M 0 16 320
31 102 62 82 10 0 17 0.00 0.0 0 4.9 15 330 M M 0 19 320
================================================================================
SM 2736 1686 11 213 0.00 0.0 226.6 M 2
================================================================================
AV 88.3 54.4 7.3 FASTST M M 0 MAX(MPH)
MISC ----> 26 320 33 320
================================================================================
NOTES:
# LAST OF SEVERAL OCCURRENCES
COLUMN 17 PEAK WIND IN M.P.H.
PRELIMINARY LOCAL CLIMATOLOGICAL DATA (WS FORM: F-6) , PAGE 2
STATION: HANFORD CA AIRPORT
MONTH: MAY
YEAR: 2021
LATITUDE: 36 19 N
LONGITUDE: 119 38 W
[TEMPERATURE DATA] [PRECIPITATION DATA] SYMBOLS USED IN COLUMN 16
AVERAGE MONTHLY: 71.3 TOTAL FOR MONTH: 0.00 1 = FOG OR MIST
DPTR FM NORMAL: 2.1 DPTR FM NORMAL: -0.35 2 = FOG REDUCING VISIBILITY
HIGHEST: 102 ON 31 GRTST 24HR 0.00 ON 1- 1 TO 1/4 MILE OR LESS
LOWEST: 43 ON 22 3 = THUNDER
SNOW, ICE PELLETS, HAIL 4 = ICE PELLETS
TOTAL MONTH: 0.0 INCH 5 = HAIL
GRTST 24HR 0.0 6 = FREEZING RAIN OR DRIZZLE
GRTST DEPTH: 0 7 = DUSTSTORM OR SANDSTORM:
VSBY 1/2 MILE OR LESS
8 = SMOKE OR HAZE
[NO. OF DAYS WITH] [WEATHER - DAYS WITH] 9 = BLOWING SNOW
X = TORNADO
MAX 32 OR BELOW: 0 0.01 INCH OR MORE: 0
MAX 90 OR ABOVE: 15 0.10 INCH OR MORE: 0
MIN 32 OR BELOW: 0 0.50 INCH OR MORE: 0
MIN 0 OR BELOW: 0 1.00 INCH OR MORE: 0
[HDD (BASE 65) ]
TOTAL THIS MO. 11 CLEAR (SCALE 0-3) 31
DPTR FM NORMAL -21 PTCLDY (SCALE 4-7) 0
TOTAL FM JUL 1 2206 CLOUDY (SCALE 8-10) 0
DPTR FM NORMAL -211
[CDD (BASE 65) ]
TOTAL THIS MO. 213
DPTR FM NORMAL 51 [PRESSURE DATA]
TOTAL FM JAN 1 238 HIGHEST SLP 30.13 ON 24
DPTR FM NORMAL 31 LOWEST SLP 29.74 ON 14
[REMARKS]
#FINAL-05-21#