000
CXUS56 KHNX 011146
CF6HJO
PRELIMINARY LOCAL CLIMATOLOGICAL DATA (WS FORM: F-6)
STATION: HANFORD CA AIRPORT
MONTH: NOVEMBER
YEAR: 2020
LATITUDE: 36 19 N
LONGITUDE: 119 38 W
TEMPERATURE IN F: :PCPN: SNOW: WIND :SUNSHINE: SKY :PK WND
================================================================================
1 2 3 4 5 6A 6B 7 8 9 10 11 12 13 14 15 16 17 18
12Z AVG MX 2MIN
DY MAX MIN AVG DEP HDD CDD WTR SNW DPTH SPD SPD DIR MIN PSBL S-S WX SPD DR
================================================================================
1 83 45 64 6 1 0 0.00 0.0 0 1.5 7 330 M M 0 18 9 320
2 82 47 65 8 0 0 0.00 0.0 0 1.6 5 70 M M 0 18 M M
3 81 43 62 5 3 0 0.00 0.0 0 1.9 8 330 M M 9 18 10 340
4 80 42 61 5 4 0 0.00 0.0 0 1.2 9 320 M M 3 18 12 320
5 77 43 60 4 5 0 0.00 0.0 0 1.8 7 120 M M 0 18 7 110
6 68 45 57 1 8 0 T 0.0 0 8.0 26 330 M M 4 18 32 330
7 54 42 48 -7 17 0 0.09 0.0 0 5.5 17 310 M M 9 1 23 320
8 59 35 47 -8 18 0 T 0.0 0 6.2 22 310 M M 4 27 300
9 57 30 44 -10 21 0 0.00 0.0 0 1.6 9 320 M M 0 1 11 320
10 60 30 45 -9 20 0 0.00 0.0 0 1.7 7 340 M M 0 18 9 330
11 60 31 46 -8 19 0 0.00 0.0 0 1.5 7 310 M M 0 18 9 110
12 66 37 52 -1 13 0 0.00 0.0 0 1.3 6 180 M M 1 18 10 360
13 68 34 51 -2 14 0 0.00 0.0 0 1.7 7 150 M M 3 18 9 80
14 68 46 57 5 8 0 0.00 0.0 0 5.9 13 320 M M 0 18 15 320
15 68 40 54 2 11 0 0.00 0.0 0 1.1 8 320 M M 3 128 9 320
16 72 37 55 3 10 0 0.00 0.0 0 1.7 8 60 M M 2 128 11 130
17 79 43 61 10 4 0 0.00 0.0 0 2.1 9 150 M M 0 8 12 140
18 70 48 59 8 6 0 0.04 0.0 0 3.8 9 320 M M 3 1 12 320
19 67 42 55 5 10 0 0.00 0.0 0 5.8 16 320 M M 0 18 20 330
20 60 38 49 -1 16 0 0.00 0.0 0 0.7 8 320 M M 0 12 9 330
21 62 37 50 0 15 0 0.00 0.0 0 1.3 7 330 M M 4 128 10 320
22 66 35 51 1 14 0 0.00 0.0 0 1.9 8 300 M M 1 128 10 270
23 65 36 51 2 14 0 0.00 0.0 0 3.1 13 330 M M 0 128 16 340
24 66 35 51 2 14 0 0.00 0.0 0 1.3 6 80 M M 0 18 8 330
25 65 34 50 2 15 0 0.00 0.0 0 5.8 14 320 M M 0 18 17 320
26 62 33 48 0 17 0 0.00 0.0 0 2.7 8 320 M M 0 18 M M
27 65 30 48 0 17 0 0.00 0.0 0 0.9 7 70 M M 0 18 8 70
28 66 30 48 0 17 0 0.00 0.0 0 2.2 7 290 M M 0 18 9 310
29 66 28 47 0 18 0 0.00 0.0 0 1.1 7 60 M M 0 18 8 310
30 66 30 48 1 17 0 0.00 0.0 0 1.6 7 320 M M 0 18 11 330
================================================================================
SM 2028 1126 366 0 0.13 0.0 78.5 M 46
================================================================================
AV 67.6 37.5 2.6 FASTST M M 2 MAX(MPH)
MISC ----> # 26 330 # 32 330
================================================================================
NOTES:
# LAST OF SEVERAL OCCURRENCES
COLUMN 17 PEAK WIND IN M.P.H.
PRELIMINARY LOCAL CLIMATOLOGICAL DATA (WS FORM: F-6) , PAGE 2
STATION: HANFORD CA AIRPORT
MONTH: NOVEMBER
YEAR: 2020
LATITUDE: 36 19 N
LONGITUDE: 119 38 W
[TEMPERATURE DATA] [PRECIPITATION DATA] SYMBOLS USED IN COLUMN 16
AVERAGE MONTHLY: 52.6 TOTAL FOR MONTH: 0.13 1 = FOG OR MIST
DPTR FM NORMAL: 0.6 DPTR FM NORMAL: -0.87 2 = FOG REDUCING VISIBILITY
HIGHEST: 83 ON 1 GRTST 24HR 0.09 ON 7- 7 TO 1/4 MILE OR LESS
LOWEST: 28 ON 29 3 = THUNDER
SNOW, ICE PELLETS, HAIL 4 = ICE PELLETS
TOTAL MONTH: 0.0 INCH 5 = HAIL
GRTST 24HR 0.0 6 = FREEZING RAIN OR DRIZZLE
GRTST DEPTH: 0 7 = DUSTSTORM OR SANDSTORM:
VSBY 1/2 MILE OR LESS
8 = SMOKE OR HAZE
[NO. OF DAYS WITH] [WEATHER - DAYS WITH] 9 = BLOWING SNOW
X = TORNADO
MAX 32 OR BELOW: 0 0.01 INCH OR MORE: 2
MAX 90 OR ABOVE: 0 0.10 INCH OR MORE: 0
MIN 32 OR BELOW: 7 0.50 INCH OR MORE: 0
MIN 0 OR BELOW: 0 1.00 INCH OR MORE: 0
[HDD (BASE 65) ]
TOTAL THIS MO. 366 CLEAR (SCALE 0-3) 23
DPTR FM NORMAL -26 PTCLDY (SCALE 4-7) 5
TOTAL FM JUL 1 411 CLOUDY (SCALE 8-10) 2
DPTR FM NORMAL -86
[CDD (BASE 65) ]
TOTAL THIS MO. 0
DPTR FM NORMAL -1 [PRESSURE DATA]
TOTAL FM JAN 1 2244 HIGHEST SLP 30.34 ON 15
DPTR FM NORMAL 601 LOWEST SLP 29.66 ON 7
[REMARKS]
#FINAL-11-20#