000
CXUS56 KHNX 010833
CLMHJO
CLIMATE REPORT
NATIONAL WEATHER SERVICE
133 AM PDT MON MAY 01 2023
...................................
...THE HANFORD CA AIRPORT CLIMATE SUMMARY FOR THE MONTH OF APRIL 2023...
CLIMATE NORMAL PERIOD 1991 TO 2020
CLIMATE RECORD PERIOD 1898 TO 2023
WEATHER OBSERVED NORMAL DEPART LAST YEAR`S
VALUE DATE(S) VALUE FROM VALUE DATE(S)
NORMAL
................................................................
TEMPERATURE (F)
RECORD
HIGH 100 04/25/1910
LOW 25 04/01/1906
HIGHEST 96 04/28 MM 95 04/08
LOWEST 33 04/04 MM 41 04/12
04/05
04/13
04/14
MEAN 62.4 61.8 0.6
DAYS MAX >= 90 4 2.5 1.5 2
DAYS MIN <= 32 0 0.0 0.0 0
PRECIPITATION (INCHES)
RECORD
MAXIMUM 3.00 2006
MINIMUM 0.00 1997
TOTALS T 0.72 -0.72
DAYS >= .01 0 4.5 -4.5 2
DAYS >= .10 0 2.2 -2.2 2
DAYS >= .50 0 0.5 -0.5 0
DAYS >= 1.00 0 0.0 0.0 0
SNOWFALL (INCHES)
RECORDS
TOTAL MM MM
TOTALS 0.0 MM
DEGREE DAYS
HEATING TOTAL 131 137 -6 83
SINCE 7/1 2518 2385 133 MM
COOLING TOTAL 60 39 21 27
SINCE 1/1 60 45 15 MM
................................................................
WIND (MPH)
AVERAGE WIND SPEED 6.9
HIGHEST WIND SPEED/DIRECTION 30/310 DATE 04/03
HIGHEST GUST SPEED/DIRECTION 39/320 DATE 04/03
AVERAGE RH (PERCENT) 57
WEATHER CONDITIONS. NUMBER OF DAYS WITH
THUNDERSTORM 0 RAIN 0
HAIL 0 FOG 7
FOG W/VIS <= 1/4 MILE 0 HAZE 3
- INDICATES NEGATIVE NUMBERS.
R INDICATES RECORD WAS SET OR TIED.
MM INDICATES DATA IS MISSING.
T INDICATES TRACE AMOUNT.
$$