000
CXUS54 KMAF 011110
CF6HOB
PRELIMINARY LOCAL CLIMATOLOGICAL DATA (WS FORM: F-6)
STATION: LEA AIRPORT, HOBBS
MONTH: JULY
YEAR: 2023
LATITUDE: 32 40 N
LONGITUDE: 103-12 E
TEMPERATURE IN F: :PCPN: SNOW: WIND :SUNSHINE: SKY :PK WND
================================================================================
1 2 3 4 5 6A 6B 7 8 9 10 11 12 13 14 15 16 17 18
12Z AVG MX 2MIN
DY MAX MIN AVG DEP HDD CDD WTR SNW DPTH SPD SPD DIR MIN PSBL S-S WX SPD DR
================================================================================
1 91 68 80 M 0 15 0.34 M M 11.7 26 160 M M 6 3 41 160
2 90 64 77 M 0 12 0.00 M M 7.6 23 360 M M 2 33 90
3 91 64 78 M 0 13 0.38 M M 8.2 23 120 M M 3 3 40 360
4 91 64 78 M 0 13 0.00 M M 6.6 13 180 M M 1 17 150
5 95 70 83 M 0 18 0.00 M M 9.9 16 120 M M 0 26 120
6 93 72 83 M 0 18 0.00 M M 12.6 16 150 M M 2 23 120
7 97 72 85 M 0 20 0.00 M M 12.9 21 140 M M 1 30 120
8 95 72 84 M 0 19 0.00 M M 12.8 21 160 M M 2 29 40
9 97 72 85 M 0 20 0.00 M M 11.3 21 70 M M 0 25 170
10 100 70 85 M 0 20 0.00 M M 11.4 21 360 M M 3 3 40 90
11 102 73 88 M 0 23 0.00 M M 10.1 16 170 M M 2 25 180
12 106 77 92 M 0 27 0.00 M M 10.9 22 250 M M 1 35 300
13 104 79 92 M 0 27 0.00 M M 8.1 20 310 M M 2 26 180
14 104 81 93 M 0 28 0.00 M M 11.0 17 160 M M 1 22 130
15 99 77 88 M 0 23 0.00 M M 11.9 20 110 M M 2 25 110
16 97 70 84 M 0 19 0.00 M M 10.3 22 30 M M 1 32 30
17 102 72 87 M 0 22 0.00 M M 11.0 17 170 M M 0 29 160
18 106 72 89 M 0 24 0.00 M M 12.6 18 160 M M 0 25 170
19 106 72 89 M 0 24 0.00 M M 12.1 17 170 M M 0 22 140
20 100 73 87 M 0 22 0.00 M M 10.2 14 140 M M 0 20 100
21 99 73 86 M 0 21 0.00 M M 13.7 24 70 M M 0 30 90
22 91 72 82 M 0 17 0.00 M M 10.6 17 30 M M 2 24 30
23 99 72 86 M 0 21 0.00 M M 6.8 13 130 M M 2 16 100
24 100 75 88 M 0 23 0.00 M M 10.7 16 150 M M 0 23 190
25 99 72 86 M 0 21 0.00 M M 11.1 18 170 M M 0 31 170
26 99 70 85 M 0 20 0.00 M M 12.5 20 160 M M 0 26 160
27 99 68 84 M 0 19 0.00 M M 11.5 18 120 M M 0 26 120
28 574 72 323 M 0 258 0.00 M M 9.9 17 140 M M 1 24 160
29 97 72 85 M 0 20 0.00 M M 8.3 17 120 M M 0 22 140
30 95 68 82 M 0 17 0.00 M M 8.1 18 120 M M 1 25 170
31 97 72 85 M 0 20 0.00 M M 7.9 14 140 M M 1 21 160
================================================================================
SM 3515 2220 0 864 0.72 M 323.9 M 36
================================================================================
AV113.4 71.6 10.4 FASTST M M 1 MAX(MPH)
MISC ----> 26 160 41 160
================================================================================
NOTES:
# LAST OF SEVERAL OCCURRENCES
COLUMN 17 PEAK WIND IN M.P.H.
PRELIMINARY LOCAL CLIMATOLOGICAL DATA (WS FORM: F-6) , PAGE 2
STATION: LEA AIRPORT, HOBBS
MONTH: JULY
YEAR: 2023
LATITUDE: 32 40 N
LONGITUDE: 103-12 E
[TEMPERATURE DATA] [PRECIPITATION DATA] SYMBOLS USED IN COLUMN 16
AVERAGE MONTHLY: 92.5 TOTAL FOR MONTH: 0.72 1 = FOG OR MIST
DPTR FM NORMAL: 0.0 DPTR FM NORMAL: M 2 = FOG REDUCING VISIBILITY
HIGHEST: 574 ON 28 GRTST 24HR 0.38 ON 3- 3 TO 1/4 MILE OR LESS
LOWEST: 64 ON 4, 3 3 = THUNDER
SNOW, ICE PELLETS, HAIL 4 = ICE PELLETS
TOTAL MONTH: M 5 = HAIL
GRTST 24HR M ON M 6 = FREEZING RAIN OR DRIZZLE
GRTST DEPTH: M ON M 7 = DUSTSTORM OR SANDSTORM:
VSBY 1/2 MILE OR LESS
8 = SMOKE OR HAZE
[NO. OF DAYS WITH] [WEATHER - DAYS WITH] 9 = BLOWING SNOW
X = TORNADO
MAX 32 OR BELOW: 0 0.01 INCH OR MORE: 2
MAX 90 OR ABOVE: 31 0.10 INCH OR MORE: 2
MIN 32 OR BELOW: 0 0.50 INCH OR MORE: 0
MIN 0 OR BELOW: 0 1.00 INCH OR MORE: 0
[HDD (BASE 65) ]
TOTAL THIS MO. 0 CLEAR (SCALE 0-3) 30
DPTR FM NORMAL M PTCLDY (SCALE 4-7) 1
TOTAL FM JUL 1 0 CLOUDY (SCALE 8-10) 0
DPTR FM NORMAL M
[CDD (BASE 65) ]
TOTAL THIS MO. 864
DPTR FM NORMAL M [PRESSURE DATA]
TOTAL FM JAN 1 1722 HIGHEST SLP M ON M
DPTR FM NORMAL M LOWEST SLP M ON M
[REMARKS]
#FINAL-07-23#