000
CXUS55 KSEW 011030
CF6HQM
PRELIMINARY LOCAL CLIMATOLOGICAL DATA (WS FORM: F-6)
STATION: HOQUIAM WA AIRPORT
MONTH: FEBRUARY
YEAR: 2023
LATITUDE: 46 58 N
LONGITUDE: 123 56 W
TEMPERATURE IN F: :PCPN: SNOW: WIND :SUNSHINE: SKY :PK WND
================================================================================
1 2 3 4 5 6A 6B 7 8 9 10 11 12 13 14 15 16 17 18
12Z AVG MX 2MIN
DY MAX MIN AVG DEP HDD CDD WTR SNW DPTH SPD SPD DIR MIN PSBL S-S WX SPD DR
================================================================================
1 52 37 45 2 20 0 0.00 M M 5.9 12 100 M M 5 14 90
2 50 32 41 -2 24 0 0.00 M M 9.7 15 100 M M 2 18 19 90
3 50 42 46 3 19 0 0.63 M M 16.9 36 210 M M 8 1 57 180
4 51 46 49 6 16 0 0.18 M M 11.5 20 80 M M 9 1 27 80
5 49 45 47 4 18 0 0.11 M M 10.4 21 300 M M 10 18 31 290
6 51 46 49 6 16 0 0.13 M M 14.8 26 190 M M 10 1 38 170
7 52 44 48 5 17 0 0.93 M M 17.3 43 190 M M 9 13 58 180
8 51 41 46 3 19 0 0.05 M M 7.1 21 260 M M 8 29 290
9 55 45 50 7 15 0 0.20 M M 12.8 31 210 M M 8 1 52 170
10 52 41 47 4 18 0 0.03 M M 6.4 16 290 M M 3 1 21 210
11 50 35 43 0 22 0 0.00 M M 2.5 9 330 M M 5 12 320
12 50 33 42 -1 23 0 T M M 8.1 21 260 M M 7 18 27 270
13 48 40 44 1 21 0 0.04 M M 16.8 35 330 M M 9 1 48 340
14 45 32 39 -5 26 0 0.01 M M 4.1 16 250 M M 3 1 22 310
15 47 29 38 -6 27 0 0.00 M M 5.6 12 100 M M 3 14 90
16 47 36 42 -2 23 0 0.05 M M 6.1 17 210 M M 9 21 220
17 50 43 47 3 18 0 0.19 M M 6.6 16 190 M M 7 1 20 190
18 50 40 45 1 20 0 0.07 M M 7.9 18 300 M M 8 18 27 310
19 50 41 46 2 19 0 T M M 11.1 18 300 M M 8 18 26 270
20 49 45 47 3 18 0 0.20 M M 18.0 31 290 M M 10 1 45 250
21 47 38 43 -1 22 0 0.14 M M 15.2 32 290 M M 9 46 290
22 42 33 38 -6 27 0 T M M 12.7 23 80 M M 9 1 32 80
23 37 28 33 -11 32 0 T M M 19.2 31 80 M M 5 1 49 80
24 44 27 36 -8 29 0 0.00 M M 9.0 21 80 M M 0 27 70
25 44 25 35 -9 30 0 0.19 M M 6.6 13 220 M M 3 1 16 140
26 46 34 40 -4 25 0 0.43 M M 12.0 26 250 M M 7 1 38 240
27 42 34 38 -6 27 0 M M M 10.2 18 80 M M 8 1 26 80
28 44 31 38 -6 27 0 0.07 M M 6.5 22 300 M M 4 1 32 300
================================================================================
SM 1345 1043 618 0 3.65 M 291.0 M 186
================================================================================
AV 48.0 37.3 10.4 FASTST M M 7 MAX(MPH)
MISC ----> 43 190 58 180
================================================================================
NOTES:
# LAST OF SEVERAL OCCURRENCES
COLUMN 17 PEAK WIND IN M.P.H.
PRELIMINARY LOCAL CLIMATOLOGICAL DATA (WS FORM: F-6) , PAGE 2
STATION: HOQUIAM WA AIRPORT
MONTH: FEBRUARY
YEAR: 2023
LATITUDE: 46 58 N
LONGITUDE: 123 56 W
[TEMPERATURE DATA] [PRECIPITATION DATA] SYMBOLS USED IN COLUMN 16
AVERAGE MONTHLY: 42.6 TOTAL FOR MONTH: 3.65 1 = FOG OR MIST
DPTR FM NORMAL: -1.0 DPTR FM NORMAL: -3.00 2 = FOG REDUCING VISIBILITY
HIGHEST: 55 ON 9 GRTST 24HR 1.01 ON 6- 7 TO 1/4 MILE OR LESS
LOWEST: 25 ON 25 3 = THUNDER
SNOW, ICE PELLETS, HAIL 4 = ICE PELLETS
TOTAL MONTH: M 5 = HAIL
GRTST 24HR M ON M 6 = FREEZING RAIN OR DRIZZLE
GRTST DEPTH: M ON M 7 = DUSTSTORM OR SANDSTORM:
VSBY 1/2 MILE OR LESS
8 = SMOKE OR HAZE
[NO. OF DAYS WITH] [WEATHER - DAYS WITH] 9 = BLOWING SNOW
X = TORNADO
MAX 32 OR BELOW: 0 0.01 INCH OR MORE: 18
MAX 90 OR ABOVE: 0 0.10 INCH OR MORE: 11
MIN 32 OR BELOW: 7 0.50 INCH OR MORE: 2
MIN 0 OR BELOW: 0 1.00 INCH OR MORE: 0
[HDD (BASE 65) ]
TOTAL THIS MO. 618 CLEAR (SCALE 0-3) 3
DPTR FM NORMAL 19 PTCLDY (SCALE 4-7) 12
TOTAL FM JUL 1 2758 CLOUDY (SCALE 8-10) 13
DPTR FM NORMAL -674
[CDD (BASE 65) ]
TOTAL THIS MO. 0
DPTR FM NORMAL 0 [PRESSURE DATA]
TOTAL FM JAN 1 0 HIGHEST SLP 30.51 ON 8
DPTR FM NORMAL 0 LOWEST SLP 29.35 ON 27
[REMARKS]
#FINAL-02-23#