000
CXUS54 KBRO 010800
CF6HRL
PRELIMINARY LOCAL CLIMATOLOGICAL DATA (WS FORM: F-6)
STATION: HARLINGEN
MONTH: OCTOBER
YEAR: 2022
LATITUDE: 26 13 N
LONGITUDE: 97 40 W
TEMPERATURE IN F: :PCPN: SNOW: WIND :SUNSHINE: SKY :PK WND
================================================================================
1 2 3 4 5 6A 6B 7 8 9 10 11 12 13 14 15 16 17 18
12Z AVG MX 2MIN
DY MAX MIN AVG DEP HDD CDD WTR SNW DPTH SPD SPD DIR MIN PSBL S-S WX SPD DR
================================================================================
1 88 65 77 -3 0 12 0.00 0.0 0 5.8 17 70 M M 1 1 23 60
2 90 62 76 -4 0 11 0.00 0.0 0 5.7 18 90 M M 3 23 50
3 91 64 78 -2 0 13 0.00 0.0 0 5.8 15 50 M M 0 23 70
4 88 69 79 0 0 14 0.00 0.0 0 4.6 14 80 M M 3 18 80
5 91 64 78 -1 0 13 0.00 0.0 0 4.7 16 100 M M 1 22 70
6 91 67 79 0 0 14 0.00 0.0 0 5.8 16 80 M M 1 21 80
7 85 71 78 -1 0 13 T 0.0 0 7.8 18 80 M M 4 24 60
8 90 69 80 1 0 15 0.00 0.0 0 M M M M M 2 M M
9 91 69 80 2 0 15 0.00 0.0 0 M M M M M 4 1 M M
10 91 63 77 -1 0 12 0.00 0.0 0 M M M M M 1 M M
11 91 67 79 1 0 14 0.00 0.0 0 7.5 18 90 M M 3 27 100
12 94 70 82 4 0 17 0.00 0.0 0 7.0 17 80 M M 2 1 24 100
13 96 70 83 5 0 18 0.01 0.0 0 7.0 18 100 M M 1 26 110
14 92 70 81 4 0 16 0.08 0.0 0 7.3 18 90 M M 4 26 80
15 95 69 82 5 0 17 0.00 0.0 0 9.9 23 130 M M 3 29 120
16 96 69 83 6 0 18 0.00 0.0 0 10.2 23 120 M M 1 30 130
17 94 71 83 6 0 18 T 0.0 0 13.7 30 40 M M 5 1 38 40
18 71 51 61 -15 4 0 0.05 0.0 0 14.5 31 330 M M 8 1 39 330
19 80 50 65 -11 0 0 0.00 0.0 0 9.9 20 360 M M 0 25 10
20 84 48 66 -10 0 1 0.00 0.0 0 6.1 22 110 M M 0 28 130
21 88 55 72 -4 0 7 0.00 0.0 0 9.0 22 130 M M 1 34 140
22 90 61 76 1 0 11 0.00 0.0 0 12.5 25 130 M M 4 35 130
23 92 67 80 5 0 15 0.00 0.0 0 17.1 31 160 M M 2 40 180
24 91 78 85 10 0 20 0.00 0.0 0 18.8 31 170 M M 6 39 190
25 84 59 72 -2 0 7 T 0.0 0 11.3 31 340 M M 3 1 44 340
26 84 56 70 -4 0 5 0.00 0.0 0 7.8 18 70 M M 4 27 60
27 84 61 73 -1 0 8 0.01 0.0 0 10.0 21 120 M M 5 25 120
28 91 61 76 3 0 11 T 0.0 0 13.2 32 320 M M 4 1 40 320
29 83 52 68 -5 0 3 T 0.0 0 7.6 20 310 M M 0 27 300
30 84 52 68 -5 0 3 0.00 0.0 0 5.4 16 110 M M 3 23 90
31 80 66 73 1 0 8 0.07 0.0 0 10.3 23 120 M M 10 13 29 120
================================================================================
SM 2740 1966 4 349 0.22 0.0 256.3 M 89
================================================================================
AV 88.4 63.4 9.2 FASTST M M 3 MAX(MPH)
MISC ----> 32 320 44 340
================================================================================
NOTES:
# LAST OF SEVERAL OCCURRENCES
COLUMN 17 PEAK WIND IN M.P.H.
PRELIMINARY LOCAL CLIMATOLOGICAL DATA (WS FORM: F-6) , PAGE 2
STATION: HARLINGEN
MONTH: OCTOBER
YEAR: 2022
LATITUDE: 26 13 N
LONGITUDE: 97 40 W
[TEMPERATURE DATA] [PRECIPITATION DATA] SYMBOLS USED IN COLUMN 16
AVERAGE MONTHLY: 75.9 TOTAL FOR MONTH: 0.22 1 = FOG OR MIST
DPTR FM NORMAL: -0.7 DPTR FM NORMAL: -2.49 2 = FOG REDUCING VISIBILITY
HIGHEST: 96 ON 16,13 GRTST 24HR 0.09 ON 13-14 TO 1/4 MILE OR LESS
LOWEST: 48 ON 20 3 = THUNDER
SNOW, ICE PELLETS, HAIL 4 = ICE PELLETS
TOTAL MONTH: 0.0 INCH 5 = HAIL
GRTST 24HR 0.0 6 = FREEZING RAIN OR DRIZZLE
GRTST DEPTH: 0 7 = DUSTSTORM OR SANDSTORM:
VSBY 1/2 MILE OR LESS
8 = SMOKE OR HAZE
[NO. OF DAYS WITH] [WEATHER - DAYS WITH] 9 = BLOWING SNOW
X = TORNADO
MAX 32 OR BELOW: 0 0.01 INCH OR MORE: 5
MAX 90 OR ABOVE: 18 0.10 INCH OR MORE: 0
MIN 32 OR BELOW: 0 0.50 INCH OR MORE: 0
MIN 0 OR BELOW: 0 1.00 INCH OR MORE: 0
[HDD (BASE 65) ]
TOTAL THIS MO. 4 CLEAR (SCALE 0-3) 19
DPTR FM NORMAL -1 PTCLDY (SCALE 4-7) 10
TOTAL FM JUL 1 4 CLOUDY (SCALE 8-10) 2
DPTR FM NORMAL 4
[CDD (BASE 65) ]
TOTAL THIS MO. 349
DPTR FM NORMAL -15 [PRESSURE DATA]
TOTAL FM JAN 1 4035 HIGHEST SLP M ON M
DPTR FM NORMAL 61 LOWEST SLP 29.67 ON 24
[REMARKS]
#FINAL-10-22#