000
CXUS54 KBRO 010900
CF6HRL
PRELIMINARY LOCAL CLIMATOLOGICAL DATA (WS FORM: F-6)
STATION: HARLINGEN
MONTH: MAY
YEAR: 2020
LATITUDE: 26 13 N
LONGITUDE: 97 40 W
TEMPERATURE IN F: :PCPN: SNOW: WIND :SUNSHINE: SKY :PK WND
================================================================================
1 2 3 4 5 6A 6B 7 8 9 10 11 12 13 14 15 16 17 18
12Z AVG MX 2MIN
DY MAX MIN AVG DEP HDD CDD WTR SNW DPTH SPD SPD DIR MIN PSBL S-S WX SPD DR
================================================================================
1 94 57 76 -2 0 11 0.00 0.0 0 12.4 23 140 M M 0 29 130
2 95 72 84 6 0 19 0.00 0.0 0 16.1 28 130 M M 0 33 150
3 96 64 80 1 0 15 0.00 0.0 0 11.7 24 130 M M 0 30 130
4 97 72 85 6 0 20 0.00 0.0 0 14.1 25 150 M M 4 1 38 160
5 97 76 87 8 0 22 0.00 0.0 0 11.8 24 110 M M 4 1 29 110
6 94 74 84 5 0 19 0.00 0.0 0 10.4 23 70 M M 6 1 29 50
7 93 71 82 3 0 17 0.26 0.0 0 13.0 25 140 M M 6 13 32 150
8 96 72 84 4 0 19 T 0.0 0 18.1 35 180 M M 2 3 39 180
9 83 65 74 -6 0 9 0.12 0.0 0 12.0 23 360 M M 6 13 28 30
10 89 64 77 -3 0 12 0.00 0.0 0 11.1 22 50 M M 3 26 50
11 92 67 80 0 0 15 0.00 0.0 0 13.2 25 130 M M 3 1 32 130
12 88 72 80 0 0 15 T 0.0 0 16.1 28 160 M M 6 32 160
13 94 73 84 4 0 19 T 0.0 0 14.3 26 130 M M 5 30 140
14 95 75 85 5 0 20 0.01 0.0 0 12.3 26 140 M M 6 1 36 150
15 95 78 87 6 0 22 T 0.0 0 15.9 24 140 M M 8 32 140
16 88 65 77 -4 0 12 1.12 0.0 0 9.4 37 350 M M 7 13 46 340
17 90 71 81 0 0 16 T 0.0 0 9.0 18 60 M M 2 23 50
18 95 69 82 1 0 17 0.00 0.0 0 9.3 24 110 M M 0 1 27 110
19 98 71 85 4 0 20 T 0.0 0 15.5 24 170 M M 1 31 160
20 95 78 87 6 0 22 0.00 0.0 0 18.4 28 170 M M 5 34 160
21 94 77 86 4 0 21 T 0.0 0 11.0 33 170 M M 6 1 38 170
22 96 75 86 4 0 21 0.00 0.0 0 15.0 26 140 M M 5 1 33 150
23 95 79 87 5 0 22 0.00 0.0 0 16.1 25 130 M M 6 32 130
24 94 70 82 0 0 17 0.24 0.0 0 16.0 30 280 M M 5 13 38 280
25 92 69 81 -1 0 16 0.45 0.0 0 13.4 37 30 M M 4 13 47 30
26 86 73 80 -2 0 15 0.13 0.0 0 8.1 25 120 M M 5 3 32 90
27 95 68 82 0 0 17 0.00 0.0 0 8.1 22 150 M M 0 1 26 150
28 96 76 86 4 0 21 T 0.0 0 12.3 23 170 M M 2 28 170
29 84 71 78 -4 0 13 0.39 0.0 0 7.2 26 300 M M 3 138 31 300
30 88 72 80 -3 0 15 0.12 0.0 0 5.6 15 70 M M 1 1 19 50
31 85 72 79 -4 0 14 0.16 0.0 0 7.4 17 80 M M 3 1 20 80
================================================================================
SM 2869 2208 0 533 3.00 0.0 384.3 M 114
================================================================================
AV 92.6 71.2 12.4 FASTST M M 4 MAX(MPH)
MISC ----> # 37 350 # 47 30
================================================================================
NOTES:
# LAST OF SEVERAL OCCURRENCES
COLUMN 17 PEAK WIND IN M.P.H.
PRELIMINARY LOCAL CLIMATOLOGICAL DATA (WS FORM: F-6) , PAGE 2
STATION: HARLINGEN
MONTH: MAY
YEAR: 2020
LATITUDE: 26 13 N
LONGITUDE: 97 40 W
[TEMPERATURE DATA] [PRECIPITATION DATA] SYMBOLS USED IN COLUMN 16
AVERAGE MONTHLY: 81.9 TOTAL FOR MONTH: 3.00 1 = FOG OR MIST
DPTR FM NORMAL: 1.2 DPTR FM NORMAL: 0.51 2 = FOG REDUCING VISIBILITY
HIGHEST: 98 ON 19 GRTST 24HR 1.12 ON 16-16 TO 1/4 MILE OR LESS
LOWEST: 57 ON 1 3 = THUNDER
SNOW, ICE PELLETS, HAIL 4 = ICE PELLETS
TOTAL MONTH: 0.0 INCH 5 = HAIL
GRTST 24HR 0.0 6 = FREEZING RAIN OR DRIZZLE
GRTST DEPTH: 0 7 = DUSTSTORM OR SANDSTORM:
VSBY 1/2 MILE OR LESS
8 = SMOKE OR HAZE
[NO. OF DAYS WITH] [WEATHER - DAYS WITH] 9 = BLOWING SNOW
X = TORNADO
MAX 32 OR BELOW: 0 0.01 INCH OR MORE: 10
MAX 90 OR ABOVE: 23 0.10 INCH OR MORE: 9
MIN 32 OR BELOW: 0 0.50 INCH OR MORE: 1
MIN 0 OR BELOW: 0 1.00 INCH OR MORE: 1
[HDD (BASE 65) ]
TOTAL THIS MO. 0 CLEAR (SCALE 0-3) 14
DPTR FM NORMAL 0 PTCLDY (SCALE 4-7) 17
TOTAL FM JUL 1 446 CLOUDY (SCALE 8-10) 0
DPTR FM NORMAL -176
[CDD (BASE 65) ]
TOTAL THIS MO. 533
DPTR FM NORMAL 46 [PRESSURE DATA]
TOTAL FM JAN 1 1501 HIGHEST SLP 30.14 ON 11
DPTR FM NORMAL 400 LOWEST SLP 29.64 ON 25
[REMARKS]
#FINAL-05-20#