000
CXUS54 KBRO 010900
CF6HRL
PRELIMINARY LOCAL CLIMATOLOGICAL DATA (WS FORM: F-6)
STATION: HARLINGEN
MONTH: MARCH
YEAR: 2020
LATITUDE: 26 13 N
LONGITUDE: 97 40 W
TEMPERATURE IN F: :PCPN: SNOW: WIND :SUNSHINE: SKY :PK WND
================================================================================
1 2 3 4 5 6A 6B 7 8 9 10 11 12 13 14 15 16 17 18
12Z AVG MX 2MIN
DY MAX MIN AVG DEP HDD CDD WTR SNW DPTH SPD SPD DIR MIN PSBL S-S WX SPD DR
================================================================================
1 85 64 75 9 0 10 0.00 0.0 0 20.4 38 170 M M 2 46 180
2 89 66 78 12 0 13 0.00 0.0 0 13.7 23 180 M M 4 1 27 130
3 80 65 73 7 0 8 T 0.0 0 8.7 18 90 M M 10 1 22 90
4 82 56 69 3 0 4 T 0.0 0 13.1 33 330 M M 5 18 41 330
5 76 57 67 0 0 2 0.00 0.0 0 11.8 25 330 M M 1 31 360
6 78 45 62 -5 3 0 0.00 0.0 0 9.0 20 70 M M 0 26 50
7 75 52 64 -3 1 0 0.00 0.0 0 8.1 20 120 M M 1 24 110
8 82 53 68 1 0 3 0.00 0.0 0 12.6 26 120 M M 2 32 120
9 78 66 72 4 0 7 T 0.0 0 12.5 24 170 M M 8 36 180
10 76 66 71 3 0 6 0.06 0.0 0 9.5 17 130 M M 8 22 120
11 89 62 76 8 0 11 0.00 0.0 0 10.9 21 150 M M 4 12 29 140
12 86 69 78 10 0 13 0.00 0.0 0 16.6 24 160 M M 4 30 160
13 86 71 79 11 0 14 0.00 0.0 0 19.6 31 140 M M 7 36 140
14 88 72 80 12 0 15 0.00 0.0 0 17.4 25 150 M M 4 32 160
15 89 72 81 12 0 16 0.00 0.0 0 13.3 22 140 M M 7 32 130
16 84 72 78 9 0 13 T 0.0 0 12.7 23 150 M M 6 1 28 150
17 90 68 79 10 0 14 0.00 0.0 0 15.6 28 140 M M 3 1 35 160
18 90 70 80 11 0 15 0.00 0.0 0 18.0 30 160 M M 4 1 39 160
19 91 73 82 12 0 17 0.00 0.0 0 24.7 37 170 M M 4 42 160
20 88 70 79 9 0 14 0.01 0.0 0 11.9 29 140 M M 7 1 33 140
21 76 60 68 -2 0 3 0.13 0.0 0 10.6 29 30 M M 9 13 33 30
22 90 59 75 5 0 10 T 0.0 0 9.1 24 150 M M 8 12 30 150
23 91 68 80 10 0 15 0.00 0.0 0 15.8 29 150 M M 4 12 35 150
24 95 70 83 12 0 18 0.00 0.0 0 15.5 30 190 M M 2 37 190
25 95 67 81 10 0 16 0.00 0.0 0 11.8 22 140 M M 3 1 31 140
26 97 68 83 12 0 18 0.00 0.0 0 18.6 32 160 M M 3 1 41 170
27 94 73 84 13 0 19 0.00 0.0 0 20.9 36 160 M M 1 43 160
28 94 70 82 10 0 17 0.00 0.0 0 12.9 25 150 M M 6 31 160
29 88 70 79 7 0 14 0.04 0.0 0 10.4 24 80 M M 8 1 28 70
30 90 70 80 8 0 15 T 0.0 0 10.5 24 140 M M 6 1 30 170
31 96 64 80 8 0 15 0.00 0.0 0 10.5 23 60 M M 1 1 29 50
================================================================================
SM 2688 2028 4 355 0.24 0.0 426.7 M 142
================================================================================
AV 86.7 65.4 13.8 FASTST M M 5 MAX(MPH)
MISC ----> # 38 170 # 46 180
================================================================================
NOTES:
# LAST OF SEVERAL OCCURRENCES
COLUMN 17 PEAK WIND IN M.P.H.
PRELIMINARY LOCAL CLIMATOLOGICAL DATA (WS FORM: F-6) , PAGE 2
STATION: HARLINGEN
MONTH: MARCH
YEAR: 2020
LATITUDE: 26 13 N
LONGITUDE: 97 40 W
[TEMPERATURE DATA] [PRECIPITATION DATA] SYMBOLS USED IN COLUMN 16
AVERAGE MONTHLY: 76.1 TOTAL FOR MONTH: 0.24 1 = FOG OR MIST
DPTR FM NORMAL: 7.1 DPTR FM NORMAL: -1.05 2 = FOG REDUCING VISIBILITY
HIGHEST: 97 ON 26 GRTST 24HR 0.13 ON 21-21 TO 1/4 MILE OR LESS
LOWEST: 45 ON 6 3 = THUNDER
SNOW, ICE PELLETS, HAIL 4 = ICE PELLETS
TOTAL MONTH: 0.0 INCH 5 = HAIL
GRTST 24HR 0.0 6 = FREEZING RAIN OR DRIZZLE
GRTST DEPTH: 0 7 = DUSTSTORM OR SANDSTORM:
VSBY 1/2 MILE OR LESS
8 = SMOKE OR HAZE
[NO. OF DAYS WITH] [WEATHER - DAYS WITH] 9 = BLOWING SNOW
X = TORNADO
MAX 32 OR BELOW: 0 0.01 INCH OR MORE: 4
MAX 90 OR ABOVE: 12 0.10 INCH OR MORE: 1
MIN 32 OR BELOW: 0 0.50 INCH OR MORE: 0
MIN 0 OR BELOW: 0 1.00 INCH OR MORE: 0
[HDD (BASE 65) ]
TOTAL THIS MO. 4 CLEAR (SCALE 0-3) 10
DPTR FM NORMAL -42 PTCLDY (SCALE 4-7) 16
TOTAL FM JUL 1 446 CLOUDY (SCALE 8-10) 5
DPTR FM NORMAL -168
[CDD (BASE 65) ]
TOTAL THIS MO. 355
DPTR FM NORMAL 185 [PRESSURE DATA]
TOTAL FM JAN 1 562 HIGHEST SLP 30.46 ON 6
DPTR FM NORMAL 267 LOWEST SLP 29.61 ON 4
[REMARKS]
#FINAL-03-20#