000
CXUS54 KLZK 030847
CF6HRO
PRELIMINARY LOCAL CLIMATOLOGICAL DATA (WS FORM: F-6)
STATION: HARRISON
MONTH: JUNE
YEAR: 2023
LATITUDE: 36 15 N
LONGITUDE: 93 9 W
TEMPERATURE IN F: :PCPN: SNOW: WIND :SUNSHINE: SKY :PK WND
================================================================================
1 2 3 4 5 6A 6B 7 8 9 10 11 12 13 14 15 16 17 18
12Z AVG MX 2MIN
DY MAX MIN AVG DEP HDD CDD WTR SNW DPTH SPD SPD DIR MIN PSBL S-S WX SPD DR
================================================================================
1 84 61 73 2 0 8 0.00 0.0 0 M M M M M M M M
2 86 60 73 2 0 8 0.00 0.0 0 M M M M M M M M
3 87 63 75 4 0 10 0.00 0.0 0 M M M M M M M M
4 86 64 75 3 0 10 0.00 0.0 0 2.5 10 90 M M 1 14 90
5 89 60 75 3 0 10 0.00 0.0 0 3.6 18 30 M M 1 3 23 30
6 85 59 72 0 0 7 0.00 0.0 0 3.0 10 60 M M 0 13 60
7 88 55 72 0 0 7 0.00 0.0 0 4.3 10 10 M M 0 16 350
8 88 64 76 3 0 11 2.61 T 0 3.6 21 250 M M 3 1358 35 260
9 79 65 72 -1 0 7 0.39 0.0 0 7.2 16 110 M M 7 13 24 320
10 79 65 72 -1 0 7 0.24 0.0 0 4.3 15 140 M M 3 123 20 140
11 84 61 73 -1 0 8 0.15 0.0 0 7.6 15 340 M M 5 13 24 280
12 75 57 66 -8 0 1 0.00 0.0 0 4.2 10 10 M M 3 1 14 360
13 81 57 69 -5 0 4 T 0.0 0 2.0 9 80 M M 5 12 320
14 83 62 73 -1 0 8 0.64 0.0 0 4.5 20 80 M M 4 13 32 310
15 84 60 72 -2 0 7 0.00 0.0 0 1.9 8 330 M M 1 12 290
16 79 63 71 -4 0 6 0.02 0.0 0 2.9 10 320 M M 3 3 14 350
17 86 60 73 -2 0 8 0.00 0.0 0 4.6 15 140 M M 2 12 20 140
18 80 64 72 -3 0 7 0.22 0.0 0 8.2 23 260 M M 3 13 36 250
19 87 62 75 0 0 10 0.00 0.0 0 3.8 12 300 M M 1 16 340
20 87 63 75 -1 0 10 0.00 0.0 0 4.0 12 110 M M 0 1 18 80
21 88 62 75 -1 0 10 0.00 0.0 0 3.6 10 60 M M 1 20 20
22 85 65 75 -1 0 10 0.00 0.0 0 4.1 12 60 M M 2 16 50
23 88 63 76 0 0 11 0.00 0.0 0 3.4 9 160 M M 1 14 220
24 91 67 79 3 0 14 0.00 0.0 0 6.6 17 170 M M 0 24 160
25 95 72 84 8 0 19 0.00 0.0 0 4.5 14 330 M M 1 19 320
26 88 62 75 -2 0 10 0.00 0.0 0 6.0 13 310 M M 0 18 340
27 83 58 71 -6 0 6 T 0.0 0 4.5 16 140 M M 0 21 140
28 96 68 82 5 0 17 0.12 0.0 0 8.3 18 170 M M 0 3 25 160
29 99 73 86 9 0 21 0.00 0.0 0 6.2 18 260 M M 0 25 280
30 97 76 87 10 0 22 0.00 0.0 0 4.9 13 240 M M 1 20 290
================================================================================
SM 2587 1891 0 294 4.39 T 124.3 M 48
================================================================================
AV 86.2 63.0 4.6 FASTST M M 2 MAX(MPH)
MISC ----> 23 260 36 250
================================================================================
NOTES:
# LAST OF SEVERAL OCCURRENCES
COLUMN 17 PEAK WIND IN M.P.H.
PRELIMINARY LOCAL CLIMATOLOGICAL DATA (WS FORM: F-6) , PAGE 2
STATION: HARRISON
MONTH: JUNE
YEAR: 2023
LATITUDE: 36 15 N
LONGITUDE: 93 9 W
[TEMPERATURE DATA] [PRECIPITATION DATA] SYMBOLS USED IN COLUMN 16
AVERAGE MONTHLY: 74.6 TOTAL FOR MONTH: 4.39 1 = FOG OR MIST
DPTR FM NORMAL: 0.2 DPTR FM NORMAL: 0.54 2 = FOG REDUCING VISIBILITY
HIGHEST: 99 ON 29 GRTST 24HR 3.00 ON 8- 9 TO 1/4 MILE OR LESS
LOWEST: 55 ON 7 3 = THUNDER
SNOW, ICE PELLETS, HAIL 4 = ICE PELLETS
TOTAL MONTH: T 5 = HAIL
GRTST 24HR T ON 8- 8 6 = FREEZING RAIN OR DRIZZLE
GRTST DEPTH: 0 7 = DUSTSTORM OR SANDSTORM:
VSBY 1/2 MILE OR LESS
8 = SMOKE OR HAZE
[NO. OF DAYS WITH] [WEATHER - DAYS WITH] 9 = BLOWING SNOW
X = TORNADO
MAX 32 OR BELOW: 0 0.01 INCH OR MORE: 8
MAX 90 OR ABOVE: 5 0.10 INCH OR MORE: 7
MIN 32 OR BELOW: 0 0.50 INCH OR MORE: 2
MIN 0 OR BELOW: 0 1.00 INCH OR MORE: 1
[HDD (BASE 65) ]
TOTAL THIS MO. 0 CLEAR (SCALE 0-3) 21
DPTR FM NORMAL -4 PTCLDY (SCALE 4-7) 6
TOTAL FM JUL 1 3546 CLOUDY (SCALE 8-10) 3
DPTR FM NORMAL -335
[CDD (BASE 65) ]
TOTAL THIS MO. 294
DPTR FM NORMAL 8 [PRESSURE DATA]
TOTAL FM JAN 1 444 HIGHEST SLP 30.21 ON 20
DPTR FM NORMAL 6 LOWEST SLP 29.67 ON 18
[REMARKS]
#FINAL-06-23#